{"id":5960,"date":"2016-11-16T22:58:22","date_gmt":"2016-11-16T21:58:22","guid":{"rendered":"https:\/\/krets.jagareforbundet.se\/folkarna\/?page_id=5960"},"modified":"2019-11-21T19:46:17","modified_gmt":"2019-11-21T18:46:17","slug":"algavskjutning-gaso-2016","status":"publish","type":"page","link":"https:\/\/krets.jagareforbundet.se\/folkarna\/jaktfragor\/algjakt\/algavskjutning-gaso-2016\/","title":{"rendered":"\u00c4lgavskjutning G\u00c4SO 2016"},"content":{"rendered":"<table width=\"781\">\n<tbody>\n<tr>\n<td width=\"205\">Jaktlag<\/td>\n<td width=\"64\">Areal<\/td>\n<td width=\"64\">Tilldelning<\/td>\n<td width=\"64\"><\/td>\n<td width=\"64\"><\/td>\n<td width=\"64\">Avskjutning<\/td>\n<td width=\"64\"><\/td>\n<td width=\"64\"><\/td>\n<td width=\"64\"><\/td>\n<td width=\"64\"><\/td>\n<\/tr>\n<tr>\n<td><\/td>\n<td><\/td>\n<td>Tjur<\/td>\n<td>Ko<\/td>\n<td>Kalv<\/td>\n<td>Tjur<\/td>\n<td>Ko<\/td>\n<td>Kalv<\/td>\n<td><\/td>\n<td><\/td>\n<\/tr>\n<tr>\n<td width=\"205\">Folk\u00e4rna Norra Jaktklubb<\/td>\n<td width=\"64\">1497<\/td>\n<td width=\"64\">1<\/td>\n<td width=\"64\">1<\/td>\n<td width=\"64\">2<\/td>\n<td width=\"64\">1<\/td>\n<td width=\"64\">1<\/td>\n<td width=\"64\">2<\/td>\n<td width=\"64\">100<\/td>\n<td width=\"64\">2.67<\/td>\n<\/tr>\n<tr>\n<td width=\"205\">Folk\u00e4rna \u00d6stra VVO<\/td>\n<td width=\"64\">1093<\/td>\n<td width=\"64\"><\/td>\n<td width=\"64\">1<\/td>\n<td width=\"64\">2<\/td>\n<td width=\"64\">1<\/td>\n<td width=\"64\"><\/td>\n<td width=\"64\">2<\/td>\n<td width=\"64\">100<\/td>\n<td width=\"64\">2.74<\/td>\n<\/tr>\n<tr>\n<td width=\"205\">H \u00c5str\u00f6m<\/td>\n<td width=\"64\">36<\/td>\n<td width=\"64\"><\/td>\n<td width=\"64\"><\/td>\n<td width=\"64\">1<\/td>\n<td width=\"64\"><\/td>\n<td width=\"64\"><\/td>\n<td width=\"64\"><\/td>\n<td width=\"64\"><\/td>\n<td width=\"64\"><\/td>\n<\/tr>\n<tr>\n<td width=\"205\">H\u00e4llebergets Jl<\/td>\n<td width=\"64\">29<\/td>\n<td width=\"64\"><\/td>\n<td width=\"64\"><\/td>\n<td width=\"64\"><\/td>\n<td width=\"64\"><\/td>\n<td width=\"64\"><\/td>\n<td width=\"64\"><\/td>\n<td width=\"64\"><\/td>\n<td width=\"64\"><\/td>\n<\/tr>\n<tr>\n<td width=\"205\">Kolarbo Lycka JK<\/td>\n<td width=\"64\">697<\/td>\n<td width=\"64\">1<\/td>\n<td width=\"64\"><\/td>\n<td width=\"64\">1<\/td>\n<td width=\"64\">1<\/td>\n<td width=\"64\"><\/td>\n<td width=\"64\">1<\/td>\n<td width=\"64\">100<\/td>\n<td width=\"64\">2.87<\/td>\n<\/tr>\n<tr>\n<td width=\"205\">Nickarvets Jakts\u00e4llskap<\/td>\n<td width=\"64\">404<\/td>\n<td width=\"64\"><\/td>\n<td width=\"64\"><\/td>\n<td width=\"64\">1<\/td>\n<td width=\"64\"><\/td>\n<td width=\"64\"><\/td>\n<td width=\"64\"><\/td>\n<td width=\"64\"><\/td>\n<td width=\"64\"><\/td>\n<\/tr>\n<tr>\n<td width=\"205\">Stigv\u00e4gens VVO<\/td>\n<td width=\"64\">1600<\/td>\n<td width=\"64\">1<\/td>\n<td width=\"64\">1<\/td>\n<td width=\"64\">2<\/td>\n<td width=\"64\">1<\/td>\n<td width=\"64\">1<\/td>\n<td width=\"64\">3<\/td>\n<td width=\"64\">125<\/td>\n<td width=\"64\">3.12<\/td>\n<\/tr>\n<tr>\n<td width=\"205\">Veddarsbo<\/td>\n<td width=\"64\">1013<\/td>\n<td width=\"64\">1<\/td>\n<td width=\"64\"><\/td>\n<td width=\"64\">2<\/td>\n<td width=\"64\">1<\/td>\n<td width=\"64\"><\/td>\n<td width=\"64\"><\/td>\n<td width=\"64\">33.333<\/td>\n<td width=\"64\">0.99<\/td>\n<\/tr>\n<tr>\n<td width=\"205\">\u00d6hns Jl<\/td>\n<td width=\"64\">190<\/td>\n<td width=\"64\"><\/td>\n<td width=\"64\"><\/td>\n<td width=\"64\">1<\/td>\n<td width=\"64\"><\/td>\n<td width=\"64\"><\/td>\n<td width=\"64\"><\/td>\n<td width=\"64\"><\/td>\n<td width=\"64\"><\/td>\n<\/tr>\n<tr>\n<td width=\"205\">\u00d6stanfors<\/td>\n<td>1983<\/td>\n<td>1<\/td>\n<td>2<\/td>\n<td>2<\/td>\n<td>1<\/td>\n<td>2<\/td>\n<td>4<\/td>\n<td><\/td>\n<td><\/td>\n<\/tr>\n<tr>\n<td><\/td>\n<td>8542<\/td>\n<td>5<\/td>\n<td>5<\/td>\n<td>14<\/td>\n<td>6<\/td>\n<td>4<\/td>\n<td>12<\/td>\n<td><\/td>\n<td><\/td>\n<\/tr>\n<tr>\n<td><\/td>\n<td><\/td>\n<td>10<\/td>\n<td><\/td>\n<td><\/td>\n<td>10<\/td>\n<td><\/td>\n<td><\/td>\n<td><\/td>\n<td><\/td>\n<\/tr>\n<\/tbody>\n<\/table>\n<p>Fr\u00e5n Viltdata den 2016-11-16<\/p>\n","protected":false},"excerpt":{"rendered":"<p>Jaktlag Areal Tilldelning Avskjutning Tjur Ko Kalv Tjur Ko Kalv Folk\u00e4rna Norra Jaktklubb 1497 1 1 2 1 1 2 100 2.67 Folk\u00e4rna \u00d6stra VVO 1093 1 2 1 2 100 2.74 H \u00c5str\u00f6m 36 1 H\u00e4llebergets Jl 29 Kolarbo Lycka JK 697 1 1 1 1 100 2.87 Nickarvets Jakts\u00e4llskap 404 1 Stigv\u00e4gens VVO [&hellip;]<\/p>\n","protected":false},"author":78,"featured_media":0,"parent":379,"menu_order":4,"comment_status":"closed","ping_status":"closed","template":"","meta":{"footnotes":""},"class_list":["post-5960","page","type-page","status-publish","hentry"],"_links":{"self":[{"href":"https:\/\/krets.jagareforbundet.se\/folkarna\/wp-json\/wp\/v2\/pages\/5960","targetHints":{"allow":["GET"]}}],"collection":[{"href":"https:\/\/krets.jagareforbundet.se\/folkarna\/wp-json\/wp\/v2\/pages"}],"about":[{"href":"https:\/\/krets.jagareforbundet.se\/folkarna\/wp-json\/wp\/v2\/types\/page"}],"author":[{"embeddable":true,"href":"https:\/\/krets.jagareforbundet.se\/folkarna\/wp-json\/wp\/v2\/users\/78"}],"replies":[{"embeddable":true,"href":"https:\/\/krets.jagareforbundet.se\/folkarna\/wp-json\/wp\/v2\/comments?post=5960"}],"version-history":[{"count":1,"href":"https:\/\/krets.jagareforbundet.se\/folkarna\/wp-json\/wp\/v2\/pages\/5960\/revisions"}],"predecessor-version":[{"id":7229,"href":"https:\/\/krets.jagareforbundet.se\/folkarna\/wp-json\/wp\/v2\/pages\/5960\/revisions\/7229"}],"up":[{"embeddable":true,"href":"https:\/\/krets.jagareforbundet.se\/folkarna\/wp-json\/wp\/v2\/pages\/379"}],"wp:attachment":[{"href":"https:\/\/krets.jagareforbundet.se\/folkarna\/wp-json\/wp\/v2\/media?parent=5960"}],"curies":[{"name":"wp","href":"https:\/\/api.w.org\/{rel}","templated":true}]}}