{"id":6315,"date":"2017-11-06T14:32:20","date_gmt":"2017-11-06T13:32:20","guid":{"rendered":"https:\/\/krets.jagareforbundet.se\/folkarna\/?page_id=6315"},"modified":"2018-07-02T10:37:28","modified_gmt":"2018-07-02T08:37:28","slug":"pagaende-varginventering","status":"publish","type":"page","link":"https:\/\/krets.jagareforbundet.se\/folkarna\/varg\/pagaende-varginventering\/","title":{"rendered":"Varginventering 2017\/18"},"content":{"rendered":"<p style=\"text-align: center\"><a href=\"https:\/\/krets.jagareforbundet.se\/folkarna\/files\/2018\/04\/vargrevir-dalarna.png\"><img loading=\"lazy\" decoding=\"async\" class=\"aligncenter size-full wp-image-6544\" src=\"https:\/\/krets.jagareforbundet.se\/folkarna\/files\/2018\/04\/vargrevir-dalarna.png\" alt=\"\" width=\"600\" height=\"424\" srcset=\"https:\/\/krets.jagareforbundet.se\/folkarna\/files\/2018\/04\/vargrevir-dalarna.png 600w, https:\/\/krets.jagareforbundet.se\/folkarna\/files\/2018\/04\/vargrevir-dalarna-300x212.png 300w\" sizes=\"auto, (max-width: 600px) 100vw, 600px\" \/><\/a> <a href=\"https:\/\/krets.jagareforbundet.se\/folkarna\/files\/2018\/04\/nya-vargindivider-uppdatering-v17.jpg\"><img loading=\"lazy\" decoding=\"async\" class=\"aligncenter size-full wp-image-6545\" src=\"https:\/\/krets.jagareforbundet.se\/folkarna\/files\/2018\/04\/nya-vargindivider-uppdatering-v17.jpg\" alt=\"\" width=\"720\" height=\"540\" srcset=\"https:\/\/krets.jagareforbundet.se\/folkarna\/files\/2018\/04\/nya-vargindivider-uppdatering-v17.jpg 720w, https:\/\/krets.jagareforbundet.se\/folkarna\/files\/2018\/04\/nya-vargindivider-uppdatering-v17-300x225.jpg 300w\" sizes=\"auto, (max-width: 720px) 100vw, 720px\" \/><\/a><\/p>\n<p style=\"text-align: center\">Den allm\u00e4nna varginventeringen startade den 1 Oktober 2017 och p\u00e5gick till den sista mars 2018. Var till f\u00f6r att best\u00e4mma antalet individer, \u00e4r allts\u00e5 avslutad.<\/p>\n<p style=\"text-align: center\">Kretsens inventering som \u00e4r till f\u00f6r att varna allm\u00e4nhet, tamboskap \u00e4gare samt l\u00f6shunds \u00e4gare och p\u00e5g\u00e5r hela \u00e5ret, kretsen ser till att observationer kommer till Skandobs, SMS och i vissa fall \u00e4ven till LST och mail.<\/p>\n<p style=\"text-align: center\">Spillning eller sp\u00e5r kontakta Kretsens Rovdjursansvarig 070-5822592 eller LST :s f\u00e4ltpersonal 010-2250326. S\u00e5 fort m\u00f6jligt, \u00e4r av yttersta vikt.<\/p>\n<p style=\"text-align: center\">F\u00e5r du observationen i andra hand tag <strong>alltid<\/strong> reda p\u00e5 <strong>k\u00e4llans tel Nr<\/strong> innan du l\u00e4mnar observationen vidare.<\/p>\n<p><a href=\"http:\/\/www.rovbase.se\/?type=2&#038;rovdyr=2&#038;observasjoner=3080&#038;rovviltskader=8191&#038;vurdering=7&#038;land=2&#038;fraDato=2017-10-01\" class=\"woo-sc-button  custom large\" style=\"background:;border-color:\"><span class=\"woo-\">L\u00e4nk till Rovbase<\/span><\/a>\u00a0<a href=\"https:\/\/krets.jagareforbundet.se\/folkarna\/files\/2018\/01\/varg-avesta.pdf\" class=\"woo-sc-button  red large\" ><span class=\"woo-\">Varg V\u00e4ster Avesta 2017-10-01-2018-01-07<\/span><\/a><\/p>\n","protected":false},"excerpt":{"rendered":"<p>Den allm\u00e4nna varginventeringen startade den 1 Oktober 2017 och p\u00e5gick till den sista mars 2018. Var till f\u00f6r att best\u00e4mma antalet individer, \u00e4r allts\u00e5 avslutad. Kretsens inventering som \u00e4r till f\u00f6r att varna allm\u00e4nhet, tamboskap \u00e4gare samt l\u00f6shunds \u00e4gare och p\u00e5g\u00e5r hela \u00e5ret, kretsen ser till att observationer kommer till Skandobs, SMS och i vissa [&hellip;]<\/p>\n","protected":false},"author":78,"featured_media":0,"parent":1721,"menu_order":1,"comment_status":"closed","ping_status":"closed","template":"","meta":{"footnotes":""},"class_list":["post-6315","page","type-page","status-publish","hentry"],"_links":{"self":[{"href":"https:\/\/krets.jagareforbundet.se\/folkarna\/wp-json\/wp\/v2\/pages\/6315","targetHints":{"allow":["GET"]}}],"collection":[{"href":"https:\/\/krets.jagareforbundet.se\/folkarna\/wp-json\/wp\/v2\/pages"}],"about":[{"href":"https:\/\/krets.jagareforbundet.se\/folkarna\/wp-json\/wp\/v2\/types\/page"}],"author":[{"embeddable":true,"href":"https:\/\/krets.jagareforbundet.se\/folkarna\/wp-json\/wp\/v2\/users\/78"}],"replies":[{"embeddable":true,"href":"https:\/\/krets.jagareforbundet.se\/folkarna\/wp-json\/wp\/v2\/comments?post=6315"}],"version-history":[{"count":1,"href":"https:\/\/krets.jagareforbundet.se\/folkarna\/wp-json\/wp\/v2\/pages\/6315\/revisions"}],"predecessor-version":[{"id":6316,"href":"https:\/\/krets.jagareforbundet.se\/folkarna\/wp-json\/wp\/v2\/pages\/6315\/revisions\/6316"}],"up":[{"embeddable":true,"href":"https:\/\/krets.jagareforbundet.se\/folkarna\/wp-json\/wp\/v2\/pages\/1721"}],"wp:attachment":[{"href":"https:\/\/krets.jagareforbundet.se\/folkarna\/wp-json\/wp\/v2\/media?parent=6315"}],"curies":[{"name":"wp","href":"https:\/\/api.w.org\/{rel}","templated":true}]}}

<p style="text-align: center"><a href="https://krets.jagareforbundet.se/folkarna/files/2018/04/vargrevir-dalarna.png"><img loading="lazy" decoding="async" class="aligncenter size-full wp-image-6544" src="https://krets.jagareforbundet.se/folkarna/files/2018/04/vargrevir-dalarna.png" alt="" width="600" height="424" srcset="https://krets.jagareforbundet.se/folkarna/files/2018/04/vargrevir-dalarna.png 600w, https://krets.jagareforbundet.se/folkarna/files/2018/04/vargrevir-dalarna-300x212.png 300w" sizes="auto, (max-width: 600px) 100vw, 600px" /></a> <a href="https://krets.jagareforbundet.se/folkarna/files/2018/04/nya-vargindivider-uppdatering-v17.jpg"><img loading="lazy" decoding="async" class="aligncenter size-full wp-image-6545" src="https://krets.jagareforbundet.se/folkarna/files/2018/04/nya-vargindivider-uppdatering-v17.jpg" alt="" width="720" height="540" srcset="https://krets.jagareforbundet.se/folkarna/files/2018/04/nya-vargindivider-uppdatering-v17.jpg 720w, https://krets.jagareforbundet.se/folkarna/files/2018/04/nya-vargindivider-uppdatering-v17-300x225.jpg 300w" sizes="auto, (max-width: 720px) 100vw, 720px" /></a></p>
<p style="text-align: center">Den allmänna varginventeringen startade den 1 Oktober 2017 och pågick till den sista mars 2018. Var till för att bestämma antalet individer, är alltså avslutad.</p>
<p style="text-align: center">Kretsens inventering som är till för att varna allmänhet, tamboskap ägare samt löshunds ägare och pågår hela året, kretsen ser till att observationer kommer till Skandobs, SMS och i vissa fall även till LST och mail.</p>
<p style="text-align: center">Spillning eller spår kontakta Kretsens Rovdjursansvarig 070-5822592 eller LST :s fältpersonal 010-2250326. Så fort möjligt, är av yttersta vikt.</p>
<p style="text-align: center">Får du observationen i andra hand tag <strong>alltid</strong> reda på <strong>källans tel Nr</strong> innan du lämnar observationen vidare.</p>
<p><a href="http://www.rovbase.se/?type=2&#038;rovdyr=2&#038;observasjoner=3080&#038;rovviltskader=8191&#038;vurdering=7&#038;land=2&#038;fraDato=2017-10-01" class="woo-sc-button  custom large" style="background:;border-color:"><span class="woo-">Länk till Rovbase</span></a> <a href="https://krets.jagareforbundet.se/folkarna/files/2018/01/varg-avesta.pdf" class="woo-sc-button  red large" ><span class="woo-">Varg Väster Avesta 2017-10-01-2018-01-07</span></a></p>

<p>Den allmänna varginventeringen startade den 1 Oktober 2017 och pågick till den sista mars 2018. Var till för att bestämma antalet individer, är alltså avslutad. Kretsens inventering som är till för att varna allmänhet, tamboskap ägare samt löshunds ägare och pågår hela året, kretsen ser till att observationer kommer till Skandobs, SMS och i vissa [&hellip;]</p>
