{"id":6603,"date":"2018-05-24T16:31:32","date_gmt":"2018-05-24T14:31:32","guid":{"rendered":"https:\/\/krets.jagareforbundet.se\/folkarna\/?page_id=6603"},"modified":"2018-05-24T16:31:32","modified_gmt":"2018-05-24T14:31:32","slug":"personuppgiftspolicy","status":"publish","type":"page","link":"https:\/\/krets.jagareforbundet.se\/folkarna\/verksamheten-i-fjvk\/personuppgiftspolicy\/","title":{"rendered":"Personuppgiftspolicy"},"content":{"rendered":"<p class=\"intro\">Personuppgiftspolicy f\u00f6r Svenska J\u00e4garef\u00f6rbundet.<\/p>\n<div>\n<p><b>Personuppgiftsansvarig<br \/>\n<\/b>Ansvarig f\u00f6r behandling av personuppgifter \u00e4r Svenska J\u00e4garef\u00f6rbundet, organisationsnummer 802001-6658.<\/p>\n<p><b>\u00c4ndam\u00e5l med behandlingen och laglig grund\u00a0<\/b><br \/>\nSvenska J\u00e4garef\u00f6rbundet behandlar alla personuppgifter i enlighet med g\u00e4llande lagstiftning. Fr\u00e5n och med 25 maj 2018 behandlas personuppgifter i enlighet med Dataskyddsf\u00f6rordningen (GDPR).<\/p>\n<p>Svenska J\u00e4garef\u00f6rbundet h\u00e4mtar i f\u00f6rsta hand in uppgifter direkt fr\u00e5n dig. De uppgifter vi beh\u00f6ver f\u00f6r att administrera ditt medlemskap \u00e4r ditt namn, personnummer, postadress och e-postadress. Om du inte uppgett ditt personnummer till oss kommer vi att s\u00f6ka efter det i syfte att ha ett uppdaterat adressregister f\u00f6r v\u00e5ra utskick. Personnumret \u00e4r \u00e4ven en f\u00f6ruts\u00e4ttning f\u00f6r att kunna s\u00e4kerst\u00e4lla identitet vid f\u00f6rs\u00e4krings\u00e4rende kopplade till f\u00f6rbundets medlemsf\u00f6rs\u00e4kringar. Vi g\u00f6r regelbundna uppdateringar av personnummer och postadresser via Statens Adressregister, SPAR.<\/p>\n<p>Svenska J\u00e4garef\u00f6rbundet behandlar dina personuppgifter f\u00f6r att kunna tillhandah\u00e5lla medlemskapet till dig. Inneh\u00e5llet i medlemskapet framg\u00e5r av\u00a0<a href=\"http:\/\/www.jagareforbundet.se\/\">jagareforbundet.se<\/a>. Medlemskapet kan bl.a. inneh\u00e5lla erbjudanden fr\u00e5n v\u00e5ra samarbetspartners.<\/p>\n<p>Svenska J\u00e4garef\u00f6rbundet behandlar ocks\u00e5 personuppgifter i andra fall d\u00e5 andra r\u00e4ttsliga grunder f\u00f6r behandlingen vara aktuella. Det kan r\u00f6ra behandling f\u00f6r allm\u00e4nna intressen p\u00e5 regeringens uppdrag. Om du l\u00e4mnar dina personuppgifter till oss samtycker du till att Svenska J\u00e4garef\u00f6rbundet behandlar dessa.\u00a0 I vissa fall kan vi ocks\u00e5 behandla personuppgifter om vi har ett ber\u00e4ttigat intresse som v\u00e4ger tyngre \u00e4n de registrerades intresse av personlig integritet.<\/p>\n<p><b>\u00d6verf\u00f6ring av uppgifter<\/b><br \/>\nInga medlemsuppgifter s\u00e4ljs vidare till andra organisationer eller f\u00f6retag, d\u00e4remot kan de anv\u00e4ndas av v\u00e5ra samarbetspartners f\u00f6r marknadsf\u00f6rings\u00e4ndam\u00e5l om vi bed\u00f6mer att erbjudandet kan vara av intresse f\u00f6r dig. Du kan n\u00e4r som helst tacka nej till erbjudande fr\u00e5n v\u00e5ra samarbetspartners.<\/p>\n<p>Personuppgifterna tillh\u00f6rande medlemmar under 18 \u00e5r anv\u00e4nds enbart f\u00f6r hantering av medlemskapet och kommer inte l\u00e4mnas ut till tredje part.<\/p>\n<p>Personuppgifter \u00f6verf\u00f6rs inte till land utanf\u00f6r EU\/EES.<\/p>\n<p><b>Lagring av uppgifter\u00a0<\/b><br \/>\nDu kan alltid se vilka medlemsuppgifter som finns registrerade om dig genom att logga in p\u00e5\u00a0<a href=\"https:\/\/jagareforbundet.se\/login\/\">Mina Sidor<\/a>\u00a0p\u00e5\u00a0<a href=\"http:\/\/www.jagareforbundet.se\/\">jagareforbundet.se<\/a>. D\u00e4r kan du sj\u00e4lv uppdatera dina personuppgifter och avanm\u00e4la dig fr\u00e5n erbjudande fr\u00e5n v\u00e5ra samarbetspartners.<\/p>\n<p>Dina personuppgifter kommer att sparas s\u00e5 l\u00e4nge ditt medlemskap \u00e4r aktivt och d\u00e4refter i upp till tre \u00e5r f\u00f6r att s\u00e4kerst\u00e4lla dokumentationen f\u00f6r de f\u00f6rs\u00e4kringar medlemskapet medf\u00f6r.<\/p>\n<p><b>Dina r\u00e4ttigheter som registrerad<\/b><br \/>\nN\u00e4r Svenska J\u00e4garef\u00f6rbundet behandlar dina personuppgifter har du vissa r\u00e4ttigheter:<\/p>\n<ul>\n<li>R\u00e4tt att beg\u00e4ra r\u00e4ttelse av eventuellt felaktiga uppgifter.<\/li>\n<li>R\u00e4tt att beg\u00e4ra att bli raderad. En s\u00e5dan beg\u00e4ran inneb\u00e4r exempelvis att ditt medlemskap avslutas.<\/li>\n<li>R\u00e4tt att beg\u00e4ra begr\u00e4nsning av dina personuppgifter, exempelvis under tiden det utreds om vissa uppgifter \u00e4r felaktiga.<\/li>\n<li>R\u00e4tt att en g\u00e5ng per \u00e5r beg\u00e4ra ett utdrag \u00f6ver de personuppgifter f\u00f6rbundet behandlar om dig. En s\u00e5dan beg\u00e4ran ska vara personligt undertecknad och ins\u00e4ndas skriftligen till:<\/li>\n<\/ul>\n<p>Svenska J\u00e4garef\u00f6rbundet<br \/>\nDataskyddsombud<br \/>\n\u00d6ster Malma<br \/>\n611 91 Nyk\u00f6ping<\/p>\n<\/div>\n","protected":false},"excerpt":{"rendered":"<p>Personuppgiftspolicy f\u00f6r Svenska J\u00e4garef\u00f6rbundet. Personuppgiftsansvarig Ansvarig f\u00f6r behandling av personuppgifter \u00e4r Svenska J\u00e4garef\u00f6rbundet, organisationsnummer 802001-6658. \u00c4ndam\u00e5l med behandlingen och laglig grund\u00a0 Svenska J\u00e4garef\u00f6rbundet behandlar alla personuppgifter i enlighet med g\u00e4llande lagstiftning. Fr\u00e5n och med 25 maj 2018 behandlas personuppgifter i enlighet med Dataskyddsf\u00f6rordningen (GDPR). Svenska J\u00e4garef\u00f6rbundet h\u00e4mtar i f\u00f6rsta hand in uppgifter direkt fr\u00e5n dig. [&hellip;]<\/p>\n","protected":false},"author":78,"featured_media":0,"parent":6652,"menu_order":0,"comment_status":"closed","ping_status":"closed","template":"","meta":{"footnotes":""},"class_list":["post-6603","page","type-page","status-publish","hentry"],"_links":{"self":[{"href":"https:\/\/krets.jagareforbundet.se\/folkarna\/wp-json\/wp\/v2\/pages\/6603","targetHints":{"allow":["GET"]}}],"collection":[{"href":"https:\/\/krets.jagareforbundet.se\/folkarna\/wp-json\/wp\/v2\/pages"}],"about":[{"href":"https:\/\/krets.jagareforbundet.se\/folkarna\/wp-json\/wp\/v2\/types\/page"}],"author":[{"embeddable":true,"href":"https:\/\/krets.jagareforbundet.se\/folkarna\/wp-json\/wp\/v2\/users\/78"}],"replies":[{"embeddable":true,"href":"https:\/\/krets.jagareforbundet.se\/folkarna\/wp-json\/wp\/v2\/comments?post=6603"}],"version-history":[{"count":0,"href":"https:\/\/krets.jagareforbundet.se\/folkarna\/wp-json\/wp\/v2\/pages\/6603\/revisions"}],"up":[{"embeddable":true,"href":"https:\/\/krets.jagareforbundet.se\/folkarna\/wp-json\/wp\/v2\/pages\/6652"}],"wp:attachment":[{"href":"https:\/\/krets.jagareforbundet.se\/folkarna\/wp-json\/wp\/v2\/media?parent=6603"}],"curies":[{"name":"wp","href":"https:\/\/api.w.org\/{rel}","templated":true}]}}

<p class="intro">Personuppgiftspolicy för Svenska Jägareförbundet.</p>
<div>
<p><b>Personuppgiftsansvarig<br />
</b>Ansvarig för behandling av personuppgifter är Svenska Jägareförbundet, organisationsnummer 802001-6658.</p>
<p><b>Ändamål med behandlingen och laglig grund </b><br />
Svenska Jägareförbundet behandlar alla personuppgifter i enlighet med gällande lagstiftning. Från och med 25 maj 2018 behandlas personuppgifter i enlighet med Dataskyddsförordningen (GDPR).</p>
<p>Svenska Jägareförbundet hämtar i första hand in uppgifter direkt från dig. De uppgifter vi behöver för att administrera ditt medlemskap är ditt namn, personnummer, postadress och e-postadress. Om du inte uppgett ditt personnummer till oss kommer vi att söka efter det i syfte att ha ett uppdaterat adressregister för våra utskick. Personnumret är även en förutsättning för att kunna säkerställa identitet vid försäkringsärende kopplade till förbundets medlemsförsäkringar. Vi gör regelbundna uppdateringar av personnummer och postadresser via Statens Adressregister, SPAR.</p>
<p>Svenska Jägareförbundet behandlar dina personuppgifter för att kunna tillhandahålla medlemskapet till dig. Innehållet i medlemskapet framgår av <a href="http://www.jagareforbundet.se/">jagareforbundet.se</a>. Medlemskapet kan bl.a. innehålla erbjudanden från våra samarbetspartners.</p>
<p>Svenska Jägareförbundet behandlar också personuppgifter i andra fall då andra rättsliga grunder för behandlingen vara aktuella. Det kan röra behandling för allmänna intressen på regeringens uppdrag. Om du lämnar dina personuppgifter till oss samtycker du till att Svenska Jägareförbundet behandlar dessa.  I vissa fall kan vi också behandla personuppgifter om vi har ett berättigat intresse som väger tyngre än de registrerades intresse av personlig integritet.</p>
<p><b>Överföring av uppgifter</b><br />
Inga medlemsuppgifter säljs vidare till andra organisationer eller företag, däremot kan de användas av våra samarbetspartners för marknadsföringsändamål om vi bedömer att erbjudandet kan vara av intresse för dig. Du kan när som helst tacka nej till erbjudande från våra samarbetspartners.</p>
<p>Personuppgifterna tillhörande medlemmar under 18 år används enbart för hantering av medlemskapet och kommer inte lämnas ut till tredje part.</p>
<p>Personuppgifter överförs inte till land utanför EU/EES.</p>
<p><b>Lagring av uppgifter </b><br />
Du kan alltid se vilka medlemsuppgifter som finns registrerade om dig genom att logga in på <a href="https://jagareforbundet.se/login/">Mina Sidor</a> på <a href="http://www.jagareforbundet.se/">jagareforbundet.se</a>. Där kan du själv uppdatera dina personuppgifter och avanmäla dig från erbjudande från våra samarbetspartners.</p>
<p>Dina personuppgifter kommer att sparas så länge ditt medlemskap är aktivt och därefter i upp till tre år för att säkerställa dokumentationen för de försäkringar medlemskapet medför.</p>
<p><b>Dina rättigheter som registrerad</b><br />
När Svenska Jägareförbundet behandlar dina personuppgifter har du vissa rättigheter:</p>
<ul>
<li>Rätt att begära rättelse av eventuellt felaktiga uppgifter.</li>
<li>Rätt att begära att bli raderad. En sådan begäran innebär exempelvis att ditt medlemskap avslutas.</li>
<li>Rätt att begära begränsning av dina personuppgifter, exempelvis under tiden det utreds om vissa uppgifter är felaktiga.</li>
<li>Rätt att en gång per år begära ett utdrag över de personuppgifter förbundet behandlar om dig. En sådan begäran ska vara personligt undertecknad och insändas skriftligen till:</li>
</ul>
<p>Svenska Jägareförbundet<br />
Dataskyddsombud<br />
Öster Malma<br />
611 91 Nyköping</p>
</div>

<p>Personuppgiftspolicy för Svenska Jägareförbundet. Personuppgiftsansvarig Ansvarig för behandling av personuppgifter är Svenska Jägareförbundet, organisationsnummer 802001-6658. Ändamål med behandlingen och laglig grund  Svenska Jägareförbundet behandlar alla personuppgifter i enlighet med gällande lagstiftning. Från och med 25 maj 2018 behandlas personuppgifter i enlighet med Dataskyddsförordningen (GDPR). Svenska Jägareförbundet hämtar i första hand in uppgifter direkt från dig. [&hellip;]</p>
