{"id":7210,"date":"2019-11-14T13:15:33","date_gmt":"2019-11-14T12:15:33","guid":{"rendered":"https:\/\/krets.jagareforbundet.se\/folkarna\/?page_id=7210"},"modified":"2026-03-12T15:45:18","modified_gmt":"2026-03-12T14:45:18","slug":"radda-algen","status":"publish","type":"page","link":"https:\/\/krets.jagareforbundet.se\/folkarna\/radda-algen\/","title":{"rendered":"R\u00e4dda \u00c4lgen"},"content":{"rendered":"<p>R\u00e4dda \u00e4lgen \u00e4r en kampanj som pekar p\u00e5 vilka hut som finns f\u00f6r den Svenska \u00c4lgpopulationen, h\u00e4r nedan sammanst\u00e4llt.<\/p>\n<p style=\"text-align: center;\">\n","protected":false},"excerpt":{"rendered":"<p>R\u00e4dda \u00e4lgen \u00e4r en kampanj som pekar p\u00e5 vilka hut som finns f\u00f6r den Svenska \u00c4lgpopulationen, h\u00e4r nedan sammanst\u00e4llt.<\/p>\n","protected":false},"author":78,"featured_media":0,"parent":0,"menu_order":0,"comment_status":"closed","ping_status":"closed","template":"","meta":{"footnotes":""},"class_list":["post-7210","page","type-page","status-publish","hentry"],"_links":{"self":[{"href":"https:\/\/krets.jagareforbundet.se\/folkarna\/wp-json\/wp\/v2\/pages\/7210","targetHints":{"allow":["GET"]}}],"collection":[{"href":"https:\/\/krets.jagareforbundet.se\/folkarna\/wp-json\/wp\/v2\/pages"}],"about":[{"href":"https:\/\/krets.jagareforbundet.se\/folkarna\/wp-json\/wp\/v2\/types\/page"}],"author":[{"embeddable":true,"href":"https:\/\/krets.jagareforbundet.se\/folkarna\/wp-json\/wp\/v2\/users\/78"}],"replies":[{"embeddable":true,"href":"https:\/\/krets.jagareforbundet.se\/folkarna\/wp-json\/wp\/v2\/comments?post=7210"}],"version-history":[{"count":3,"href":"https:\/\/krets.jagareforbundet.se\/folkarna\/wp-json\/wp\/v2\/pages\/7210\/revisions"}],"predecessor-version":[{"id":8632,"href":"https:\/\/krets.jagareforbundet.se\/folkarna\/wp-json\/wp\/v2\/pages\/7210\/revisions\/8632"}],"wp:attachment":[{"href":"https:\/\/krets.jagareforbundet.se\/folkarna\/wp-json\/wp\/v2\/media?parent=7210"}],"curies":[{"name":"wp","href":"https:\/\/api.w.org\/{rel}","templated":true}]}}

Rädda Älgen

<p>Rädda älgen är en kampanj som pekar på vilka hut som finns för den Svenska Älgpopulationen, här nedan sammanställt.</p>
<p style="text-align: center;">

<p>Rädda älgen är en kampanj som pekar på vilka hut som finns för den Svenska Älgpopulationen, här nedan sammanställt.</p>
