{"id":7477,"date":"2020-09-08T11:04:48","date_gmt":"2020-09-08T09:04:48","guid":{"rendered":"https:\/\/krets.jagareforbundet.se\/folkarna\/?page_id=7477"},"modified":"2020-09-08T11:08:47","modified_gmt":"2020-09-08T09:08:47","slug":"harpest","status":"publish","type":"page","link":"https:\/\/krets.jagareforbundet.se\/folkarna\/jaktfragor\/smavilt2\/hare\/harpest\/","title":{"rendered":"Harpest"},"content":{"rendered":"<p><strong>Eftersom det 2020-09-08 testades Harpest p\u00e5 en hare \u00f6ster om \u00c5sgarn\u00a0 l\u00e4mnar vi f\u00f6ljande information.<\/strong><\/p>\n<p>Har du tidigare sett ovanligt mycket hare, i ditt omr\u00e5de och nu mindre, \u00e4r det troligen drabbat av Harpest.<\/p>\n<p>Skydda dig mot myggbett i skog och mark.<\/p>\n<p>Var f\u00f6rsiktig i kontakten med gnagare i omr\u00e5den d\u00e4r harpest f\u00f6rekommer.<\/p>\n<p>Anv\u00e4nd skyddskl\u00e4der och handskar vid kontakten med d\u00f6da gnagare.<\/p>\n<p>Anv\u00e4nd skyddskl\u00e4der och handskar vid reng\u00f6ring av logar och f\u00f6rr\u00e5d.<\/p>\n<p><strong>N\u00e5gra av de vanligaste symtomen vid harpest.<\/strong><\/p>\n<p>H\u00f6g feber.<\/p>\n<p>Frossa.<\/p>\n<p>Allm\u00e4n sjukdomsk\u00e4nsla.<\/p>\n<p>Illam\u00e5ende<\/p>\n<p>Huvudv\u00e4rk.<\/p>\n<p>Hosta.<\/p>\n<p>Och bet\u00e4nk att sjukdomen \u00e4r anm\u00e4lningspliktig.<\/p>\n","protected":false},"excerpt":{"rendered":"<p>Eftersom det 2020-09-08 testades Harpest p\u00e5 en hare \u00f6ster om \u00c5sgarn\u00a0 l\u00e4mnar vi f\u00f6ljande information. Har du tidigare sett ovanligt mycket hare, i ditt omr\u00e5de och nu mindre, \u00e4r det troligen drabbat av Harpest. Skydda dig mot myggbett i skog och mark. Var f\u00f6rsiktig i kontakten med gnagare i omr\u00e5den d\u00e4r harpest f\u00f6rekommer. Anv\u00e4nd skyddskl\u00e4der [&hellip;]<\/p>\n","protected":false},"author":78,"featured_media":0,"parent":1898,"menu_order":0,"comment_status":"closed","ping_status":"closed","template":"","meta":{"footnotes":""},"class_list":["post-7477","page","type-page","status-publish","hentry"],"_links":{"self":[{"href":"https:\/\/krets.jagareforbundet.se\/folkarna\/wp-json\/wp\/v2\/pages\/7477","targetHints":{"allow":["GET"]}}],"collection":[{"href":"https:\/\/krets.jagareforbundet.se\/folkarna\/wp-json\/wp\/v2\/pages"}],"about":[{"href":"https:\/\/krets.jagareforbundet.se\/folkarna\/wp-json\/wp\/v2\/types\/page"}],"author":[{"embeddable":true,"href":"https:\/\/krets.jagareforbundet.se\/folkarna\/wp-json\/wp\/v2\/users\/78"}],"replies":[{"embeddable":true,"href":"https:\/\/krets.jagareforbundet.se\/folkarna\/wp-json\/wp\/v2\/comments?post=7477"}],"version-history":[{"count":2,"href":"https:\/\/krets.jagareforbundet.se\/folkarna\/wp-json\/wp\/v2\/pages\/7477\/revisions"}],"predecessor-version":[{"id":7480,"href":"https:\/\/krets.jagareforbundet.se\/folkarna\/wp-json\/wp\/v2\/pages\/7477\/revisions\/7480"}],"up":[{"embeddable":true,"href":"https:\/\/krets.jagareforbundet.se\/folkarna\/wp-json\/wp\/v2\/pages\/1898"}],"wp:attachment":[{"href":"https:\/\/krets.jagareforbundet.se\/folkarna\/wp-json\/wp\/v2\/media?parent=7477"}],"curies":[{"name":"wp","href":"https:\/\/api.w.org\/{rel}","templated":true}]}}

<p><strong>Eftersom det 2020-09-08 testades Harpest på en hare öster om Åsgarn  lämnar vi följande information.</strong></p>
<p>Har du tidigare sett ovanligt mycket hare, i ditt område och nu mindre, är det troligen drabbat av Harpest.</p>
<p>Skydda dig mot myggbett i skog och mark.</p>
<p>Var försiktig i kontakten med gnagare i områden där harpest förekommer.</p>
<p>Använd skyddskläder och handskar vid kontakten med döda gnagare.</p>
<p>Använd skyddskläder och handskar vid rengöring av logar och förråd.</p>
<p><strong>Några av de vanligaste symtomen vid harpest.</strong></p>
<p>Hög feber.</p>
<p>Frossa.</p>
<p>Allmän sjukdomskänsla.</p>
<p>Illamående</p>
<p>Huvudvärk.</p>
<p>Hosta.</p>
<p>Och betänk att sjukdomen är anmälningspliktig.</p>

<p>Eftersom det 2020-09-08 testades Harpest på en hare öster om Åsgarn  lämnar vi följande information. Har du tidigare sett ovanligt mycket hare, i ditt område och nu mindre, är det troligen drabbat av Harpest. Skydda dig mot myggbett i skog och mark. Var försiktig i kontakten med gnagare i områden där harpest förekommer. Använd skyddskläder [&hellip;]</p>
