{"id":7712,"date":"2021-06-10T08:02:19","date_gmt":"2021-06-10T06:02:19","guid":{"rendered":"https:\/\/krets.jagareforbundet.se\/folkarna\/?page_id=7712"},"modified":"2021-06-10T08:02:19","modified_gmt":"2021-06-10T06:02:19","slug":"vildsvinshamburgare","status":"publish","type":"page","link":"https:\/\/krets.jagareforbundet.se\/folkarna\/jaktfragor\/smavilt2\/vildsvin\/vildsvinshamburgare\/","title":{"rendered":"Vildsvinshamburgare"},"content":{"rendered":"<p>Vildsvinshamburgare a la Granliden[2021-06-10]<\/p>\n<p>1 kg vildsvinsf\u00e4rs<\/p>\n<p>2 matskedar Dijonsenap<\/p>\n<p>1\/2 matsked Paprikapulver<\/p>\n<p>1\/2 matsked Malen muskot<\/p>\n<p>1\/2 matsked Paprikapulver r\u00f6kt<\/p>\n<p>1 kryddm\u00e5tt Cayenpeppar<\/p>\n<p>1 \u00bd tesked R\u00f6karom Hickory<\/p>\n<p>2 tesked salt<\/p>\n<p>1\/2 dl vatten<\/p>\n<p>Blanda kryddor och vatten och blanda det sedan v\u00e4l med f\u00e4rsen.<\/p>\n<p>Forma hamburgare och endera fr\u00e4s dom i sm\u00f6r till lagom f\u00e4rg och f\u00e4rdigstek dem i ugn p\u00e5 175 grader i 35 minuter, eller l\u00e4gg dom p\u00e5 en lagom varm grill som inte t\u00e4nts med t\u00e4ndv\u00e4tska.<\/p>\n","protected":false},"excerpt":{"rendered":"<p>Vildsvinshamburgare a la Granliden[2021-06-10] 1 kg vildsvinsf\u00e4rs 2 matskedar Dijonsenap 1\/2 matsked Paprikapulver 1\/2 matsked Malen muskot 1\/2 matsked Paprikapulver r\u00f6kt 1 kryddm\u00e5tt Cayenpeppar 1 \u00bd tesked R\u00f6karom Hickory 2 tesked salt 1\/2 dl vatten Blanda kryddor och vatten och blanda det sedan v\u00e4l med f\u00e4rsen. Forma hamburgare och endera fr\u00e4s dom i sm\u00f6r till [&hellip;]<\/p>\n","protected":false},"author":78,"featured_media":0,"parent":1890,"menu_order":5,"comment_status":"closed","ping_status":"closed","template":"","meta":{"footnotes":""},"class_list":["post-7712","page","type-page","status-publish","hentry"],"_links":{"self":[{"href":"https:\/\/krets.jagareforbundet.se\/folkarna\/wp-json\/wp\/v2\/pages\/7712","targetHints":{"allow":["GET"]}}],"collection":[{"href":"https:\/\/krets.jagareforbundet.se\/folkarna\/wp-json\/wp\/v2\/pages"}],"about":[{"href":"https:\/\/krets.jagareforbundet.se\/folkarna\/wp-json\/wp\/v2\/types\/page"}],"author":[{"embeddable":true,"href":"https:\/\/krets.jagareforbundet.se\/folkarna\/wp-json\/wp\/v2\/users\/78"}],"replies":[{"embeddable":true,"href":"https:\/\/krets.jagareforbundet.se\/folkarna\/wp-json\/wp\/v2\/comments?post=7712"}],"version-history":[{"count":1,"href":"https:\/\/krets.jagareforbundet.se\/folkarna\/wp-json\/wp\/v2\/pages\/7712\/revisions"}],"predecessor-version":[{"id":7713,"href":"https:\/\/krets.jagareforbundet.se\/folkarna\/wp-json\/wp\/v2\/pages\/7712\/revisions\/7713"}],"up":[{"embeddable":true,"href":"https:\/\/krets.jagareforbundet.se\/folkarna\/wp-json\/wp\/v2\/pages\/1890"}],"wp:attachment":[{"href":"https:\/\/krets.jagareforbundet.se\/folkarna\/wp-json\/wp\/v2\/media?parent=7712"}],"curies":[{"name":"wp","href":"https:\/\/api.w.org\/{rel}","templated":true}]}}

<p>Vildsvinshamburgare a la Granliden[2021-06-10]</p>
<p>1 kg vildsvinsfärs</p>
<p>2 matskedar Dijonsenap</p>
<p>1/2 matsked Paprikapulver</p>
<p>1/2 matsked Malen muskot</p>
<p>1/2 matsked Paprikapulver rökt</p>
<p>1 kryddmått Cayenpeppar</p>
<p>1 ½ tesked Rökarom Hickory</p>
<p>2 tesked salt</p>
<p>1/2 dl vatten</p>
<p>Blanda kryddor och vatten och blanda det sedan väl med färsen.</p>
<p>Forma hamburgare och endera fräs dom i smör till lagom färg och färdigstek dem i ugn på 175 grader i 35 minuter, eller lägg dom på en lagom varm grill som inte tänts med tändvätska.</p>

<p>Vildsvinshamburgare a la Granliden[2021-06-10] 1 kg vildsvinsfärs 2 matskedar Dijonsenap 1/2 matsked Paprikapulver 1/2 matsked Malen muskot 1/2 matsked Paprikapulver rökt 1 kryddmått Cayenpeppar 1 ½ tesked Rökarom Hickory 2 tesked salt 1/2 dl vatten Blanda kryddor och vatten och blanda det sedan väl med färsen. Forma hamburgare och endera fräs dom i smör till [&hellip;]</p>
