{"id":79,"date":"2011-11-08T15:57:13","date_gmt":"2011-11-08T14:57:13","guid":{"rendered":"https:\/\/krets.jagareforbundet.se\/template\/?page_id=79"},"modified":"2013-03-21T09:40:22","modified_gmt":"2013-03-21T08:40:22","slug":"ny-testsida","status":"publish","type":"page","link":"https:\/\/krets.jagareforbundet.se\/folkarna\/bildgalleri\/ny-testsida\/","title":{"rendered":"\u00c4lggalleri"},"content":{"rendered":"<p><a href=\"https:\/\/krets.jagareforbundet.se\/folkarna\/files\/2011\/11\/Fjt6.jpg\"><img loading=\"lazy\" decoding=\"async\" class=\"size-medium wp-image-564 alignright\" title=\"Fjoling \u00e4ter R\u00f6nn\" src=\"https:\/\/krets.jagareforbundet.se\/folkarna\/files\/2011\/11\/Fjt6-300x225.jpg\" alt=\"\" width=\"300\" height=\"225\" srcset=\"https:\/\/krets.jagareforbundet.se\/folkarna\/files\/2011\/11\/Fjt6-300x225.jpg 300w, https:\/\/krets.jagareforbundet.se\/folkarna\/files\/2011\/11\/Fjt6.jpg 474w\" sizes=\"auto, (max-width: 300px) 100vw, 300px\" \/><\/a><\/p>\n<p><img loading=\"lazy\" decoding=\"async\" class=\"alignleft size-thumbnail wp-image-966\" title=\"Gaffeltrucken\" src=\"https:\/\/krets.jagareforbundet.se\/folkarna\/files\/2011\/11\/Gaffeltrucken1-150x150.jpg\" alt=\"\" width=\"150\" height=\"150\" \/><\/p>\n<p>&nbsp;<\/p>\n<p>&nbsp;<\/p>\n<p>&nbsp;<\/p>\n<p>&nbsp;<\/p>\n<p>&nbsp;<\/p>\n<p>&nbsp;<\/p>\n<p>&nbsp;<\/p>\n<p>&nbsp;<\/p>\n<p>H\u00e4r kommer f\u00f6rhoppningsvis alla \u00e4lgbilder att placeras efter hand som arbetet med hemsidan fortskrider. Men jag f\u00e5r inte till ett galleri ?<\/p>\n<p><!--more--><\/p>\n","protected":false},"excerpt":{"rendered":"<p>&nbsp; &nbsp; &nbsp; &nbsp; &nbsp; &nbsp; &nbsp; &nbsp; H\u00e4r kommer f\u00f6rhoppningsvis alla \u00e4lgbilder att placeras efter hand som arbetet med hemsidan fortskrider. Men jag f\u00e5r inte till ett galleri ? (mer \u2026)<\/p>\n","protected":false},"author":19,"featured_media":0,"parent":38,"menu_order":0,"comment_status":"open","ping_status":"open","template":"template-imagegallery.php","meta":{"footnotes":""},"class_list":["post-79","page","type-page","status-publish","hentry"],"_links":{"self":[{"href":"https:\/\/krets.jagareforbundet.se\/folkarna\/wp-json\/wp\/v2\/pages\/79","targetHints":{"allow":["GET"]}}],"collection":[{"href":"https:\/\/krets.jagareforbundet.se\/folkarna\/wp-json\/wp\/v2\/pages"}],"about":[{"href":"https:\/\/krets.jagareforbundet.se\/folkarna\/wp-json\/wp\/v2\/types\/page"}],"author":[{"embeddable":true,"href":"https:\/\/krets.jagareforbundet.se\/folkarna\/wp-json\/wp\/v2\/users\/19"}],"replies":[{"embeddable":true,"href":"https:\/\/krets.jagareforbundet.se\/folkarna\/wp-json\/wp\/v2\/comments?post=79"}],"version-history":[{"count":0,"href":"https:\/\/krets.jagareforbundet.se\/folkarna\/wp-json\/wp\/v2\/pages\/79\/revisions"}],"up":[{"embeddable":true,"href":"https:\/\/krets.jagareforbundet.se\/folkarna\/wp-json\/wp\/v2\/pages\/38"}],"wp:attachment":[{"href":"https:\/\/krets.jagareforbundet.se\/folkarna\/wp-json\/wp\/v2\/media?parent=79"}],"curies":[{"name":"wp","href":"https:\/\/api.w.org\/{rel}","templated":true}]}}

Älggalleri

<p><a href="https://krets.jagareforbundet.se/folkarna/files/2011/11/Fjt6.jpg"><img loading="lazy" decoding="async" class="size-medium wp-image-564 alignright" title="Fjoling äter Rönn" src="https://krets.jagareforbundet.se/folkarna/files/2011/11/Fjt6-300x225.jpg" alt="" width="300" height="225" srcset="https://krets.jagareforbundet.se/folkarna/files/2011/11/Fjt6-300x225.jpg 300w, https://krets.jagareforbundet.se/folkarna/files/2011/11/Fjt6.jpg 474w" sizes="auto, (max-width: 300px) 100vw, 300px" /></a></p>
<p><img loading="lazy" decoding="async" class="alignleft size-thumbnail wp-image-966" title="Gaffeltrucken" src="https://krets.jagareforbundet.se/folkarna/files/2011/11/Gaffeltrucken1-150x150.jpg" alt="" width="150" height="150" /></p>
<p>&nbsp;</p>
<p>&nbsp;</p>
<p>&nbsp;</p>
<p>&nbsp;</p>
<p>&nbsp;</p>
<p>&nbsp;</p>
<p>&nbsp;</p>
<p>&nbsp;</p>
<p>Här kommer förhoppningsvis alla älgbilder att placeras efter hand som arbetet med hemsidan fortskrider. Men jag får inte till ett galleri ?</p>
<p><!--more--></p>

<p>&nbsp; &nbsp; &nbsp; &nbsp; &nbsp; &nbsp; &nbsp; &nbsp; Här kommer förhoppningsvis alla älgbilder att placeras efter hand som arbetet med hemsidan fortskrider. Men jag får inte till ett galleri ? (mer …)</p>
