{"id":7917,"date":"2022-02-26T11:47:07","date_gmt":"2022-02-26T10:47:07","guid":{"rendered":"https:\/\/krets.jagareforbundet.se\/folkarna\/?page_id=7917"},"modified":"2022-02-26T11:47:07","modified_gmt":"2022-02-26T10:47:07","slug":"varg-laget-2021-2022-gaso","status":"publish","type":"page","link":"https:\/\/krets.jagareforbundet.se\/folkarna\/varg\/varg-laget-2021-2022-gaso\/","title":{"rendered":"Varg l\u00e4get 2021-2022 G\u00c4SO"},"content":{"rendered":"<p>Naturv\u00e5rdsverket sammanst\u00e4ller L\u00e4nsstyrelsernas rapporter och SLU.s DNA tester i Juli.<\/p>\n<p>H\u00e4r visas G\u00c4SO:s sammanst\u00e4llning\u00a0 <a href=\"https:\/\/krets.jagareforbundet.se\/folkarna\/files\/2022\/02\/Varg-GASO-2021-2022.pdf\" class=\"woo-sc-button  silver\" ><span class=\"woo-\">Klicka H\u00c4R!<\/span><\/a><\/p>\n","protected":false},"excerpt":{"rendered":"<p>Naturv\u00e5rdsverket sammanst\u00e4ller L\u00e4nsstyrelsernas rapporter och SLU.s DNA tester i Juli. H\u00e4r visas G\u00c4SO:s sammanst\u00e4llning\u00a0<\/p>\n","protected":false},"author":78,"featured_media":0,"parent":1721,"menu_order":1,"comment_status":"closed","ping_status":"closed","template":"","meta":{"footnotes":""},"class_list":["post-7917","page","type-page","status-publish","hentry"],"_links":{"self":[{"href":"https:\/\/krets.jagareforbundet.se\/folkarna\/wp-json\/wp\/v2\/pages\/7917","targetHints":{"allow":["GET"]}}],"collection":[{"href":"https:\/\/krets.jagareforbundet.se\/folkarna\/wp-json\/wp\/v2\/pages"}],"about":[{"href":"https:\/\/krets.jagareforbundet.se\/folkarna\/wp-json\/wp\/v2\/types\/page"}],"author":[{"embeddable":true,"href":"https:\/\/krets.jagareforbundet.se\/folkarna\/wp-json\/wp\/v2\/users\/78"}],"replies":[{"embeddable":true,"href":"https:\/\/krets.jagareforbundet.se\/folkarna\/wp-json\/wp\/v2\/comments?post=7917"}],"version-history":[{"count":1,"href":"https:\/\/krets.jagareforbundet.se\/folkarna\/wp-json\/wp\/v2\/pages\/7917\/revisions"}],"predecessor-version":[{"id":7919,"href":"https:\/\/krets.jagareforbundet.se\/folkarna\/wp-json\/wp\/v2\/pages\/7917\/revisions\/7919"}],"up":[{"embeddable":true,"href":"https:\/\/krets.jagareforbundet.se\/folkarna\/wp-json\/wp\/v2\/pages\/1721"}],"wp:attachment":[{"href":"https:\/\/krets.jagareforbundet.se\/folkarna\/wp-json\/wp\/v2\/media?parent=7917"}],"curies":[{"name":"wp","href":"https:\/\/api.w.org\/{rel}","templated":true}]}}

Varg läget 2021-2022 GÄSO

<p>Naturvårdsverket sammanställer Länsstyrelsernas rapporter och SLU.s DNA tester i Juli.</p>
<p>Här visas GÄSO:s sammanställning  <a href="https://krets.jagareforbundet.se/folkarna/files/2022/02/Varg-GASO-2021-2022.pdf" class="woo-sc-button  silver" ><span class="woo-">Klicka HÄR!</span></a></p>

<p>Naturvårdsverket sammanställer Länsstyrelsernas rapporter och SLU.s DNA tester i Juli. Här visas GÄSO:s sammanställning </p>
