{"id":8040,"date":"2022-05-09T12:16:20","date_gmt":"2022-05-09T10:16:20","guid":{"rendered":"https:\/\/krets.jagareforbundet.se\/folkarna\/?page_id=8040"},"modified":"2022-05-09T12:16:20","modified_gmt":"2022-05-09T10:16:20","slug":"mall-instruktion-jaktledare","status":"publish","type":"page","link":"https:\/\/krets.jagareforbundet.se\/folkarna\/jaktfragor\/algjakt\/mall-instruktion-jaktledare\/","title":{"rendered":"Mall Instruktion Jaktledare"},"content":{"rendered":"<p><strong>Mall med instruktion f\u00f6r jaktledare FJVK jaktlag.<\/strong><\/p>\n<p><strong>Jakt efter \u00e4lg f\u00e5r inte bedrivas utan att ansvarig jaktledare \u00e4r utsedd vid varje tillf\u00e4lle, i Viltv\u00e5rdsomr\u00e5de utsedd p\u00e5 st\u00e4mma.<\/strong><\/p>\n<p><strong><u>Jaktledaren ansvarar f\u00f6r att:<\/u><\/strong><\/p>\n<p>Sambandsbest\u00e4mmelser till\u00e4mpas<\/p>\n<p>Hund \u00e4r tr\u00e4nad att sp\u00e5ra upp skadat vilt skall kunna finnas p\u00e5 skottplatsen inom h\u00f6gst tv\u00e5 timmar efter p\u00e5skjutningen<\/p>\n<p>Fullg\u00f6ra underr\u00e4ttelseskyldigheten gentemot jaktgrannar om p\u00e5skjutet djur passerar r\u00e5g\u00e5ng.<\/p>\n<p>Informera samtliga jaktdeltagare om avskjutningsf\u00f6reskrifter, sambandsbest\u00e4mmelser, f\u00f6rbjudna skjutriktningar, gr\u00e4nsf\u00f6rh\u00e5llanden och \u00f6vriga regler som kan beh\u00f6vas f\u00f6r jaktens genomf\u00f6rande.<\/p>\n<p>Informera om skyldigheten att inneha vapenlicens, l\u00f6st jaktkorten.<\/p>\n<p>Informera varje jaktdeltagare om att man skall vara ansvarsf\u00f6rs\u00e4krad, b\u00e4ra r\u00f6da band eller motsvarande k\u00e4nnetecken, ha avlagt godk\u00e4nt skjutprov enligt \u00e4lgskyttem\u00e4rke i brons eller enligt beslut i jaktlaget.<\/p>\n<p>Samtliga jaktdeltagare erh\u00e5ller PM f\u00f6r deltagande i \u00e4lgjakten.<\/p>\n<p>Ta in viltobservationer efter varje s\u00e5t.<\/p>\n<p>Samordna transporter av skjutet vilt.<\/p>\n<p>&nbsp;<\/p>\n<p><strong><u>Jaktledaren har befogenhet att<\/u><\/strong><\/p>\n<p>Besluta om l\u00e4mpliga jakts\u00e5tar<\/p>\n<p>Besluta om vilka pass som skall bes\u00e4ttas<\/p>\n<p>Besluta om vilka hundar som skall anv\u00e4ndas per jakt s\u00e5t<\/p>\n<p>Besluta om n\u00e4r jakt skall startas<\/p>\n<p>I samr\u00e5d med hundf\u00f6rare besluta om annan \u00e4n hundf\u00f6raren skall g\u00e5 p\u00e5 st\u00e5ndskall.<\/p>\n<p>Besluta om n\u00e4r jakt s\u00e5t skall avbrytas<\/p>\n<p>Avbryta jakten f\u00f6r att reda ut sv\u00e5ra efters\u00f6k<\/p>\n<p>Avvisa jaktdeltagare som bryter mot regler eller jaktledarens order ang\u00e5ende jakten den aktuella dagen. Beslut om l\u00e4ngre avst\u00e4ngning tas av styrelsen i respektive jaktlag.<\/p>\n<p>Besluta om vilt som p\u00e5skjutits p\u00e5 grannomr\u00e5den men fallit inom eget omr\u00e5de skall \u00f6verl\u00e4mnas till p\u00e5skjutande jaktlag eller beh\u00e5llas.<\/p>\n<p>&nbsp;<\/p>\n<p><strong><u>Komih\u00e5g f\u00f6r jakten<\/u><\/strong><\/p>\n<p>PM f\u00f6r jaktdeltagare<\/p>\n<p>Se \u00f6ver pass och kartmaterial<\/p>\n<p>Hundandv\u00e4ndning och tillg\u00e5ng p\u00e5 efters\u00f6kshundar<\/p>\n<p>Telefonlista och radiokanaler till jaktgrannar, efters\u00f6ksekipage, Polis mfl.<\/p>\n<p>Meddela avskjutningsregler och ev. f\u00f6r\u00e4ndringar av dessa.<\/p>\n<p>Hur och var \u00e5tersamling kommer ske<\/p>\n<p>N\u00e4r vilt senast f\u00e5r p\u00e5skjutas<\/p>\n<p>Tid och samling n\u00e4sta jaktdag<\/p>\n","protected":false},"excerpt":{"rendered":"<p>Mall med instruktion f\u00f6r jaktledare FJVK jaktlag. Jakt efter \u00e4lg f\u00e5r inte bedrivas utan att ansvarig jaktledare \u00e4r utsedd vid varje tillf\u00e4lle, i Viltv\u00e5rdsomr\u00e5de utsedd p\u00e5 st\u00e4mma. Jaktledaren ansvarar f\u00f6r att: Sambandsbest\u00e4mmelser till\u00e4mpas Hund \u00e4r tr\u00e4nad att sp\u00e5ra upp skadat vilt skall kunna finnas p\u00e5 skottplatsen inom h\u00f6gst tv\u00e5 timmar efter p\u00e5skjutningen Fullg\u00f6ra underr\u00e4ttelseskyldigheten gentemot [&hellip;]<\/p>\n","protected":false},"author":78,"featured_media":0,"parent":379,"menu_order":1,"comment_status":"closed","ping_status":"closed","template":"","meta":{"footnotes":""},"class_list":["post-8040","page","type-page","status-publish","hentry"],"_links":{"self":[{"href":"https:\/\/krets.jagareforbundet.se\/folkarna\/wp-json\/wp\/v2\/pages\/8040","targetHints":{"allow":["GET"]}}],"collection":[{"href":"https:\/\/krets.jagareforbundet.se\/folkarna\/wp-json\/wp\/v2\/pages"}],"about":[{"href":"https:\/\/krets.jagareforbundet.se\/folkarna\/wp-json\/wp\/v2\/types\/page"}],"author":[{"embeddable":true,"href":"https:\/\/krets.jagareforbundet.se\/folkarna\/wp-json\/wp\/v2\/users\/78"}],"replies":[{"embeddable":true,"href":"https:\/\/krets.jagareforbundet.se\/folkarna\/wp-json\/wp\/v2\/comments?post=8040"}],"version-history":[{"count":1,"href":"https:\/\/krets.jagareforbundet.se\/folkarna\/wp-json\/wp\/v2\/pages\/8040\/revisions"}],"predecessor-version":[{"id":8041,"href":"https:\/\/krets.jagareforbundet.se\/folkarna\/wp-json\/wp\/v2\/pages\/8040\/revisions\/8041"}],"up":[{"embeddable":true,"href":"https:\/\/krets.jagareforbundet.se\/folkarna\/wp-json\/wp\/v2\/pages\/379"}],"wp:attachment":[{"href":"https:\/\/krets.jagareforbundet.se\/folkarna\/wp-json\/wp\/v2\/media?parent=8040"}],"curies":[{"name":"wp","href":"https:\/\/api.w.org\/{rel}","templated":true}]}}