{"id":8083,"date":"2022-07-04T16:58:04","date_gmt":"2022-07-04T14:58:04","guid":{"rendered":"https:\/\/krets.jagareforbundet.se\/folkarna\/?page_id=8083"},"modified":"2022-07-10T10:22:34","modified_gmt":"2022-07-10T08:22:34","slug":"by-folkarna-sodra-vvo","status":"publish","type":"page","link":"https:\/\/krets.jagareforbundet.se\/folkarna\/by-folkarna-sodra-vvo\/","title":{"rendered":"By Folk\u00e4rna S\u00f6dra VVO"},"content":{"rendered":"<p>By Folk\u00e4rna S\u00f6dra Viltv\u00e5rdsomr\u00e5de \u00e4r ett av Folk\u00e4rna Jaktv\u00e5rdskrets jaktlag s\u00f6der om Dal\u00e4lven i Avesta kommun. Omr\u00e5det \u00e4r uppdelat i 4 distrikt. Jaktlagen ing\u00e5r n\u00e4r det g\u00e4ller \u00c4lgjakt i ett \u00c4lgsk\u00f6tselomr\u00e5de som heter S\u00f6der Dal\u00e4lvens \u00c4lgsk\u00f6tselomr\u00e5de. \u00c4lgsk\u00f6tselomr\u00e5det tillh\u00f6r i sin tur ett Viltf\u00f6rvaltningsomr\u00e5de i V\u00e4stmanlands l\u00e4n.<\/p>\n<p>H\u00e4runder l\u00e4ggs information som r\u00f6r hela omr\u00e5det<\/p>\n<p>F\u00f6r bilder anv\u00e4nds &#8221;L\u00e4gg till media&#8221;<\/p>\n<p>Ta bort bilder genom klicka i bilden v\u00e4lj &#8221;X&#8221;<\/p>\n<p><a href=\"https:\/\/krets.jagareforbundet.se\/folkarna\/files\/2020\/10\/IMAGE_7E34B0D03239B37.jpg\"><br \/>\n<img loading=\"lazy\" decoding=\"async\" class=\"aligncenter size-large wp-image-7569\" src=\"https:\/\/krets.jagareforbundet.se\/folkarna\/files\/2020\/10\/IMAGE_7E34B0D03239B37-1024x661.jpg\" alt=\"\" width=\"1024\" height=\"661\" srcset=\"https:\/\/krets.jagareforbundet.se\/folkarna\/files\/2020\/10\/IMAGE_7E34B0D03239B37-1024x661.jpg 1024w, https:\/\/krets.jagareforbundet.se\/folkarna\/files\/2020\/10\/IMAGE_7E34B0D03239B37-300x194.jpg 300w, https:\/\/krets.jagareforbundet.se\/folkarna\/files\/2020\/10\/IMAGE_7E34B0D03239B37-768x496.jpg 768w, https:\/\/krets.jagareforbundet.se\/folkarna\/files\/2020\/10\/IMAGE_7E34B0D03239B37.jpg 1036w\" sizes=\"auto, (max-width: 1024px) 100vw, 1024px\" \/><\/a><\/p>\n","protected":false},"excerpt":{"rendered":"<p>By Folk\u00e4rna S\u00f6dra Viltv\u00e5rdsomr\u00e5de \u00e4r ett av Folk\u00e4rna Jaktv\u00e5rdskrets jaktlag s\u00f6der om Dal\u00e4lven i Avesta kommun. Omr\u00e5det \u00e4r uppdelat i 4 distrikt. Jaktlagen ing\u00e5r n\u00e4r det g\u00e4ller \u00c4lgjakt i ett \u00c4lgsk\u00f6tselomr\u00e5de som heter S\u00f6der Dal\u00e4lvens \u00c4lgsk\u00f6tselomr\u00e5de. \u00c4lgsk\u00f6tselomr\u00e5det tillh\u00f6r i sin tur ett Viltf\u00f6rvaltningsomr\u00e5de i V\u00e4stmanlands l\u00e4n. H\u00e4runder l\u00e4ggs information som r\u00f6r hela omr\u00e5det F\u00f6r bilder [&hellip;]<\/p>\n","protected":false},"author":78,"featured_media":0,"parent":0,"menu_order":0,"comment_status":"closed","ping_status":"closed","template":"","meta":{"footnotes":""},"class_list":["post-8083","page","type-page","status-publish","hentry"],"_links":{"self":[{"href":"https:\/\/krets.jagareforbundet.se\/folkarna\/wp-json\/wp\/v2\/pages\/8083","targetHints":{"allow":["GET"]}}],"collection":[{"href":"https:\/\/krets.jagareforbundet.se\/folkarna\/wp-json\/wp\/v2\/pages"}],"about":[{"href":"https:\/\/krets.jagareforbundet.se\/folkarna\/wp-json\/wp\/v2\/types\/page"}],"author":[{"embeddable":true,"href":"https:\/\/krets.jagareforbundet.se\/folkarna\/wp-json\/wp\/v2\/users\/78"}],"replies":[{"embeddable":true,"href":"https:\/\/krets.jagareforbundet.se\/folkarna\/wp-json\/wp\/v2\/comments?post=8083"}],"version-history":[{"count":3,"href":"https:\/\/krets.jagareforbundet.se\/folkarna\/wp-json\/wp\/v2\/pages\/8083\/revisions"}],"predecessor-version":[{"id":8123,"href":"https:\/\/krets.jagareforbundet.se\/folkarna\/wp-json\/wp\/v2\/pages\/8083\/revisions\/8123"}],"wp:attachment":[{"href":"https:\/\/krets.jagareforbundet.se\/folkarna\/wp-json\/wp\/v2\/media?parent=8083"}],"curies":[{"name":"wp","href":"https:\/\/api.w.org\/{rel}","templated":true}]}}

By Folkärna Södra VVO

<p>By Folkärna Södra Viltvårdsområde är ett av Folkärna Jaktvårdskrets jaktlag söder om Dalälven i Avesta kommun. Området är uppdelat i 4 distrikt. Jaktlagen ingår när det gäller Älgjakt i ett Älgskötselområde som heter Söder Dalälvens Älgskötselområde. Älgskötselområdet tillhör i sin tur ett Viltförvaltningsområde i Västmanlands län.</p>
<p>Härunder läggs information som rör hela området</p>
<p>För bilder används &#8221;Lägg till media&#8221;</p>
<p>Ta bort bilder genom klicka i bilden välj &#8221;X&#8221;</p>
<p><a href="https://krets.jagareforbundet.se/folkarna/files/2020/10/IMAGE_7E34B0D03239B37.jpg"><br />
<img loading="lazy" decoding="async" class="aligncenter size-large wp-image-7569" src="https://krets.jagareforbundet.se/folkarna/files/2020/10/IMAGE_7E34B0D03239B37-1024x661.jpg" alt="" width="1024" height="661" srcset="https://krets.jagareforbundet.se/folkarna/files/2020/10/IMAGE_7E34B0D03239B37-1024x661.jpg 1024w, https://krets.jagareforbundet.se/folkarna/files/2020/10/IMAGE_7E34B0D03239B37-300x194.jpg 300w, https://krets.jagareforbundet.se/folkarna/files/2020/10/IMAGE_7E34B0D03239B37-768x496.jpg 768w, https://krets.jagareforbundet.se/folkarna/files/2020/10/IMAGE_7E34B0D03239B37.jpg 1036w" sizes="auto, (max-width: 1024px) 100vw, 1024px" /></a></p>

<p>By Folkärna Södra Viltvårdsområde är ett av Folkärna Jaktvårdskrets jaktlag söder om Dalälven i Avesta kommun. Området är uppdelat i 4 distrikt. Jaktlagen ingår när det gäller Älgjakt i ett Älgskötselområde som heter Söder Dalälvens Älgskötselområde. Älgskötselområdet tillhör i sin tur ett Viltförvaltningsområde i Västmanlands län. Härunder läggs information som rör hela området För bilder [&hellip;]</p>
