{"id":8320,"date":"2023-04-24T17:53:29","date_gmt":"2023-04-24T15:53:29","guid":{"rendered":"https:\/\/krets.jagareforbundet.se\/folkarna\/?page_id=8320"},"modified":"2023-09-27T18:32:35","modified_gmt":"2023-09-27T16:32:35","slug":"svvo-algjakt-2023","status":"publish","type":"page","link":"https:\/\/krets.jagareforbundet.se\/folkarna\/sigvagens-viltvardsomrade\/svvo-alg\/svvo-algjakt-2023\/","title":{"rendered":"SVVO \u00c4lgjakt 2023"},"content":{"rendered":"<p><a href=\"https:\/\/krets.jagareforbundet.se\/folkarna\/files\/2023\/09\/Karta-2-scaled.jpg\"><img loading=\"lazy\" decoding=\"async\" class=\"aligncenter size-large wp-image-8437\" src=\"https:\/\/krets.jagareforbundet.se\/folkarna\/files\/2023\/09\/Karta-2-1024x645.jpg\" alt=\"\" width=\"1024\" height=\"645\" srcset=\"https:\/\/krets.jagareforbundet.se\/folkarna\/files\/2023\/09\/Karta-2-1024x645.jpg 1024w, https:\/\/krets.jagareforbundet.se\/folkarna\/files\/2023\/09\/Karta-2-300x189.jpg 300w, https:\/\/krets.jagareforbundet.se\/folkarna\/files\/2023\/09\/Karta-2-768x484.jpg 768w, https:\/\/krets.jagareforbundet.se\/folkarna\/files\/2023\/09\/Karta-2-1536x967.jpg 1536w, https:\/\/krets.jagareforbundet.se\/folkarna\/files\/2023\/09\/Karta-2-2048x1290.jpg 2048w\" sizes=\"auto, (max-width: 1024px) 100vw, 1024px\" \/><\/a><\/p>\n<p>Karta S\u00f6dra s\u00e5ten 2023. Pass 2-5-11 n\u00e5s fr\u00e5n Snickarns v\u00e4g. Pass 3 -4 n\u00e5s fr\u00e5n \u00f6vre v\u00e4ndplan p\u00e5 H\u00f6gberget. Pass 9 n\u00e5s via L\u00e5ng\u00e5kern. Pass 19-21 n\u00e5s fr\u00e5n Myggans.<\/p>\n<p>&nbsp;<\/p>\n","protected":false},"excerpt":{"rendered":"<p>Karta S\u00f6dra s\u00e5ten 2023. Pass 2-5-11 n\u00e5s fr\u00e5n Snickarns v\u00e4g. Pass 3 -4 n\u00e5s fr\u00e5n \u00f6vre v\u00e4ndplan p\u00e5 H\u00f6gberget. Pass 9 n\u00e5s via L\u00e5ng\u00e5kern. Pass 19-21 n\u00e5s fr\u00e5n Myggans. &nbsp;<\/p>\n","protected":false},"author":78,"featured_media":0,"parent":6654,"menu_order":1,"comment_status":"closed","ping_status":"closed","template":"","meta":{"footnotes":""},"class_list":["post-8320","page","type-page","status-publish","hentry"],"_links":{"self":[{"href":"https:\/\/krets.jagareforbundet.se\/folkarna\/wp-json\/wp\/v2\/pages\/8320","targetHints":{"allow":["GET"]}}],"collection":[{"href":"https:\/\/krets.jagareforbundet.se\/folkarna\/wp-json\/wp\/v2\/pages"}],"about":[{"href":"https:\/\/krets.jagareforbundet.se\/folkarna\/wp-json\/wp\/v2\/types\/page"}],"author":[{"embeddable":true,"href":"https:\/\/krets.jagareforbundet.se\/folkarna\/wp-json\/wp\/v2\/users\/78"}],"replies":[{"embeddable":true,"href":"https:\/\/krets.jagareforbundet.se\/folkarna\/wp-json\/wp\/v2\/comments?post=8320"}],"version-history":[{"count":3,"href":"https:\/\/krets.jagareforbundet.se\/folkarna\/wp-json\/wp\/v2\/pages\/8320\/revisions"}],"predecessor-version":[{"id":8438,"href":"https:\/\/krets.jagareforbundet.se\/folkarna\/wp-json\/wp\/v2\/pages\/8320\/revisions\/8438"}],"up":[{"embeddable":true,"href":"https:\/\/krets.jagareforbundet.se\/folkarna\/wp-json\/wp\/v2\/pages\/6654"}],"wp:attachment":[{"href":"https:\/\/krets.jagareforbundet.se\/folkarna\/wp-json\/wp\/v2\/media?parent=8320"}],"curies":[{"name":"wp","href":"https:\/\/api.w.org\/{rel}","templated":true}]}}

SVVO Älgjakt 2023

<p><a href="https://krets.jagareforbundet.se/folkarna/files/2023/09/Karta-2-scaled.jpg"><img loading="lazy" decoding="async" class="aligncenter size-large wp-image-8437" src="https://krets.jagareforbundet.se/folkarna/files/2023/09/Karta-2-1024x645.jpg" alt="" width="1024" height="645" srcset="https://krets.jagareforbundet.se/folkarna/files/2023/09/Karta-2-1024x645.jpg 1024w, https://krets.jagareforbundet.se/folkarna/files/2023/09/Karta-2-300x189.jpg 300w, https://krets.jagareforbundet.se/folkarna/files/2023/09/Karta-2-768x484.jpg 768w, https://krets.jagareforbundet.se/folkarna/files/2023/09/Karta-2-1536x967.jpg 1536w, https://krets.jagareforbundet.se/folkarna/files/2023/09/Karta-2-2048x1290.jpg 2048w" sizes="auto, (max-width: 1024px) 100vw, 1024px" /></a></p>
<p>Karta Södra såten 2023. Pass 2-5-11 nås från Snickarns väg. Pass 3 -4 nås från övre vändplan på Högberget. Pass 9 nås via Långåkern. Pass 19-21 nås från Myggans.</p>
<p>&nbsp;</p>

<p>Karta Södra såten 2023. Pass 2-5-11 nås från Snickarns väg. Pass 3 -4 nås från övre vändplan på Högberget. Pass 9 nås via Långåkern. Pass 19-21 nås från Myggans. &nbsp;</p>
