{"id":161,"date":"2013-04-05T12:26:41","date_gmt":"2013-04-05T10:26:41","guid":{"rendered":"https:\/\/krets.jagareforbundet.se\/gallivare\/?page_id=161"},"modified":"2013-05-29T11:34:38","modified_gmt":"2013-05-29T09:34:38","slug":"godkanda-hundar-for-bjorneftersok","status":"publish","type":"page","link":"https:\/\/krets.jagareforbundet.se\/gallivare\/godkanda-hundar-for-bjorneftersok\/","title":{"rendered":"Godk\u00e4nda hundar f\u00f6r bj\u00f6rnefters\u00f6k\/G\u00e4llivare"},"content":{"rendered":"<p>&nbsp;<\/p>\n<p align=\"left\">Lars \u00d6deryd R\u00f6dingv\u00e4gen 16, 983 34 Malmberget<br \/>\n0970-25014, 070-319 60 18<br \/>\nG G G G G 2008 Hane, J\u00e4mthund<\/p>\n<p align=\"left\">Jan-Ove J\u00e4nkenp\u00e4\u00e4 Markitta 87, 982 91 G\u00e4llivare<br \/>\n070-357 14 40<br \/>\nG G G G 2009 Tik, Vit \u00e4lghund<\/p>\n<p align=\"left\">Jimmy Johansson Eskos v\u00e4g 2, 980 41 Hakkas<br \/>\n070-552 06 16<br \/>\nG 2010 Hane, J\u00e4mthund<\/p>\n<p align=\"left\">Per Anders Isaksson Kalixv\u00e4gen 35, 980 41 Hakkas<br \/>\nG 2010 Hane,<\/p>\n<p align=\"left\">Lena Helin Fj\u00e4lln\u00e4sgr\u00e4nd 32 A, 982 39 G\u00e4llivare<br \/>\n0970-55721, 070-604 93 81<br \/>\nG 2010 Hane, Borderterrier Inofficiellt pro, ej efters\u00f6kskurs<\/p>\n","protected":false},"excerpt":{"rendered":"<p>&nbsp; Lars \u00d6deryd R\u00f6dingv\u00e4gen 16, 983 34 Malmberget 0970-25014, 070-319 60 18 G G G G G 2008 Hane, J\u00e4mthund Jan-Ove J\u00e4nkenp\u00e4\u00e4 Markitta 87, 982 91 G\u00e4llivare 070-357 14 40 G G G G 2009 Tik, Vit \u00e4lghund Jimmy Johansson Eskos v\u00e4g 2, 980 41 Hakkas 070-552 06 16 G 2010 Hane, J\u00e4mthund Per Anders [&hellip;]<\/p>\n","protected":false},"author":89,"featured_media":0,"parent":0,"menu_order":0,"comment_status":"open","ping_status":"open","template":"","meta":{"footnotes":""},"class_list":["post-161","page","type-page","status-publish","hentry"],"_links":{"self":[{"href":"https:\/\/krets.jagareforbundet.se\/gallivare\/wp-json\/wp\/v2\/pages\/161","targetHints":{"allow":["GET"]}}],"collection":[{"href":"https:\/\/krets.jagareforbundet.se\/gallivare\/wp-json\/wp\/v2\/pages"}],"about":[{"href":"https:\/\/krets.jagareforbundet.se\/gallivare\/wp-json\/wp\/v2\/types\/page"}],"author":[{"embeddable":true,"href":"https:\/\/krets.jagareforbundet.se\/gallivare\/wp-json\/wp\/v2\/users\/89"}],"replies":[{"embeddable":true,"href":"https:\/\/krets.jagareforbundet.se\/gallivare\/wp-json\/wp\/v2\/comments?post=161"}],"version-history":[{"count":0,"href":"https:\/\/krets.jagareforbundet.se\/gallivare\/wp-json\/wp\/v2\/pages\/161\/revisions"}],"wp:attachment":[{"href":"https:\/\/krets.jagareforbundet.se\/gallivare\/wp-json\/wp\/v2\/media?parent=161"}],"curies":[{"name":"wp","href":"https:\/\/api.w.org\/{rel}","templated":true}]}}