{"id":155,"date":"2016-02-25T20:35:14","date_gmt":"2016-02-25T19:35:14","guid":{"rendered":"https:\/\/krets.jagareforbundet.se\/gavlenorra\/?page_id=155"},"modified":"2026-02-18T13:18:57","modified_gmt":"2026-02-18T12:18:57","slug":"varje-jaktlag-sodra-kretsen","status":"publish","type":"page","link":"https:\/\/krets.jagareforbundet.se\/gavlenorra\/cesiumrapport\/varje-jaktlag-sodra-kretsen\/","title":{"rendered":"Varje jaktlag &#8211; S\u00f6dra Kretsen"},"content":{"rendered":"<p>Denna fil inneh\u00e5ller alla jaktlagen i S\u00f6drakretsen&#8217;s inrapporterade vilt.<\/p>\n<p>\u00d6ppna Excelbladet &#8211; en flik per jaktlag.<\/p>\n<p><a href=\"https:\/\/krets.jagareforbundet.se\/gavlenorra\/files\/2026\/02\/Cesium-Krets-Gavle-Sodra-15-2025.xls\">Cesium Krets G\u00e4vle S\u00f6dra 15-2025<\/a><\/p>\n","protected":false},"excerpt":{"rendered":"<p>Denna fil inneh\u00e5ller alla jaktlagen i S\u00f6drakretsen&#8217;s inrapporterade vilt. \u00d6ppna Excelbladet &#8211; en flik per jaktlag. Cesium Krets G\u00e4vle S\u00f6dra 15-2025<\/p>\n","protected":false},"author":224,"featured_media":0,"parent":143,"menu_order":0,"comment_status":"closed","ping_status":"closed","template":"","meta":{"jetpack_post_was_ever_published":false,"footnotes":""},"class_list":["post-155","page","type-page","status-publish","hentry"],"_links":{"self":[{"href":"https:\/\/krets.jagareforbundet.se\/gavlenorra\/wp-json\/wp\/v2\/pages\/155","targetHints":{"allow":["GET"]}}],"collection":[{"href":"https:\/\/krets.jagareforbundet.se\/gavlenorra\/wp-json\/wp\/v2\/pages"}],"about":[{"href":"https:\/\/krets.jagareforbundet.se\/gavlenorra\/wp-json\/wp\/v2\/types\/page"}],"author":[{"embeddable":true,"href":"https:\/\/krets.jagareforbundet.se\/gavlenorra\/wp-json\/wp\/v2\/users\/224"}],"replies":[{"embeddable":true,"href":"https:\/\/krets.jagareforbundet.se\/gavlenorra\/wp-json\/wp\/v2\/comments?post=155"}],"version-history":[{"count":3,"href":"https:\/\/krets.jagareforbundet.se\/gavlenorra\/wp-json\/wp\/v2\/pages\/155\/revisions"}],"predecessor-version":[{"id":379,"href":"https:\/\/krets.jagareforbundet.se\/gavlenorra\/wp-json\/wp\/v2\/pages\/155\/revisions\/379"}],"up":[{"embeddable":true,"href":"https:\/\/krets.jagareforbundet.se\/gavlenorra\/wp-json\/wp\/v2\/pages\/143"}],"wp:attachment":[{"href":"https:\/\/krets.jagareforbundet.se\/gavlenorra\/wp-json\/wp\/v2\/media?parent=155"}],"curies":[{"name":"wp","href":"https:\/\/api.w.org\/{rel}","templated":true}]}}