{"id":853,"date":"2026-02-02T23:15:09","date_gmt":"2026-02-02T22:15:09","guid":{"rendered":"https:\/\/krets.jagareforbundet.se\/gnosjo\/?page_id=853"},"modified":"2026-04-16T19:21:17","modified_gmt":"2026-04-16T17:21:17","slug":"lm-trap-27-juni-2026-2","status":"publish","type":"page","link":"https:\/\/krets.jagareforbundet.se\/gnosjo\/lm-trap-27-juni-2026-2\/","title":{"rendered":"5.2 LM-Trap, 27 juni, 2026"},"content":{"rendered":"<p>\u00c5ter igen kommer vi h\u00e5lla LM-Trap i Gnosj\u00f6.<\/p>\n<p>Sikta in er p\u00e5 en trevlig t\u00e4vling 27\/6, 2026 p\u00e5 Gullstensmonbanan<\/p>\n<p><img loading=\"lazy\" decoding=\"async\" class=\" wp-image-845\" src=\"https:\/\/krets.jagareforbundet.se\/gnosjo\/files\/2026\/01\/IMG_2718-2.jpeg\" alt=\"\" width=\"858\" height=\"621\" aria-describedby=\"caption-attachment-845\" srcset=\"https:\/\/krets.jagareforbundet.se\/gnosjo\/files\/2026\/01\/IMG_2718-2.jpeg 1284w, https:\/\/krets.jagareforbundet.se\/gnosjo\/files\/2026\/01\/IMG_2718-2-300x217.jpeg 300w, https:\/\/krets.jagareforbundet.se\/gnosjo\/files\/2026\/01\/IMG_2718-2-1024x741.jpeg 1024w, https:\/\/krets.jagareforbundet.se\/gnosjo\/files\/2026\/01\/IMG_2718-2-768x556.jpeg 768w\" sizes=\"auto, (max-width: 858px) 100vw, 858px\" \/><\/p>\n","protected":false},"excerpt":{"rendered":"<p>\u00c5ter igen kommer vi h\u00e5lla LM-Trap i Gnosj\u00f6. Sikta in er p\u00e5 en trevlig t\u00e4vling 27\/6, 2026 p\u00e5 Gullstensmonbanan<\/p>\n","protected":false},"author":72,"featured_media":0,"parent":0,"menu_order":0,"comment_status":"closed","ping_status":"closed","template":"","meta":{"footnotes":""},"class_list":["post-853","page","type-page","status-publish","hentry"],"_links":{"self":[{"href":"https:\/\/krets.jagareforbundet.se\/gnosjo\/wp-json\/wp\/v2\/pages\/853","targetHints":{"allow":["GET"]}}],"collection":[{"href":"https:\/\/krets.jagareforbundet.se\/gnosjo\/wp-json\/wp\/v2\/pages"}],"about":[{"href":"https:\/\/krets.jagareforbundet.se\/gnosjo\/wp-json\/wp\/v2\/types\/page"}],"author":[{"embeddable":true,"href":"https:\/\/krets.jagareforbundet.se\/gnosjo\/wp-json\/wp\/v2\/users\/72"}],"replies":[{"embeddable":true,"href":"https:\/\/krets.jagareforbundet.se\/gnosjo\/wp-json\/wp\/v2\/comments?post=853"}],"version-history":[{"count":3,"href":"https:\/\/krets.jagareforbundet.se\/gnosjo\/wp-json\/wp\/v2\/pages\/853\/revisions"}],"predecessor-version":[{"id":948,"href":"https:\/\/krets.jagareforbundet.se\/gnosjo\/wp-json\/wp\/v2\/pages\/853\/revisions\/948"}],"wp:attachment":[{"href":"https:\/\/krets.jagareforbundet.se\/gnosjo\/wp-json\/wp\/v2\/media?parent=853"}],"curies":[{"name":"wp","href":"https:\/\/api.w.org\/{rel}","templated":true}]}}