{"id":28,"date":"2011-09-09T08:06:13","date_gmt":"2011-09-09T08:06:13","guid":{"rendered":"https:\/\/krets.jagareforbundet.se\/template\/?page_id=28"},"modified":"2026-02-19T16:16:49","modified_gmt":"2026-02-19T15:16:49","slug":"kontakta-oss","status":"publish","type":"page","link":"https:\/\/krets.jagareforbundet.se\/gotlandmellersta\/kontakta-oss\/","title":{"rendered":"Kontakta oss"},"content":{"rendered":"<p>Hej &#8211; kontakta oss g\u00e4rna genom att fylla i formul\u00e4ret s\u00e5 \u00e5terkommer vi inom kort<\/p>\n<p>Du kan ocks\u00e5 skicka ett mejl till<a href=\"mailto:gotlandmellerstajvk@gmail.com\"> gotlandmellerstajvk@gmail.com<\/a><\/p>\n<p>&nbsp;<\/p>\n<p><a href=\"https:\/\/krets.jagareforbundet.se\/gotlandmellersta\/files\/2026\/02\/st_sjf_gron_mellersta-scaled.jpg\"><img loading=\"lazy\" decoding=\"async\" class=\"alignnone wp-image-154\" src=\"https:\/\/krets.jagareforbundet.se\/gotlandmellersta\/files\/2026\/02\/st_sjf_gron_mellersta-1024x600.jpg\" alt=\"\" width=\"329\" height=\"193\" srcset=\"https:\/\/krets.jagareforbundet.se\/gotlandmellersta\/files\/2026\/02\/st_sjf_gron_mellersta-1024x600.jpg 1024w, https:\/\/krets.jagareforbundet.se\/gotlandmellersta\/files\/2026\/02\/st_sjf_gron_mellersta-300x176.jpg 300w, https:\/\/krets.jagareforbundet.se\/gotlandmellersta\/files\/2026\/02\/st_sjf_gron_mellersta-768x450.jpg 768w, https:\/\/krets.jagareforbundet.se\/gotlandmellersta\/files\/2026\/02\/st_sjf_gron_mellersta-1536x900.jpg 1536w, https:\/\/krets.jagareforbundet.se\/gotlandmellersta\/files\/2026\/02\/st_sjf_gron_mellersta-2048x1200.jpg 2048w\" sizes=\"auto, (max-width: 329px) 100vw, 329px\" \/><\/a><\/p>\n","protected":false},"excerpt":{"rendered":"<p>Hej &#8211; kontakta oss g\u00e4rna genom att fylla i formul\u00e4ret s\u00e5 \u00e5terkommer vi inom kort Du kan ocks\u00e5 skicka ett mejl till gotlandmellerstajvk@gmail.com &nbsp;<\/p>\n","protected":false},"author":3,"featured_media":0,"parent":0,"menu_order":2,"comment_status":"open","ping_status":"open","template":"template-contact.php","meta":{"footnotes":""},"class_list":["post-28","page","type-page","status-publish","hentry"],"_links":{"self":[{"href":"https:\/\/krets.jagareforbundet.se\/gotlandmellersta\/wp-json\/wp\/v2\/pages\/28","targetHints":{"allow":["GET"]}}],"collection":[{"href":"https:\/\/krets.jagareforbundet.se\/gotlandmellersta\/wp-json\/wp\/v2\/pages"}],"about":[{"href":"https:\/\/krets.jagareforbundet.se\/gotlandmellersta\/wp-json\/wp\/v2\/types\/page"}],"author":[{"embeddable":true,"href":"https:\/\/krets.jagareforbundet.se\/gotlandmellersta\/wp-json\/wp\/v2\/users\/3"}],"replies":[{"embeddable":true,"href":"https:\/\/krets.jagareforbundet.se\/gotlandmellersta\/wp-json\/wp\/v2\/comments?post=28"}],"version-history":[{"count":3,"href":"https:\/\/krets.jagareforbundet.se\/gotlandmellersta\/wp-json\/wp\/v2\/pages\/28\/revisions"}],"predecessor-version":[{"id":196,"href":"https:\/\/krets.jagareforbundet.se\/gotlandmellersta\/wp-json\/wp\/v2\/pages\/28\/revisions\/196"}],"wp:attachment":[{"href":"https:\/\/krets.jagareforbundet.se\/gotlandmellersta\/wp-json\/wp\/v2\/media?parent=28"}],"curies":[{"name":"wp","href":"https:\/\/api.w.org\/{rel}","templated":true}]}}