{"id":1121,"date":"2014-11-16T09:59:24","date_gmt":"2014-11-16T08:59:24","guid":{"rendered":"https:\/\/krets.jagareforbundet.se\/haningetyreso\/?page_id=1121"},"modified":"2020-08-09T11:13:26","modified_gmt":"2020-08-09T09:13:26","slug":"tjaderjakt","status":"publish","type":"page","link":"https:\/\/krets.jagareforbundet.se\/haningetyreso\/tips-fran-konservatorn\/tjaderjakt\/","title":{"rendered":"Tj\u00e4derjakt"},"content":{"rendered":"<p>Text och bild: Lena S\u00f6derman<\/p>\n<div class=\"woo-sc-quote\"><p>En stor tj\u00e4dertupp \u00e4r pampig att ha p\u00e5 v\u00e4ggen eller p\u00e5 en sten bredvid soffan.<\/p><\/div>\n<p>Ofta anv\u00e4nder vi hundar vid jakten. Skall du montera din tupp \u00e4r det inte l\u00e4mpligt att hunden f\u00e5r rycka i f\u00e5geln, inte ens apportera den. Fj\u00e4drar som lossnar eller g\u00e5r s\u00f6nder g\u00e5r inte att laga.<a href=\"https:\/\/krets.jagareforbundet.se\/haningetyreso\/files\/2020\/08\/levererad_tupp.jpg\"><img loading=\"lazy\" decoding=\"async\" class=\"aligncenter size-medium wp-image-1587\" src=\"https:\/\/krets.jagareforbundet.se\/haningetyreso\/files\/2020\/08\/levererad_tupp-298x300.jpg\" alt=\"\" width=\"298\" height=\"300\" srcset=\"https:\/\/krets.jagareforbundet.se\/haningetyreso\/files\/2020\/08\/levererad_tupp-298x300.jpg 298w, https:\/\/krets.jagareforbundet.se\/haningetyreso\/files\/2020\/08\/levererad_tupp-150x150.jpg 150w, https:\/\/krets.jagareforbundet.se\/haningetyreso\/files\/2020\/08\/levererad_tupp.jpg 716w\" sizes=\"auto, (max-width: 298px) 100vw, 298px\" \/><\/a><\/p>\n<p>Behandla f\u00e5geln varligt b\u00e5de hem fr\u00e5n skogen och utanf\u00f6r jaktkojan. Du b\u00f6r inte h\u00e4nga den i benet eller i halsen. Ibland f\u00e5r jag in tuppar d\u00e4r sn\u00f6ret fortfarande sitter kvar runt huvudet och alla fj\u00e4drar d\u00e4r \u00e4r d\u00e5liga. L\u00e4gg f\u00e5geln i ryggs\u00e4cken p\u00e5 v\u00e4g hem fr\u00e5n jakten.<\/p>\n<p>Ett tips f\u00f6r att skydda fj\u00e4drarna \u00e4r att tr\u00e4 p\u00e5 en damstrumpa \u00f6ver hela f\u00e5geln, den h\u00e5ller fj\u00e4drarna fint p\u00e5 plats.<\/p>\n<p>Har man tillg\u00e5ng till bomull eller papper kan man trycka ner lite i svalget. Blod p\u00e5 fj\u00e4drarna kan ge stipig fj\u00e4derdr\u00e4ckt. F\u00e5glarna g\u00e5r att tv\u00e4tta men en ren o snygg f\u00e5gel ger b\u00e4st resultat.<\/p>\n<p>En f\u00e5gel som \u00e4r skjuten f\u00f6r tidigt p\u00e5 s\u00e4songen har ofta mycket blodpennor, allts\u00e5 d\u00e5 f\u00e5geln byter fj\u00e4drar inf\u00f6r vintern och har sm\u00e5 blodfyllda spolar l\u00e4ngst ner p\u00e5 fj\u00e4dern. Dessa sitter l\u00f6sare och dr\u00e4kten \u00e4r ofta v\u00e4ldigt d\u00e5lig. Detta m\u00e4rker man oftast inte sj\u00e4lv men n\u00e4r den skall monteras ramlar fj\u00e4drarna av. B\u00e4sta \u00e4r allts\u00e5 att skjuta tuppen s\u00e5 sent p\u00e5 \u00e5ret som m\u00f6jligt, tidigast i slutet av oktober eller b\u00f6rjan av november.<\/p>\n<p>Vik ihop f\u00e5geln och l\u00e4gg den i en t\u00e4t plastp\u00e5se. Bryt inga vingar utan l\u00e4gg dem intill kroppen. Kn\u00f6ggla inga stj\u00e4rtfj\u00e4drar. \u00c4r p\u00e5sen f\u00f6r liten, l\u00e5t dem sticka ut.<\/p>\n<p><em><strong>Andra arter som g\u00e5r att montera, och n\u00e4r<br \/>\n<\/strong><\/em>Orre<strong> &#8211;\u00a0<\/strong> som tj\u00e4der, b\u00f6r i s\u00e5 fall skjutas tidigast i slutet av oktober, b\u00f6rjan av november eller senare<br \/>\nRipa<strong> &#8211;\u00a0<\/strong>\u00a0i slutet av september, b\u00f6rjan av oktober, men helst mellan december-februari<br \/>\nJ\u00e4rpe &#8211; i slutet av december eller senare<br \/>\nFasan &#8211; ruggar sent, s\u00e5 tidigast i november men helst slutet december-januari<br \/>\nMorkulla &#8211; i slutet september, b\u00f6rjan av oktober<\/p>\n<p><strong><em>Saker att t\u00e4nka p\u00e5<\/em><\/strong><em><br \/>\n<\/em><em>&#8211; Var beredd redan i skogen om du skall spara f\u00e5geln<br \/>\n<\/em><em>&#8211; L\u00e5t inte hunden apportera<br \/>\n<\/em><em>&#8211; B\u00e4r inte f\u00e5glen i huvud eller ben. L\u00e4gg f\u00e5geln i ryggs\u00e4cken och g\u00e4rna med en damstrumpa runt<br \/>\n<\/em><em>&#8211; Vill du ha helmontage, l\u00e5t konservatorn f\u00e5 hela f\u00e5geln. Plocka inte ut n\u00e5gra br\u00f6stbitar<br \/>\n<\/em><em>&#8211; \u00a0Kyl ner f\u00e5geln snabbt och l\u00e4gg i frysen<br \/>\n<\/em><em>&#8211; \u00c4r f\u00e5geln s\u00f6nderskjuten g\u00e5r det alltid att spara huvud och br\u00f6st och g\u00f6ra ett bogmontage. Med eller utan stj\u00e4rt. Tycke o smak.<\/em><\/p>\n<p><em>\u00a0<\/em><\/p>\n<p><em><span class=\"shortcode-typography\" style=\"font-family: 'Calligraffitti'; font-size: 24px; color: #000000;\">Lycka till med din tj\u00e4der<\/span> \u00a0<\/em><\/p>\n<span class=\"shortcode-typography\" style=\"font-family: 'Calligraffitti'; font-size: 18px; color: #000000;\">H\u00e4lsningar\u00a0Konservatorn<\/span>\n","protected":false},"excerpt":{"rendered":"<p>Text och bild: Lena S\u00f6derman Ofta anv\u00e4nder vi hundar vid jakten. Skall du montera din tupp \u00e4r det inte l\u00e4mpligt att hunden f\u00e5r rycka i f\u00e5geln, inte ens apportera den. Fj\u00e4drar som lossnar eller g\u00e5r s\u00f6nder g\u00e5r inte att laga. Behandla f\u00e5geln varligt b\u00e5de hem fr\u00e5n skogen och utanf\u00f6r jaktkojan. Du b\u00f6r inte h\u00e4nga den [&hellip;]<\/p>\n","protected":false},"author":101,"featured_media":0,"parent":1059,"menu_order":3,"comment_status":"closed","ping_status":"closed","template":"","meta":{"footnotes":""},"class_list":["post-1121","page","type-page","status-publish","hentry"],"_links":{"self":[{"href":"https:\/\/krets.jagareforbundet.se\/haningetyreso\/wp-json\/wp\/v2\/pages\/1121","targetHints":{"allow":["GET"]}}],"collection":[{"href":"https:\/\/krets.jagareforbundet.se\/haningetyreso\/wp-json\/wp\/v2\/pages"}],"about":[{"href":"https:\/\/krets.jagareforbundet.se\/haningetyreso\/wp-json\/wp\/v2\/types\/page"}],"author":[{"embeddable":true,"href":"https:\/\/krets.jagareforbundet.se\/haningetyreso\/wp-json\/wp\/v2\/users\/101"}],"replies":[{"embeddable":true,"href":"https:\/\/krets.jagareforbundet.se\/haningetyreso\/wp-json\/wp\/v2\/comments?post=1121"}],"version-history":[{"count":1,"href":"https:\/\/krets.jagareforbundet.se\/haningetyreso\/wp-json\/wp\/v2\/pages\/1121\/revisions"}],"predecessor-version":[{"id":1589,"href":"https:\/\/krets.jagareforbundet.se\/haningetyreso\/wp-json\/wp\/v2\/pages\/1121\/revisions\/1589"}],"up":[{"embeddable":true,"href":"https:\/\/krets.jagareforbundet.se\/haningetyreso\/wp-json\/wp\/v2\/pages\/1059"}],"wp:attachment":[{"href":"https:\/\/krets.jagareforbundet.se\/haningetyreso\/wp-json\/wp\/v2\/media?parent=1121"}],"curies":[{"name":"wp","href":"https:\/\/api.w.org\/{rel}","templated":true}]}}