{"id":1440,"date":"2016-12-19T20:13:41","date_gmt":"2016-12-19T19:13:41","guid":{"rendered":"https:\/\/krets.jagareforbundet.se\/haningetyreso\/?page_id=1440"},"modified":"2026-01-19T19:25:16","modified_gmt":"2026-01-19T18:25:16","slug":"arsmotesdokument-2011-2015","status":"publish","type":"page","link":"https:\/\/krets.jagareforbundet.se\/haningetyreso\/dokument\/arsmotesdokument-2011-2015\/","title":{"rendered":"\u00c5rsm\u00f6tesdokument 2011-2025"},"content":{"rendered":"<p>2025<\/p>\n<p><a href=\"https:\/\/krets.jagareforbundet.se\/haningetyreso\/files\/2025\/04\/Protokoll-arsmote-2025.pdf\">Protokoll \u00e5rsm\u00f6te 2025<\/a><\/p>\n<p><a href=\"https:\/\/krets.jagareforbundet.se\/haningetyreso\/files\/2025\/01\/Verksamhetsberattelse-2024.pdf\" target=\"_blank\" rel=\"noopener\">Verksamhetsber\u00e4ttelse 2024<\/a><\/p>\n<p><a href=\"https:\/\/krets.jagareforbundet.se\/haningetyreso\/files\/2025\/04\/Revisionsberattelse-2024.pdf\">Revisionsber\u00e4ttelse 2024<\/a><\/p>\n<p>2024<\/p>\n<p><a href=\"https:\/\/krets.jagareforbundet.se\/haningetyreso\/files\/2024\/03\/Verksamhetsberattelse-inkl-revision-2023.pdf\" target=\"_blank\" rel=\"noopener\">Verksamhetsber\u00e4ttelse inkl revision 2023<\/a><\/p>\n<p><a href=\"https:\/\/krets.jagareforbundet.se\/haningetyreso\/files\/2024\/03\/Protokoll-arsmote-2024.pdf\" target=\"_blank\" rel=\"noopener\">Protokoll \u00e5rsm\u00f6te 2024<\/a><\/p>\n<p>2023<\/p>\n<p><a href=\"https:\/\/krets.jagareforbundet.se\/haningetyreso\/files\/2023\/04\/Protokoll-arsmote-2023-godk-av-Rolf-E-Sten-T-Mats-E.pdf\" target=\"_blank\" rel=\"noopener\">Protokoll \u00e5rsm\u00f6te 2023<\/a><\/p>\n<p><a href=\"https:\/\/krets.jagareforbundet.se\/haningetyreso\/files\/2023\/04\/Verksamhetsberattelse-inkl-revision-2022.pdf\" target=\"_blank\" rel=\"noopener\">Verksamhetsber\u00e4ttelse inkl revision 2022<\/a><\/p>\n<p><a href=\"https:\/\/krets.jagareforbundet.se\/haningetyreso\/files\/2023\/01\/Dagordning-arsmote-7-febr.pdf\" target=\"_blank\" rel=\"noopener\">Dagordning \u00e5rsm\u00f6te 7 febr<\/a><\/p>\n<p><a href=\"https:\/\/krets.jagareforbundet.se\/haningetyreso\/files\/2023\/01\/Motion-gallande-Hagelhylsor-och-forladdningar.pdf\" target=\"_blank\" rel=\"noopener\">Motion g\u00e4llande Hagelhylsor och f\u00f6rladdningar<\/a><\/p>\n<p>2022<\/p>\n<p><a href=\"https:\/\/krets.jagareforbundet.se\/haningetyreso\/files\/2022\/02\/Verksamhetsberattelse-2021.pdf\">Verksamhetsber\u00e4ttelse 2021<\/a><\/p>\n<p>2021<\/p>\n<p><a href=\"https:\/\/krets.jagareforbundet.se\/haningetyreso\/files\/2021\/03\/Verksamhetsberattelse-inkl-revisionsberattelse-2020.pdf\">Verksamhetsber\u00e4ttelse inkl revisionsber\u00e4ttelse 2020<\/a><\/p>\n<p><a href=\"https:\/\/krets.jagareforbundet.se\/haningetyreso\/files\/2021\/03\/Arsmotesprotokoll-2021.pdf\">\u00c5rsm\u00f6tesprotokoll 2021<\/a><\/p>\n<p>2020<\/p>\n<p><a href=\"https:\/\/krets.jagareforbundet.se\/haningetyreso\/files\/2021\/01\/Protokoll-arsmote-2020.pdf\">Protokoll \u00e5rsm\u00f6te 2020<\/a><\/p>\n<p><a href=\"https:\/\/krets.jagareforbundet.se\/haningetyreso\/files\/2021\/01\/Verksamhetsberattelse-2019.pdf\">Verksamhetsber\u00e4ttelse 2019<\/a><\/p>\n<p>2016<\/p>\n<p><a href=\"https:\/\/krets.jagareforbundet.se\/haningetyreso\/files\/2013\/05\/arsmotesprotokoll_2016.pdf\">Protokoll \u00e5rsm\u00f6te 2016<\/a><\/p>\n<p><a href=\"https:\/\/krets.jagareforbundet.se\/haningetyreso\/files\/2013\/05\/verksamhetsberattelse-2015.pdf\" target=\"_blank\" rel=\"noopener\">Verksamhetsber\u00e4ttelse 2015<\/a><\/p>\n<p><strong>Presentationer fr\u00e5n \u00e5rsm\u00f6tet 2016<\/strong><\/p>\n<p><a href=\"https:\/\/krets.jagareforbundet.se\/haningetyreso\/files\/2011\/09\/trafikolyckor-med-vilt-viltovervakning-arsmote-haninge-tyreso-2016.pdf\" target=\"_blank\" rel=\"noopener\">Trafikolyckor med vilt &amp; Vilt\u00f6vervakning<\/a><\/p>\n<p><a href=\"https:\/\/krets.jagareforbundet.se\/haningetyreso\/files\/2011\/09\/vaga-prata-etik.pdf\" target=\"_blank\" rel=\"noopener\">V\u00e5ga prata etik<\/a><\/p>\n<p>2015<\/p>\n<p><a href=\"https:\/\/krets.jagareforbundet.se\/haningetyreso\/files\/2015\/03\/Protokoll-\u00e5rsm\u00f6te-2015.pdf\" target=\"_blank\" rel=\"noopener\">Protokoll \u00e5rsm\u00f6te 2015<\/a><\/p>\n<p><a href=\"https:\/\/krets.jagareforbundet.se\/haningetyreso\/files\/2015\/03\/Verksamhetsber\u00e4ttelse-2014-2.pdf\" target=\"_blank\" rel=\"noopener\">Verksamhetsber\u00e4ttelse 2014<\/a><\/p>\n<p>2014<\/p>\n<p><a href=\"https:\/\/krets.jagareforbundet.se\/haningetyreso\/files\/2014\/03\/\u00c5rsm\u00f6tesprotokoll-2014.pdf\" target=\"_blank\" rel=\"noopener\">\u00c5rsm\u00f6tesprotokoll 2014<\/a><\/p>\n<p>2013<\/p>\n<p><a href=\"https:\/\/krets.jagareforbundet.se\/haningetyreso\/files\/2013\/11\/Underskrivet-\u00e5rsm\u00f6tesprotokoll-2013.pdf\" target=\"_blank\" rel=\"noopener\">\u00c5rsm\u00f6tesprotokoll 2013<\/a><\/p>\n<p><a href=\"https:\/\/krets.jagareforbundet.se\/haningetyreso\/files\/2013\/05\/Verksamhetsber\u00e4ttelse-2013.pdf\" target=\"_blank\" rel=\"noopener\">Verksamhetsber\u00e4ttelse 2013<\/a><\/p>\n<p>2012<\/p>\n<p><a href=\"https:\/\/krets.jagareforbundet.se\/haningetyreso\/files\/2013\/05\/\u00c5rsm\u00f6tesprotokoll-2012-Haninge-Tyres\u00f6.pdf\">\u00c5rsm\u00f6tesprotokoll 2012<\/a><\/p>\n<p><a href=\"https:\/\/krets.jagareforbundet.se\/haningetyreso\/files\/2013\/05\/Verksamhetsber\u00e4ttelse-2012.pdf\">Verksamhetsber\u00e4ttelse 2012<\/a><\/p>\n<p>2011<\/p>\n<p><a href=\"https:\/\/krets.jagareforbundet.se\/haningetyreso\/files\/2013\/05\/\u00c5rsm\u00f6tesprotokoll-2011-Haninge-Tyres\u00f6.pdf\">\u00c5rsm\u00f6tesprotokoll 2011<\/a><\/p>\n<p><a href=\"https:\/\/krets.jagareforbundet.se\/haningetyreso\/files\/2013\/05\/Verksamhetsber\u00e4ttelse-2011.pdf\">Verksamhetsber\u00e4ttelse 2011<\/a><\/p>\n<p>[\/box]<\/p>\n","protected":false},"excerpt":{"rendered":"<p>2025 Protokoll \u00e5rsm\u00f6te 2025 Verksamhetsber\u00e4ttelse 2024 Revisionsber\u00e4ttelse 2024 2024 Verksamhetsber\u00e4ttelse inkl revision 2023 Protokoll \u00e5rsm\u00f6te 2024 2023 Protokoll \u00e5rsm\u00f6te 2023 Verksamhetsber\u00e4ttelse inkl revision 2022 Dagordning \u00e5rsm\u00f6te 7 febr Motion g\u00e4llande Hagelhylsor och f\u00f6rladdningar 2022 Verksamhetsber\u00e4ttelse 2021 2021 Verksamhetsber\u00e4ttelse inkl revisionsber\u00e4ttelse 2020 \u00c5rsm\u00f6tesprotokoll 2021 2020 Protokoll \u00e5rsm\u00f6te 2020 Verksamhetsber\u00e4ttelse 2019 2016 Protokoll \u00e5rsm\u00f6te 2016 Verksamhetsber\u00e4ttelse 2015 [&hellip;]<\/p>\n","protected":false},"author":101,"featured_media":0,"parent":554,"menu_order":1,"comment_status":"closed","ping_status":"closed","template":"","meta":{"footnotes":""},"class_list":["post-1440","page","type-page","status-publish","hentry"],"_links":{"self":[{"href":"https:\/\/krets.jagareforbundet.se\/haningetyreso\/wp-json\/wp\/v2\/pages\/1440","targetHints":{"allow":["GET"]}}],"collection":[{"href":"https:\/\/krets.jagareforbundet.se\/haningetyreso\/wp-json\/wp\/v2\/pages"}],"about":[{"href":"https:\/\/krets.jagareforbundet.se\/haningetyreso\/wp-json\/wp\/v2\/types\/page"}],"author":[{"embeddable":true,"href":"https:\/\/krets.jagareforbundet.se\/haningetyreso\/wp-json\/wp\/v2\/users\/101"}],"replies":[{"embeddable":true,"href":"https:\/\/krets.jagareforbundet.se\/haningetyreso\/wp-json\/wp\/v2\/comments?post=1440"}],"version-history":[{"count":3,"href":"https:\/\/krets.jagareforbundet.se\/haningetyreso\/wp-json\/wp\/v2\/pages\/1440\/revisions"}],"predecessor-version":[{"id":1909,"href":"https:\/\/krets.jagareforbundet.se\/haningetyreso\/wp-json\/wp\/v2\/pages\/1440\/revisions\/1909"}],"up":[{"embeddable":true,"href":"https:\/\/krets.jagareforbundet.se\/haningetyreso\/wp-json\/wp\/v2\/pages\/554"}],"wp:attachment":[{"href":"https:\/\/krets.jagareforbundet.se\/haningetyreso\/wp-json\/wp\/v2\/media?parent=1440"}],"curies":[{"name":"wp","href":"https:\/\/api.w.org\/{rel}","templated":true}]}}