{"id":847,"date":"2013-09-13T20:11:05","date_gmt":"2013-09-13T18:11:05","guid":{"rendered":"https:\/\/krets.jagareforbundet.se\/haningetyreso\/?page_id=847"},"modified":"2021-01-25T13:44:53","modified_gmt":"2021-01-25T12:44:53","slug":"nagonstans-att-jaga","status":"publish","type":"page","link":"https:\/\/krets.jagareforbundet.se\/haningetyreso\/nagonstans-att-jaga\/","title":{"rendered":"N\u00e5gonstans att jaga"},"content":{"rendered":"<h4><\/h4>\n<h4><\/h4>\n<p><strong>Kortjakter i Haninge kommun<br \/>\n<\/strong>Haninge kommun erbjuder m\u00f6jlighet till att l\u00f6sa dagkort f\u00f6r jakt p\u00e5 delar av kommunens mark. Jakten leds av erfarna jakt- och viltv\u00e5rdare f\u00f6r respektive omr\u00e5de. Typer av jakt som erbjuds varierar lite mellan omr\u00e5dena. \u00c4r jaktlyckan god erbjuds f\u00e4llt vilt till f\u00f6rs\u00e4ljning.<\/p>\n<p>Uppgifter om kortjakterna hittar du <a href=\"https:\/\/www.haninge.se\/uppleva-och-gora\/friluftsliv-motion\/jakt\/\" target=\"_blank\" rel=\"noopener\"><span style=\"color: #0000ff\"><strong>h\u00e4r<\/strong><\/span><\/a>!<\/p>\n<p>* * * * * * * * * * * * * * * * * * * * * * * * * * * * * * * * * * * * * * * * * * *<\/p>\n<p><strong>G\u00e5l\u00f6 Jakt- &amp; Kursg\u00e5rd<br \/>\n<\/strong>P\u00e5 G\u00e5l\u00f6 arrenderas ca 2000 ha mark av Sk\u00e4rg\u00e5rdsstiftelsen bl.a. f\u00f6r jakt. Kortjakt anordnas p\u00e5 r\u00e5djur, \u00e4lg, hare, sj\u00f6f\u00e5gel och\u00a0annat sm\u00e5vilt under jakts\u00e4song. Jakterna annonseras i Svensk Jakt Nyheter och p\u00e5\u00a0<span style=\"text-decoration: underline\"><a href=\"http:\/\/www.galojakt.se\/\" target=\"_blank\" rel=\"noopener\">G\u00e5l\u00f6s hemsida<\/a><\/span><\/p>\n<p><strong>Bogesunds Jakt- &amp; Kursg\u00e5rd<br \/>\n<\/strong>J\u00e4garf\u00f6rbundet i Stockholms l\u00e4n arrenderar av Statens fastighetsverk\u00a02.400 ha mark p\u00e5 Bogesundslandet, som ligger i Vaxholms kommun 3 mil fr\u00e5n centrala Stockholm. Kortjakt anordnas p\u00e5 r\u00e5djur, \u00e4lg, hare, sj\u00f6f\u00e5gel och\u00a0annat sm\u00e5vilt under jakts\u00e4song. Jakterna annonseras i Svensk Jakt Nyheter och p\u00e5\u00a0<span style=\"text-decoration: underline\"><a href=\"http:\/\/www.bogesundsjakt.se\/\" target=\"_blank\" rel=\"noopener\">Bogesunds hemsida<\/a><\/span><\/p>\n","protected":false},"excerpt":{"rendered":"<p>Kortjakter i Haninge kommun Haninge kommun erbjuder m\u00f6jlighet till att l\u00f6sa dagkort f\u00f6r jakt p\u00e5 delar av kommunens mark. Jakten leds av erfarna jakt- och viltv\u00e5rdare f\u00f6r respektive omr\u00e5de. Typer av jakt som erbjuds varierar lite mellan omr\u00e5dena. \u00c4r jaktlyckan god erbjuds f\u00e4llt vilt till f\u00f6rs\u00e4ljning. Uppgifter om kortjakterna hittar du h\u00e4r! * * * [&hellip;]<\/p>\n","protected":false},"author":101,"featured_media":0,"parent":0,"menu_order":45,"comment_status":"closed","ping_status":"closed","template":"","meta":{"footnotes":""},"class_list":["post-847","page","type-page","status-publish","hentry"],"_links":{"self":[{"href":"https:\/\/krets.jagareforbundet.se\/haningetyreso\/wp-json\/wp\/v2\/pages\/847","targetHints":{"allow":["GET"]}}],"collection":[{"href":"https:\/\/krets.jagareforbundet.se\/haningetyreso\/wp-json\/wp\/v2\/pages"}],"about":[{"href":"https:\/\/krets.jagareforbundet.se\/haningetyreso\/wp-json\/wp\/v2\/types\/page"}],"author":[{"embeddable":true,"href":"https:\/\/krets.jagareforbundet.se\/haningetyreso\/wp-json\/wp\/v2\/users\/101"}],"replies":[{"embeddable":true,"href":"https:\/\/krets.jagareforbundet.se\/haningetyreso\/wp-json\/wp\/v2\/comments?post=847"}],"version-history":[{"count":2,"href":"https:\/\/krets.jagareforbundet.se\/haningetyreso\/wp-json\/wp\/v2\/pages\/847\/revisions"}],"predecessor-version":[{"id":1615,"href":"https:\/\/krets.jagareforbundet.se\/haningetyreso\/wp-json\/wp\/v2\/pages\/847\/revisions\/1615"}],"wp:attachment":[{"href":"https:\/\/krets.jagareforbundet.se\/haningetyreso\/wp-json\/wp\/v2\/media?parent=847"}],"curies":[{"name":"wp","href":"https:\/\/api.w.org\/{rel}","templated":true}]}}