{"id":166,"date":"2013-03-06T15:28:49","date_gmt":"2013-03-06T14:28:49","guid":{"rendered":"https:\/\/krets.jagareforbundet.se\/haparanda\/?page_id=166"},"modified":"2026-05-05T07:48:43","modified_gmt":"2026-05-05T05:48:43","slug":"algbanan","status":"publish","type":"page","link":"https:\/\/krets.jagareforbundet.se\/haparanda\/algbanan\/","title":{"rendered":"\u00c4lgbanan"},"content":{"rendered":"<p><strong>Ansvariga f\u00f6r skjutbanan:<\/strong><br \/>\nJonas Ylikangas, Mats Hermansson.<\/p>\n<p><strong>Skjutledare: Mats Hermansson, Bertil Segerlund, Jonas Ylikangas, Anders Karhuvaara<br \/>\nAlf Karhuvaara, John Folke Aidanp\u00e4\u00e4, Mika Turunen<\/strong><\/p>\n<p><strong>Maj \u2013 Juli: Tisdag kl 18.00-20.00<\/strong><br \/>\n<strong>Augusti: Tisdag + Torsdag kl 18.00-20.00<\/strong><\/p>\n<hr \/>\n<p><strong>Jaktlag betalar 50 kr\/\u00e4lgj\u00e4gare\/\u00e5r. J\u00e4gare fr\u00e5n dessa jaktlag beh\u00f6ver ej erl\u00e4gga banavgift.<\/strong><br \/>\n<strong>Avgiften betalas p\u00e5 konto Swedbank 7981 340 2326 eller SWISH 123140403781<\/strong><br \/>\n<strong>\u00d6vriga j\u00e4gare betalar 15 kr per serie i banavgift.<br \/>\nUngdomar till och med 18 \u00e5r boende inom kretsen skjuter gratis.\u00a0<\/strong><\/p>\n<table style=\"height: 1154px\" width=\"398\">\n<tbody>\n<tr>\n<td width=\"109\">Datum<\/td>\n<td width=\"510\">Skjutledare \u00c4lgbanan 80m.<\/td>\n<\/tr>\n<tr>\n<td width=\"109\">2 juni<\/td>\n<td width=\"510\">Mats Hermansson<\/td>\n<\/tr>\n<tr>\n<td width=\"109\">9 juni<\/td>\n<td width=\"510\">Jonas Ylikangas<\/td>\n<\/tr>\n<tr>\n<td width=\"109\">16 juni<\/td>\n<td width=\"510\">Mats Hermansson<\/td>\n<\/tr>\n<tr>\n<td width=\"109\">23 juni<\/td>\n<td width=\"510\">Mika Turunen<\/td>\n<\/tr>\n<tr>\n<td width=\"109\">30 juni<\/td>\n<td width=\"510\"><\/td>\n<\/tr>\n<tr>\n<td width=\"109\">2 juli<\/td>\n<td width=\"510\">Mika Turunen<\/td>\n<\/tr>\n<tr>\n<td width=\"109\">7 juli<\/td>\n<td width=\"510\"><\/td>\n<\/tr>\n<tr>\n<td width=\"109\">14 juli<\/td>\n<td width=\"510\"><\/td>\n<\/tr>\n<tr>\n<td width=\"109\">21 juli<\/td>\n<td width=\"510\"><\/td>\n<\/tr>\n<tr>\n<td width=\"109\">28 juli<\/td>\n<td width=\"510\"><\/td>\n<\/tr>\n<tr>\n<td width=\"109\">4 augusti<\/td>\n<td width=\"510\"><\/td>\n<\/tr>\n<tr>\n<td width=\"109\">6 augusti<\/td>\n<td width=\"510\"><\/td>\n<\/tr>\n<tr>\n<td width=\"109\">11 augusti<\/td>\n<td width=\"510\">Bertil Segerlund<\/td>\n<\/tr>\n<tr>\n<td width=\"109\">13 augusti<\/td>\n<td width=\"510\"><\/td>\n<\/tr>\n<tr>\n<td width=\"109\">18 augusti<\/td>\n<td width=\"510\">Jonas Ylikangas<\/td>\n<\/tr>\n<tr>\n<td width=\"109\">20 augusti<\/td>\n<td width=\"510\">Bertil Segerlund<\/td>\n<\/tr>\n<tr>\n<td width=\"109\">25 augusti<\/td>\n<td width=\"510\"><\/td>\n<\/tr>\n<tr>\n<td width=\"109\">27 augusti<\/td>\n<td width=\"510\">Jonas Ylikangas<\/td>\n<\/tr>\n<\/tbody>\n<\/table>\n<p>&nbsp;<\/p>\n<p>&nbsp;<\/p>\n","protected":false},"excerpt":{"rendered":"<p>Ansvariga f\u00f6r skjutbanan: Jonas Ylikangas, Mats Hermansson. Skjutledare: Mats Hermansson, Bertil Segerlund, Jonas Ylikangas, Anders Karhuvaara Alf Karhuvaara, John Folke Aidanp\u00e4\u00e4, Mika Turunen Maj \u2013 Juli: Tisdag kl 18.00-20.00 Augusti: Tisdag + Torsdag kl 18.00-20.00 Jaktlag betalar 50 kr\/\u00e4lgj\u00e4gare\/\u00e5r. J\u00e4gare fr\u00e5n dessa jaktlag beh\u00f6ver ej erl\u00e4gga banavgift. Avgiften betalas p\u00e5 konto Swedbank 7981 340 2326 [&hellip;]<\/p>\n","protected":false},"author":74,"featured_media":0,"parent":0,"menu_order":4,"comment_status":"closed","ping_status":"closed","template":"","meta":{"footnotes":""},"class_list":["post-166","page","type-page","status-publish","hentry"],"_links":{"self":[{"href":"https:\/\/krets.jagareforbundet.se\/haparanda\/wp-json\/wp\/v2\/pages\/166","targetHints":{"allow":["GET"]}}],"collection":[{"href":"https:\/\/krets.jagareforbundet.se\/haparanda\/wp-json\/wp\/v2\/pages"}],"about":[{"href":"https:\/\/krets.jagareforbundet.se\/haparanda\/wp-json\/wp\/v2\/types\/page"}],"author":[{"embeddable":true,"href":"https:\/\/krets.jagareforbundet.se\/haparanda\/wp-json\/wp\/v2\/users\/74"}],"replies":[{"embeddable":true,"href":"https:\/\/krets.jagareforbundet.se\/haparanda\/wp-json\/wp\/v2\/comments?post=166"}],"version-history":[{"count":3,"href":"https:\/\/krets.jagareforbundet.se\/haparanda\/wp-json\/wp\/v2\/pages\/166\/revisions"}],"predecessor-version":[{"id":836,"href":"https:\/\/krets.jagareforbundet.se\/haparanda\/wp-json\/wp\/v2\/pages\/166\/revisions\/836"}],"wp:attachment":[{"href":"https:\/\/krets.jagareforbundet.se\/haparanda\/wp-json\/wp\/v2\/media?parent=166"}],"curies":[{"name":"wp","href":"https:\/\/api.w.org\/{rel}","templated":true}]}}