{"id":186,"date":"2013-03-06T16:02:08","date_gmt":"2013-03-06T15:02:08","guid":{"rendered":"https:\/\/krets.jagareforbundet.se\/haparanda\/?page_id=186"},"modified":"2018-02-06T06:44:50","modified_gmt":"2018-02-06T05:44:50","slug":"viltvard","status":"publish","type":"page","link":"https:\/\/krets.jagareforbundet.se\/haparanda\/viltvard\/","title":{"rendered":"Viltv\u00e5rd"},"content":{"rendered":"<h3>Viltv\u00e5rd i kretsen<\/h3>\n<h4>M\u00e5let 1000 holkar under v\u00e5ren<\/h4>\n<p>I m\u00e5ndagskv\u00e4ll startades vintern och v\u00e5rens kv\u00e4llsaktiviteter i HALLEN i Vojakkala. \u00a0Under n\u00e5gra timmar samlas vi f\u00f6r att arbeta med olika projekt, riktade oftast mot v\u00e5rd och st\u00f6d av det vilda i v\u00e5r natur.<\/p>\n<p>Nytt f\u00f6r i \u00e5r var inbjudan av deltagare fr\u00e5n \u00f6vriga delar av Haparanda jaktv\u00e5rdskrets. Och visst har det h\u00f6rsammats, b\u00e5de ungdomar och \u00a0\u00e4ldre medlemmar fr\u00e5n spridda delar av kretsen fanns p\u00e5 plats med hammare i handen.<\/p>\n<div id=\"attachment_439\" style=\"width: 310px\" class=\"wp-caption aligncenter\"><a href=\"https:\/\/krets.jagareforbundet.se\/haparanda\/files\/2018\/02\/003.jpg\"><img loading=\"lazy\" decoding=\"async\" aria-describedby=\"caption-attachment-439\" class=\"size-medium wp-image-439\" src=\"https:\/\/krets.jagareforbundet.se\/haparanda\/files\/2018\/02\/003-300x225.jpg\" alt=\"\" width=\"300\" height=\"225\" srcset=\"https:\/\/krets.jagareforbundet.se\/haparanda\/files\/2018\/02\/003-300x225.jpg 300w, https:\/\/krets.jagareforbundet.se\/haparanda\/files\/2018\/02\/003-768x576.jpg 768w, https:\/\/krets.jagareforbundet.se\/haparanda\/files\/2018\/02\/003-1024x768.jpg 1024w\" sizes=\"auto, (max-width: 300px) 100vw, 300px\" \/><\/a><p id=\"caption-attachment-439\" class=\"wp-caption-text\">Holkbygge<\/p><\/div>\n<div id=\"attachment_440\" style=\"width: 235px\" class=\"wp-caption aligncenter\"><a href=\"https:\/\/krets.jagareforbundet.se\/haparanda\/files\/2018\/02\/006.jpg\"><img loading=\"lazy\" decoding=\"async\" aria-describedby=\"caption-attachment-440\" class=\"size-medium wp-image-440\" src=\"https:\/\/krets.jagareforbundet.se\/haparanda\/files\/2018\/02\/006-225x300.jpg\" alt=\"\" width=\"225\" height=\"300\" srcset=\"https:\/\/krets.jagareforbundet.se\/haparanda\/files\/2018\/02\/006-225x300.jpg 225w, https:\/\/krets.jagareforbundet.se\/haparanda\/files\/2018\/02\/006-768x1024.jpg 768w, https:\/\/krets.jagareforbundet.se\/haparanda\/files\/2018\/02\/006.jpg 1944w\" sizes=\"auto, (max-width: 225px) 100vw, 225px\" \/><\/a><p id=\"caption-attachment-440\" class=\"wp-caption-text\">F\u00e4rdiga holkar<\/p><\/div>\n<p>F\u00f6r n\u00e5gra av v\u00e5rens kv\u00e4llar \u00e4r avsikten att bygga olika typer av f\u00e5gelholkar och den h\u00e4r kv\u00e4llen mjukstartades med dryga 50 f\u00e4rdiga holkar.<\/p>\n<p>Viltv\u00e5rd i den str\u00e4nga kylan.<\/p>\n<p>R\u00e5djuren har kommit ovanligt sent f\u00f6r att \u00e5tnjuta extra energi vid v\u00e5ra st\u00f6dutfodringar.<br \/>\nF\u00f6re Julhelgen kunde man se att n\u00e5got enstaka r\u00e5djur vandrade f\u00f6rbi men intresset f\u00f6r att \u00e4ta var svagt.<\/p>\n<p>Nu n\u00e4r den st\u00e4nga kylan anl\u00e4nt till oss och lite sn\u00f6 fallit ser det annorlunda ut.<br \/>\nVid en utmatning parkerade ko och tv\u00e5 kalvar under en hel vecka. De tog till sig av hela matbordet, b\u00e5de h\u00f6 pellets och saltsten tog slut i ett nafs.<\/p>\n<p>Jag har knogat och avverka bj\u00f6rkved p\u00e5 ett av st\u00e4llena och ser att b\u00e5de r\u00e5- och \u00e4lg g\u00e4rna tar f\u00f6r sig av de sp\u00e4da bj\u00f6rkrisknopparna. Och jag ser dagligen nya sp\u00e5r av \u00e5tminstone haldussinet r\u00e5djur vid utfodringarna.<\/p>\n<p>Den knappa sn\u00f6m\u00e4ngden och L\u00e5nga perioder -20\u201430 grader t\u00e4r h\u00e5rt p\u00e5 framf\u00f6rallt r\u00e5djurens krafter. Det \u00e4r nu v\u00e5ra viktiga viltv\u00e5rdsinsatser kan utg\u00f6ra mesta nyttan f\u00f6r flera viltarter.<br \/>\nNu forts\u00e4tter vi vintern ut att ladda foderautomater och h\u00f6h\u00e4ckar.<\/p>\n<div id=\"attachment_419\" style=\"width: 310px\" class=\"wp-caption alignleft\"><a href=\"https:\/\/krets.jagareforbundet.se\/haparanda\/files\/2013\/03\/unnamed-1.jpg\"><img loading=\"lazy\" decoding=\"async\" aria-describedby=\"caption-attachment-419\" class=\"size-medium wp-image-419\" src=\"https:\/\/krets.jagareforbundet.se\/haparanda\/files\/2013\/03\/unnamed-1-300x180.jpg\" alt=\"Viltv\u00e5rd 1\" width=\"300\" height=\"180\" srcset=\"https:\/\/krets.jagareforbundet.se\/haparanda\/files\/2013\/03\/unnamed-1-300x180.jpg 300w, https:\/\/krets.jagareforbundet.se\/haparanda\/files\/2013\/03\/unnamed-1.jpg 500w\" sizes=\"auto, (max-width: 300px) 100vw, 300px\" \/><\/a><p id=\"caption-attachment-419\" class=\"wp-caption-text\">Viltv\u00e5rd 1<\/p><\/div>\n<div id=\"attachment_420\" style=\"width: 310px\" class=\"wp-caption alignright\"><a href=\"https:\/\/krets.jagareforbundet.se\/haparanda\/files\/2013\/03\/unnamed-2.jpg\"><img loading=\"lazy\" decoding=\"async\" aria-describedby=\"caption-attachment-420\" class=\"size-medium wp-image-420\" src=\"https:\/\/krets.jagareforbundet.se\/haparanda\/files\/2013\/03\/unnamed-2-300x225.jpg\" alt=\"Viltv\u00e5rd 2\" width=\"300\" height=\"225\" srcset=\"https:\/\/krets.jagareforbundet.se\/haparanda\/files\/2013\/03\/unnamed-2-300x225.jpg 300w, https:\/\/krets.jagareforbundet.se\/haparanda\/files\/2013\/03\/unnamed-2.jpg 450w\" sizes=\"auto, (max-width: 300px) 100vw, 300px\" \/><\/a><p id=\"caption-attachment-420\" class=\"wp-caption-text\">Viltv\u00e5rd 2<\/p><\/div>\n<div id=\"attachment_421\" style=\"width: 310px\" class=\"wp-caption alignright\"><a href=\"https:\/\/krets.jagareforbundet.se\/haparanda\/files\/2013\/03\/unnamed.jpg\"><img loading=\"lazy\" decoding=\"async\" aria-describedby=\"caption-attachment-421\" class=\"size-medium wp-image-421\" src=\"https:\/\/krets.jagareforbundet.se\/haparanda\/files\/2013\/03\/unnamed-300x225.jpg\" alt=\"Viltv\u00e5rd 3\" width=\"300\" height=\"225\" srcset=\"https:\/\/krets.jagareforbundet.se\/haparanda\/files\/2013\/03\/unnamed-300x225.jpg 300w, https:\/\/krets.jagareforbundet.se\/haparanda\/files\/2013\/03\/unnamed.jpg 450w\" sizes=\"auto, (max-width: 300px) 100vw, 300px\" \/><\/a><p id=\"caption-attachment-421\" class=\"wp-caption-text\">Viltv\u00e5rd 3<\/p><\/div>\n<p>&nbsp;<\/p>\n<p>&nbsp;<\/p>\n<p>&nbsp;<\/p>\n<p>&nbsp;<\/p>\n<p>&nbsp;<\/p>\n<p>&nbsp;<\/p>\n<p>&nbsp;<\/p>\n<p>&nbsp;<\/p>\n<p>&nbsp;<\/p>\n<p>&nbsp;<\/p>\n<p>&nbsp;<\/p>\n<p>&nbsp;<\/p>\n<p>&nbsp;<\/p>\n<p>&nbsp;<\/p>\n<p>V\u00e5r och sommarperioden \u00e4r den tid som erbjuder oss de b\u00e4sta f\u00f6ruts\u00e4ttningarna till v\u00e5rt arbete i viltv\u00e5rdande syften.<\/p>\n<p>F\u00f6rst\u00e5s har vi redan under v\u00e5rvintern f\u00f6rsett v\u00e5ra marker med f\u00f6r m\u00e5nga viltarter \u00e5tr\u00e5v\u00e4rda saltstenar<br \/>\nD\u00e5 planerar vi \u00e4ven f\u00f6r arbeten som b\u00f6r g\u00f6ras under barmarkstid<\/p>\n<p>Med gl\u00e4dje kunde jag i v\u00e5ras uppt\u00e4cka det fina intresset i hela jaktv\u00e5rdskretsen n\u00e4r vi, inte mindre \u00e4n 12 av kretsens jaktlag under n\u00e5gra kv\u00e4llar tillverkade f\u00e4llor f\u00f6r f\u00e5ngst av m\u00e5rdhund.<br \/>\nS\u00e5lunda ville dessutom flera fr\u00e5n olika omr\u00e5den deltaga n\u00e4r vi senare tillverkade olika f\u00e5gelholkar f\u00f6r placering i markerna, h\u00e4r gynnar vi \u00e4ven sm\u00e5f\u00e5glarna.<\/p>\n<p>I mitt omr\u00e5de Vojakkala \/Mattila \u00e4r vi i full g\u00e5ng med olika viltv\u00e5rdande aktiviteter. S\u00e5dden av v\u00e5ra vilt\u00e5krar \u00e4r just avslutad, vidare l\u00e4gger vi under sommaren andra slyr\u00f6jda \u00e5krar i brun jord<br \/>\nF\u00f6r att kunna bruka dem till n\u00e4sta sommar.<\/p>\n<p>Nu har vi i v\u00e5r krets m\u00f6jlighet att gemensamt f\u00f6r\u00e4dla , bese och diskutera viltv\u00e5rd. I samarbete med J\u00e4garef\u00f6rbundet Norrbotten genomf\u00f6r vi f\u00f6r tredje \u00e5ret en viltv\u00e5rdsexkursion den 3 augusti. Exkursionen leds av j\u00e4garprofilen Eskil Lugnet, Vi m\u00f6ter honom vid \u201dHallen\u201d i N Vojakkala kl 10.00 till en rykande varm skogskaffet\u00e5r\u00a0Dagen avslutas ca 15.00 och vi mellanlandar till grillning i Karsikkoj\u00e4rvi under dagen.<\/p>\n<p>F\u00f6r J\u00e4garf\u00f6rbundets medlemmar \u00e4r det gratis.<\/p>\n<p>Skynda p\u00e5 att anm\u00e4la dig till J\u00e4garf\u00f6rbundet Norrbotten<\/p>\n<p>Se den fullst\u00e4ndiga inbjudan: www.vojakkalavvo.se H\u00e4r finner du \u00e4ven information om viltv\u00e5rdsprojektet. Eller www.jagareforbundet,se\/norrbotten<\/p>\n<p>Det h\u00e4r \u00e4r ett unikt tillf\u00e4lle att ta med den intresserade och blivande j\u00e4garungdomen, viltv\u00e5rd \u00e4r en bra start p\u00e5 j\u00e4garkarri\u00e4ren.<\/p>\n<p>Kontakter inom Haparandakretsen:<\/p>\n<p>Alf-G\u00f6te Hjelm 0923\/676051, 070\/2855512, e-mail: nordproduktion@telia.com viltv\u00e5rdsf\u00f6retr\u00e4dare i Haparanda jaktv\u00e5rdskrets.<\/p>\n<p>Bertil Segerlund 076\/1479545, bertil@segerlund.net Webbsamordnare<\/p>\n<p>Du kan givetvis h\u00f6ra av dig avseende viltv\u00e5rd, Skicka g\u00e4rna viltv\u00e5rdsbilder till mig eller direkt till Bertil<\/p>\n<p>Med jakt och viltv\u00e5rdsh\u00e4lsningar<\/p>\n<p>&#8212;&#8212;&#8212;&#8212;&#8212;&#8212;&#8212;&#8212;&#8212;&#8212;&#8212;&#8212;&#8212;&#8212;&#8212;&#8212;&#8212;&#8212;&#8212;&#8212;&#8212;&#8212;&#8212;&#8212;&#8212;&#8212;&#8212;&#8212;&#8212;&#8212;&#8212;&#8212;&#8212;&#8212;&#8212;&#8211;<\/p>\n<p>Viltv\u00e5rd kan bedrivas p\u00e5 olika s\u00e4tt. I st\u00f6rre format som M\u00e5rdhundprojektet och Haparanda S\u00f6dra \u00c4SOs viltv\u00e5rd eller d\u00e5 enskilda medlemmar utf\u00f6r olika st\u00f6dinsatser f\u00f6r viltet. J\u00e4garf\u00f6rbundet Haparanda \u00e4r intresserade av f\u00e5 in tips p\u00e5 olika viltv\u00e5rd som bedrivs i kretsen. Vill ni i ert lag komma ig\u00e5ng med viltv\u00e5r ta g\u00e4rna kontakt med kretsens viltv\u00e5rdsansvarige Alf-G\u00f6te Hjelm p\u00e5 mail nordproduktion@telia.com<\/p>\n<h2>F\u00c4LLBYGGE<\/h2>\n<p>I tisdagskv\u00e4ll f\u00e4rdigst\u00e4lldes det p\u00e5b\u00f6rjade bygget av Kanuf\u00e4llor.\u00a0F\u00e4llorna f\u00e5r nu under v\u00e5ren g\u00f6ra tj\u00e4nst i det samnordiska projektet;\u00a0f\u00f6rhindra\u00a0s\u00e5 att\u00a0m\u00e5rdhunden\u00a0inte\u00a0f\u00e5r v\u00e4xa sig f\u00f6r talrik.\u00a0F\u00e5ngstredskapet f\u00e5r god spridning inom hela Haparanda jaktv\u00e5rdskrets.<\/p>\n<div id=\"attachment_381\" style=\"width: 310px\" class=\"wp-caption aligncenter\"><a href=\"https:\/\/krets.jagareforbundet.se\/haparanda\/files\/2013\/03\/028.jpg\"><img loading=\"lazy\" decoding=\"async\" aria-describedby=\"caption-attachment-381\" class=\"size-medium wp-image-381\" src=\"https:\/\/krets.jagareforbundet.se\/haparanda\/files\/2013\/03\/028-300x224.jpg\" alt=\"F\u00e4llor m\u00e4rkta med godk\u00e4nda koder\" width=\"300\" height=\"224\" srcset=\"https:\/\/krets.jagareforbundet.se\/haparanda\/files\/2013\/03\/028-300x224.jpg 300w, https:\/\/krets.jagareforbundet.se\/haparanda\/files\/2013\/03\/028.jpg 450w\" sizes=\"auto, (max-width: 300px) 100vw, 300px\" \/><\/a><p id=\"caption-attachment-381\" class=\"wp-caption-text\">F\u00e4llor m\u00e4rkta med godk\u00e4nda koder Foto AG Hjelm<\/p><\/div>\n<div id=\"attachment_382\" style=\"width: 310px\" class=\"wp-caption aligncenter\"><a href=\"https:\/\/krets.jagareforbundet.se\/haparanda\/files\/2013\/03\/027.jpg\"><img loading=\"lazy\" decoding=\"async\" aria-describedby=\"caption-attachment-382\" class=\"size-medium wp-image-382\" src=\"https:\/\/krets.jagareforbundet.se\/haparanda\/files\/2013\/03\/027-300x224.jpg\" alt=\"Flitig f\u00e4llbyggare\" width=\"300\" height=\"224\" srcset=\"https:\/\/krets.jagareforbundet.se\/haparanda\/files\/2013\/03\/027-300x224.jpg 300w, https:\/\/krets.jagareforbundet.se\/haparanda\/files\/2013\/03\/027.jpg 450w\" sizes=\"auto, (max-width: 300px) 100vw, 300px\" \/><\/a><p id=\"caption-attachment-382\" class=\"wp-caption-text\">Flitig f\u00e4llbyggare Foto AG Hjelm<\/p><\/div>\n<div id=\"attachment_383\" style=\"width: 310px\" class=\"wp-caption aligncenter\"><a href=\"https:\/\/krets.jagareforbundet.se\/haparanda\/files\/2013\/03\/029.jpg\"><img loading=\"lazy\" decoding=\"async\" aria-describedby=\"caption-attachment-383\" class=\"size-medium wp-image-383\" src=\"https:\/\/krets.jagareforbundet.se\/haparanda\/files\/2013\/03\/029-300x224.jpg\" alt=\"Massvis med f\u00e4llor. Foto A-G Hjelm\" width=\"300\" height=\"224\" srcset=\"https:\/\/krets.jagareforbundet.se\/haparanda\/files\/2013\/03\/029-300x224.jpg 300w, https:\/\/krets.jagareforbundet.se\/haparanda\/files\/2013\/03\/029.jpg 450w\" sizes=\"auto, (max-width: 300px) 100vw, 300px\" \/><\/a><p id=\"caption-attachment-383\" class=\"wp-caption-text\">Massvis med f\u00e4llor. Foto A-G Hjelm<\/p><\/div>\n<div id=\"attachment_376\" style=\"width: 310px\" class=\"wp-caption aligncenter\"><a href=\"https:\/\/krets.jagareforbundet.se\/haparanda\/files\/2013\/03\/005.jpg\"><img loading=\"lazy\" decoding=\"async\" aria-describedby=\"caption-attachment-376\" class=\"size-medium wp-image-376\" src=\"https:\/\/krets.jagareforbundet.se\/haparanda\/files\/2013\/03\/005-300x196.jpg\" alt=\"Kanuf\u00e4lla, gillrat\" width=\"300\" height=\"196\" srcset=\"https:\/\/krets.jagareforbundet.se\/haparanda\/files\/2013\/03\/005-300x196.jpg 300w, https:\/\/krets.jagareforbundet.se\/haparanda\/files\/2013\/03\/005.jpg 449w\" sizes=\"auto, (max-width: 300px) 100vw, 300px\" \/><\/a><p id=\"caption-attachment-376\" class=\"wp-caption-text\">Kanuf\u00e4lla, gillrat<\/p><\/div>\n<div id=\"attachment_375\" style=\"width: 310px\" class=\"wp-caption aligncenter\"><a href=\"https:\/\/krets.jagareforbundet.se\/haparanda\/files\/2013\/03\/006.jpg\"><img loading=\"lazy\" decoding=\"async\" aria-describedby=\"caption-attachment-375\" class=\"size-medium wp-image-375\" src=\"https:\/\/krets.jagareforbundet.se\/haparanda\/files\/2013\/03\/006-300x224.jpg\" alt=\"F\u00e4llor byggs\" width=\"300\" height=\"224\" srcset=\"https:\/\/krets.jagareforbundet.se\/haparanda\/files\/2013\/03\/006-300x224.jpg 300w, https:\/\/krets.jagareforbundet.se\/haparanda\/files\/2013\/03\/006.jpg 405w\" sizes=\"auto, (max-width: 300px) 100vw, 300px\" \/><\/a><p id=\"caption-attachment-375\" class=\"wp-caption-text\">F\u00e4llor byggs<\/p><\/div>\n<h2>Bilder fr\u00e5n viltv\u00e5rdsprojektet i Vojakkala<\/h2>\n<p>&nbsp;<\/p>\n<div id=\"attachment_207\" style=\"width: 310px\" class=\"wp-caption aligncenter\"><a href=\"https:\/\/krets.jagareforbundet.se\/haparanda\/files\/2013\/03\/IMG_0744.jpg\"><img loading=\"lazy\" decoding=\"async\" aria-describedby=\"caption-attachment-207\" class=\"size-medium wp-image-207\" title=\"IMG_0744\" src=\"https:\/\/krets.jagareforbundet.se\/haparanda\/files\/2013\/03\/IMG_0744-300x200.jpg\" alt=\"\" width=\"300\" height=\"200\" srcset=\"https:\/\/krets.jagareforbundet.se\/haparanda\/files\/2013\/03\/IMG_0744-300x200.jpg 300w, https:\/\/krets.jagareforbundet.se\/haparanda\/files\/2013\/03\/IMG_0744-1024x682.jpg 1024w\" sizes=\"auto, (max-width: 300px) 100vw, 300px\" \/><\/a><p id=\"caption-attachment-207\" class=\"wp-caption-text\">Vilt\u00e5ker<\/p><\/div>\n<div id=\"attachment_206\" style=\"width: 310px\" class=\"wp-caption aligncenter\"><a href=\"https:\/\/krets.jagareforbundet.se\/haparanda\/files\/2013\/03\/IMG_0460.jpg\"><img loading=\"lazy\" decoding=\"async\" aria-describedby=\"caption-attachment-206\" class=\"size-medium wp-image-206\" title=\"IMG_0460\" src=\"https:\/\/krets.jagareforbundet.se\/haparanda\/files\/2013\/03\/IMG_0460-300x250.jpg\" alt=\"\" width=\"300\" height=\"250\" srcset=\"https:\/\/krets.jagareforbundet.se\/haparanda\/files\/2013\/03\/IMG_0460-300x250.jpg 300w, https:\/\/krets.jagareforbundet.se\/haparanda\/files\/2013\/03\/IMG_0460-1024x853.jpg 1024w\" sizes=\"auto, (max-width: 300px) 100vw, 300px\" \/><\/a><p id=\"caption-attachment-206\" class=\"wp-caption-text\">F\u00e4lla f\u00f6r m\u00e5rdhund<\/p><\/div>\n<div id=\"attachment_253\" style=\"width: 310px\" class=\"wp-caption aligncenter\"><a href=\"https:\/\/krets.jagareforbundet.se\/haparanda\/files\/2013\/03\/P6073104.jpg\"><img loading=\"lazy\" decoding=\"async\" aria-describedby=\"caption-attachment-253\" class=\"size-medium wp-image-253\" title=\"P6073104\" src=\"https:\/\/krets.jagareforbundet.se\/haparanda\/files\/2013\/03\/P6073104-300x225.jpg\" alt=\"\" width=\"300\" height=\"225\" srcset=\"https:\/\/krets.jagareforbundet.se\/haparanda\/files\/2013\/03\/P6073104-300x225.jpg 300w, https:\/\/krets.jagareforbundet.se\/haparanda\/files\/2013\/03\/P6073104-1024x768.jpg 1024w\" sizes=\"auto, (max-width: 300px) 100vw, 300px\" \/><\/a><p id=\"caption-attachment-253\" class=\"wp-caption-text\">Holkfabriken<\/p><\/div>\n<div id=\"attachment_254\" style=\"width: 310px\" class=\"wp-caption aligncenter\"><a href=\"https:\/\/krets.jagareforbundet.se\/haparanda\/files\/2013\/03\/IMG_0368.jpg\"><img loading=\"lazy\" decoding=\"async\" aria-describedby=\"caption-attachment-254\" class=\"size-medium wp-image-254\" title=\"IMG_0368\" src=\"https:\/\/krets.jagareforbundet.se\/haparanda\/files\/2013\/03\/IMG_0368-300x223.jpg\" alt=\"\" width=\"300\" height=\"223\" srcset=\"https:\/\/krets.jagareforbundet.se\/haparanda\/files\/2013\/03\/IMG_0368-300x223.jpg 300w, https:\/\/krets.jagareforbundet.se\/haparanda\/files\/2013\/03\/IMG_0368-1024x761.jpg 1024w\" sizes=\"auto, (max-width: 300px) 100vw, 300px\" \/><\/a><p id=\"caption-attachment-254\" class=\"wp-caption-text\">Minkf\u00e4lla<\/p><\/div>\n","protected":false},"excerpt":{"rendered":"<p>Viltv\u00e5rd i kretsen M\u00e5let 1000 holkar under v\u00e5ren I m\u00e5ndagskv\u00e4ll startades vintern och v\u00e5rens kv\u00e4llsaktiviteter i HALLEN i Vojakkala. \u00a0Under n\u00e5gra timmar samlas vi f\u00f6r att arbeta med olika projekt, riktade oftast mot v\u00e5rd och st\u00f6d av det vilda i v\u00e5r natur. Nytt f\u00f6r i \u00e5r var inbjudan av deltagare fr\u00e5n \u00f6vriga delar av Haparanda [&hellip;]<\/p>\n","protected":false},"author":74,"featured_media":0,"parent":0,"menu_order":7,"comment_status":"closed","ping_status":"closed","template":"","meta":{"footnotes":""},"class_list":["post-186","page","type-page","status-publish","hentry"],"_links":{"self":[{"href":"https:\/\/krets.jagareforbundet.se\/haparanda\/wp-json\/wp\/v2\/pages\/186","targetHints":{"allow":["GET"]}}],"collection":[{"href":"https:\/\/krets.jagareforbundet.se\/haparanda\/wp-json\/wp\/v2\/pages"}],"about":[{"href":"https:\/\/krets.jagareforbundet.se\/haparanda\/wp-json\/wp\/v2\/types\/page"}],"author":[{"embeddable":true,"href":"https:\/\/krets.jagareforbundet.se\/haparanda\/wp-json\/wp\/v2\/users\/74"}],"replies":[{"embeddable":true,"href":"https:\/\/krets.jagareforbundet.se\/haparanda\/wp-json\/wp\/v2\/comments?post=186"}],"version-history":[{"count":1,"href":"https:\/\/krets.jagareforbundet.se\/haparanda\/wp-json\/wp\/v2\/pages\/186\/revisions"}],"predecessor-version":[{"id":418,"href":"https:\/\/krets.jagareforbundet.se\/haparanda\/wp-json\/wp\/v2\/pages\/186\/revisions\/418"}],"wp:attachment":[{"href":"https:\/\/krets.jagareforbundet.se\/haparanda\/wp-json\/wp\/v2\/media?parent=186"}],"curies":[{"name":"wp","href":"https:\/\/api.w.org\/{rel}","templated":true}]}}