{"id":133,"date":"2019-04-11T12:40:10","date_gmt":"2019-04-11T10:40:10","guid":{"rendered":"https:\/\/krets.jagareforbundet.se\/hovagullspang\/?page_id=133"},"modified":"2026-04-25T14:01:54","modified_gmt":"2026-04-25T12:01:54","slug":"styrelsen","status":"publish","type":"page","link":"https:\/\/krets.jagareforbundet.se\/hovagullspang\/styrelsen\/","title":{"rendered":"Styrelsen 2026"},"content":{"rendered":"<p>Ordf\u00f6rande: Jens Ivarhag<\/p>\n<p>Vice ordf\u00f6rande: Tobias Lindberg<\/p>\n<p>Sekreterare:\u00a0Gillis Persson<\/p>\n<p>Kass\u00f6r: Ami Lundvall Eriksson<\/p>\n<p>Ledam\u00f6ter: Anders Wanberg, Nillan Ramberg Kardeus, Erik Norstr\u00f6m, Johannes Roslund, Lotta Alexandersson, Mathias Ohlsson, Johan Svensson, Loke Ivarhag<\/p>\n<p><span style=\"line-height: 1.5em\">Valberedning \u00a0Roland Karlsson och \u00c5ke Svensson<\/span><\/p>\n<p>Revisorer: Martin Bergstr\u00f6m, Roland Karlsson<\/p>\n<p>Ers\u00e4ttare revisorer: Magnus Hast.<\/p>\n<p>Korresponderande mail:\u00a0hovgulljaktkrets@gmail.com<\/p>\n<h4><span style=\"text-decoration: underline\">\u00d6vriga ansvariga<\/span><\/h4>\n<p>Ungdomsansvarig: Gillis Persson<\/p>\n<p>Information och medlemsansvarig: Gillis Persson<\/p>\n<p>Utbildningsansvarig: Johannes Roslund<\/p>\n<p>Rovviltssansvarig: Gillis Persson<\/p>\n<p>Vilt\u00f6vervakningsansvarig: Jens Ivarhag<\/p>\n<p>Vilt\u00f6vervakare : Gillis Persson, Bo Hjulstr\u00f6m,\u00a0Erik Malmsten\u00a0och Sten-Inge Olsson.<\/p>\n<p>Samordnare NVT trafikvilt: Johan Svensson och Tobias Lindberg<\/p>\n<p>Rovdjurssp\u00e5rare Gillis Persson, Tobias Lindberg, Tomas Eriksson och Lars Gustavsson kvalitetss\u00e4krare till L\u00e4nsstyrelsen.<\/p>\n<p>Skytteansvarig: Christer och Magnus Svensson<\/p>\n<p>Hundansvarig: Gillis Persson, Tomas Eriksson, Jens Ivarhag, Lotta Alexandersson och Johannes Roslund<\/p>\n<p>Kvinnligt n\u00e4tverk: Lotta Alexandersson och Nillan Ramberg Kardeus<\/p>\n<p>Jakt &amp; fauna ansvarig : Jens Ivarhag, Erik Norstr\u00f6m och Gillis Persson<\/p>\n<p>Webbansvarig: Ami Lundvall Eriksson\u00a0\u00a0\u00a0\u00a0\u00a0\u00a0Mail:\u00a0hovgulljaktkrets@gmail.com<\/p>\n","protected":false},"excerpt":{"rendered":"<p>Ordf\u00f6rande: Jens Ivarhag Vice ordf\u00f6rande: Tobias Lindberg Sekreterare:\u00a0Gillis Persson Kass\u00f6r: Ami Lundvall Eriksson Ledam\u00f6ter: Anders Wanberg, Nillan Ramberg Kardeus, Erik Norstr\u00f6m, Johannes Roslund, Lotta Alexandersson, Mathias Ohlsson, Johan Svensson, Loke Ivarhag Valberedning \u00a0Roland Karlsson och \u00c5ke Svensson Revisorer: Martin Bergstr\u00f6m, Roland Karlsson Ers\u00e4ttare revisorer: Magnus Hast. Korresponderande mail:\u00a0hovgulljaktkrets@gmail.com \u00d6vriga ansvariga Ungdomsansvarig: Gillis Persson Information och [&hellip;]<\/p>\n","protected":false},"author":165,"featured_media":0,"parent":0,"menu_order":0,"comment_status":"open","ping_status":"open","template":"","meta":{"footnotes":""},"class_list":["post-133","page","type-page","status-publish","hentry"],"_links":{"self":[{"href":"https:\/\/krets.jagareforbundet.se\/hovagullspang\/wp-json\/wp\/v2\/pages\/133","targetHints":{"allow":["GET"]}}],"collection":[{"href":"https:\/\/krets.jagareforbundet.se\/hovagullspang\/wp-json\/wp\/v2\/pages"}],"about":[{"href":"https:\/\/krets.jagareforbundet.se\/hovagullspang\/wp-json\/wp\/v2\/types\/page"}],"author":[{"embeddable":true,"href":"https:\/\/krets.jagareforbundet.se\/hovagullspang\/wp-json\/wp\/v2\/users\/165"}],"replies":[{"embeddable":true,"href":"https:\/\/krets.jagareforbundet.se\/hovagullspang\/wp-json\/wp\/v2\/comments?post=133"}],"version-history":[{"count":4,"href":"https:\/\/krets.jagareforbundet.se\/hovagullspang\/wp-json\/wp\/v2\/pages\/133\/revisions"}],"predecessor-version":[{"id":541,"href":"https:\/\/krets.jagareforbundet.se\/hovagullspang\/wp-json\/wp\/v2\/pages\/133\/revisions\/541"}],"wp:attachment":[{"href":"https:\/\/krets.jagareforbundet.se\/hovagullspang\/wp-json\/wp\/v2\/media?parent=133"}],"curies":[{"name":"wp","href":"https:\/\/api.w.org\/{rel}","templated":true}]}}