{"id":344,"date":"2018-08-01T15:14:44","date_gmt":"2018-08-01T13:14:44","guid":{"rendered":"https:\/\/krets.jagareforbundet.se\/hovagullspang\/?page_id=344"},"modified":"2018-10-22T17:38:11","modified_gmt":"2018-10-22T15:38:11","slug":"vildsvinsjakt-10-november","status":"publish","type":"page","link":"https:\/\/krets.jagareforbundet.se\/hovagullspang\/vildsvinsjakt-10-november\/","title":{"rendered":"Vildsvinsjakt 10 november"},"content":{"rendered":"<p>Denna dag jagar vi endast vildsvin och jakten p\u00e5g\u00e5r hela dagen<\/p>\n<p>Grisstammen v\u00e4xer och beh\u00f6ver skattas.<\/p>\n<p>\u00c4r de flesta jaktlagen med s\u00e5 f\u00e5r vi en bra r\u00f6relse p\u00e5 grisen och en trevlig jaktdag i skogen<\/p>\n<p>Tanken \u00e4r detta!<\/p>\n<p>Jaktlagen sitter p\u00e5 sina egna marker.<\/p>\n<p>Hundf\u00f6rarna har inga gr\u00e4nser utan kan r\u00f6ra sig fritt \u00f6ver markerna.<\/p>\n<p>Hundf\u00f6rarna startar p\u00e5 sina egna marker.<\/p>\n<p>Anm\u00e4ler n\u00e4r det drar iv\u00e4g s\u00e5 jaktledarna vet om det kommer in hundar med f\u00f6rare fr\u00e5n grannmarkerna<\/p>\n<p>Alla som har hund f\u00f6r detta \u00e4ndam\u00e5l kan g\u00e5. Hundar sl\u00e4pps n\u00e4r man har kontakt med gris(vassa hundar har munkorg) N\u00e5gra hundar sparas f\u00f6r efters\u00f6k.<\/p>\n<p>P\u00e5 den marken d\u00e4r grisen faller\/ligger tillfaller det jakt laget som har Den marken.<\/p>\n<p>Blir en trof\u00e9 gris d\u00f6dskjuten och ligger p\u00e5 annans mark f\u00e5r skytten trof\u00e9n men inte n\u00e5got k\u00f6tt<\/p>\n<p><span style=\"text-decoration: underline\"><strong>Alla j\u00e4gare och hundf\u00f6rare har radio och b\u00e4r v\u00e4l synliga signalf\u00e4rger<\/strong><\/span><\/p>\n<p><span style=\"text-decoration: underline\"><strong>\u00c4r ditt jaktlag med??<\/strong><\/span><\/p>\n<p><span style=\"text-decoration: underline\"><strong>Kan ni inte den helgen. F\u00e5r hundf\u00f6rarna g\u00e5 \u00f6ver era marker och avsluta p\u00e5 marken och ni f\u00e5r djuret och har ansvar f\u00f6r det djuret samt transporten av det fallna djuret.<\/strong><\/span><\/p>\n<p>Svar beh\u00f6vs senast 30 okt 2018<\/p>\n<p>D\u00e5 s\u00e4ger ni \u00e4ven vilken radiokanal ni anv\u00e4nder och 155 eller 31Mhz<\/p>\n<p>Till Thomas Johansson 0732671152 Mail: stenbrotorp@gmail.com<\/p>\n<p><a href=\"https:\/\/krets.jagareforbundet.se\/hovagullspang\/files\/2018\/08\/pm-grisjakt-2018.pdf\">PM grisjakt 181110<\/a><\/p>\n<p>Omr\u00e5de d\u00e4r jakten bedrivs<\/p>\n<p><a href=\"https:\/\/krets.jagareforbundet.se\/hovagullspang\/files\/2016\/09\/vildsvinsjakt-karta.jpg\"><img loading=\"lazy\" decoding=\"async\" class=\" wp-image-345 alignleft\" src=\"https:\/\/krets.jagareforbundet.se\/hovagullspang\/files\/2016\/09\/vildsvinsjakt-karta-264x300.jpg\" alt=\"vildsvinsjakt-karta\" width=\"317\" height=\"360\" srcset=\"https:\/\/krets.jagareforbundet.se\/hovagullspang\/files\/2016\/09\/vildsvinsjakt-karta-264x300.jpg 264w, https:\/\/krets.jagareforbundet.se\/hovagullspang\/files\/2016\/09\/vildsvinsjakt-karta.jpg 556w\" sizes=\"auto, (max-width: 317px) 100vw, 317px\" \/><\/a><\/p>\n<p>&nbsp;<\/p>\n<p>&nbsp;<\/p>\n<p>&nbsp;<\/p>\n<p>&nbsp;<\/p>\n<p>&nbsp;<\/p>\n<p>&nbsp;<\/p>\n<p>&nbsp;<\/p>\n<p>&nbsp;<\/p>\n<p>&nbsp;<\/p>\n<p>&nbsp;<\/p>\n<p>&nbsp;<\/p>\n","protected":false},"excerpt":{"rendered":"<p>Denna dag jagar vi endast vildsvin och jakten p\u00e5g\u00e5r hela dagen Grisstammen v\u00e4xer och beh\u00f6ver skattas. \u00c4r de flesta jaktlagen med s\u00e5 f\u00e5r vi en bra r\u00f6relse p\u00e5 grisen och en trevlig jaktdag i skogen Tanken \u00e4r detta! Jaktlagen sitter p\u00e5 sina egna marker. Hundf\u00f6rarna har inga gr\u00e4nser utan kan r\u00f6ra sig fritt \u00f6ver markerna. [&hellip;]<\/p>\n","protected":false},"author":165,"featured_media":0,"parent":0,"menu_order":0,"comment_status":"closed","ping_status":"closed","template":"","meta":{"footnotes":""},"class_list":["post-344","page","type-page","status-publish","hentry"],"_links":{"self":[{"href":"https:\/\/krets.jagareforbundet.se\/hovagullspang\/wp-json\/wp\/v2\/pages\/344","targetHints":{"allow":["GET"]}}],"collection":[{"href":"https:\/\/krets.jagareforbundet.se\/hovagullspang\/wp-json\/wp\/v2\/pages"}],"about":[{"href":"https:\/\/krets.jagareforbundet.se\/hovagullspang\/wp-json\/wp\/v2\/types\/page"}],"author":[{"embeddable":true,"href":"https:\/\/krets.jagareforbundet.se\/hovagullspang\/wp-json\/wp\/v2\/users\/165"}],"replies":[{"embeddable":true,"href":"https:\/\/krets.jagareforbundet.se\/hovagullspang\/wp-json\/wp\/v2\/comments?post=344"}],"version-history":[{"count":1,"href":"https:\/\/krets.jagareforbundet.se\/hovagullspang\/wp-json\/wp\/v2\/pages\/344\/revisions"}],"predecessor-version":[{"id":347,"href":"https:\/\/krets.jagareforbundet.se\/hovagullspang\/wp-json\/wp\/v2\/pages\/344\/revisions\/347"}],"wp:attachment":[{"href":"https:\/\/krets.jagareforbundet.se\/hovagullspang\/wp-json\/wp\/v2\/media?parent=344"}],"curies":[{"name":"wp","href":"https:\/\/api.w.org\/{rel}","templated":true}]}}