{"id":112,"date":"2013-09-05T13:55:31","date_gmt":"2013-09-05T11:55:31","guid":{"rendered":"https:\/\/krets.jagareforbundet.se\/jonkopingssodra\/?page_id=112"},"modified":"2020-12-15T19:53:26","modified_gmt":"2020-12-15T18:53:26","slug":"jaktskytte","status":"publish","type":"page","link":"https:\/\/krets.jagareforbundet.se\/jonkopingssodra\/jaktskytte\/","title":{"rendered":"Jaktskytte"},"content":{"rendered":"<div><strong>Riktiga j\u00e4gare \u00f6vningsskjuter regelbundet!<\/strong><\/div>\n<div>Inom kretsen finns ett antal jaktskyttebanor som \u00e4r tillg\u00e4ngliga f\u00f6r tr\u00e4nings- och t\u00e4vlingsskytte och alla beh\u00f6ver vi \u00f6vningsskjuta varje \u00e5r f\u00f6r att vi skall kunna bedriva en s\u00e4ker jakt utan skadeskjutningar eller andra incidenter. Skjutbanor som\u00a0erbjuder varierat jaktskytte, trevlig gemenskap och m\u00f6jligheter till en m\u00e4ngd olika aktiviteter som passar dig\u00a0kan man g\u00f6ra p\u00e5 flera st\u00e4llen inom kretsen och runt om J\u00f6nk\u00f6ping. Bl.a. finns m\u00f6jligheter att \u00f6va sitt skytte p\u00e5\u00a0<a href=\"https:\/\/www.njssk.se\/\">Norrahammars Jakt och Sportskytteklubb<\/a>\u00a0och\u00a0<a href=\"http:\/\/www3.idrottonline.se\/TenhultsJVF-Skyttesport\/\">Tenhults Jaktv\u00e5rdsf\u00f6rening<\/a>.<\/div>\n<div><\/div>\n<div><\/div>\n<div>Kontakta skytteansvarige <strong>Morgan Lagerkvist<\/strong> f\u00f6r mer information.<\/div>\n<div>\n<p>Tel; 0706-588470<\/p>\n<\/div>\n<p>&nbsp;<\/p>\n<p>Skjutprogram hittar ni p\u00e5 respektive klubbs hemsida.<\/p>\n<p><a href=\"https:\/\/www.njssk.se\/\">Norrahammars Jakt och Sportskytteklubb<\/a><\/p>\n<p><a href=\"http:\/\/idrottonline.se\/TenhultsJVF-Skyttesport\">Tenhults Jaktv\u00e5rdsf\u00f6rening<\/a><\/p>\n<p>&nbsp;<\/p>\n","protected":false},"excerpt":{"rendered":"<p>Riktiga j\u00e4gare \u00f6vningsskjuter regelbundet! Inom kretsen finns ett antal jaktskyttebanor som \u00e4r tillg\u00e4ngliga f\u00f6r tr\u00e4nings- och t\u00e4vlingsskytte och alla beh\u00f6ver vi \u00f6vningsskjuta varje \u00e5r f\u00f6r att vi skall kunna bedriva en s\u00e4ker jakt utan skadeskjutningar eller andra incidenter. Skjutbanor som\u00a0erbjuder varierat jaktskytte, trevlig gemenskap och m\u00f6jligheter till en m\u00e4ngd olika aktiviteter som passar dig\u00a0kan man [&hellip;]<\/p>\n","protected":false},"author":92,"featured_media":0,"parent":0,"menu_order":0,"comment_status":"open","ping_status":"open","template":"","meta":{"footnotes":""},"class_list":["post-112","page","type-page","status-publish","hentry"],"_links":{"self":[{"href":"https:\/\/krets.jagareforbundet.se\/jonkopingssodra\/wp-json\/wp\/v2\/pages\/112","targetHints":{"allow":["GET"]}}],"collection":[{"href":"https:\/\/krets.jagareforbundet.se\/jonkopingssodra\/wp-json\/wp\/v2\/pages"}],"about":[{"href":"https:\/\/krets.jagareforbundet.se\/jonkopingssodra\/wp-json\/wp\/v2\/types\/page"}],"author":[{"embeddable":true,"href":"https:\/\/krets.jagareforbundet.se\/jonkopingssodra\/wp-json\/wp\/v2\/users\/92"}],"replies":[{"embeddable":true,"href":"https:\/\/krets.jagareforbundet.se\/jonkopingssodra\/wp-json\/wp\/v2\/comments?post=112"}],"version-history":[{"count":2,"href":"https:\/\/krets.jagareforbundet.se\/jonkopingssodra\/wp-json\/wp\/v2\/pages\/112\/revisions"}],"predecessor-version":[{"id":384,"href":"https:\/\/krets.jagareforbundet.se\/jonkopingssodra\/wp-json\/wp\/v2\/pages\/112\/revisions\/384"}],"wp:attachment":[{"href":"https:\/\/krets.jagareforbundet.se\/jonkopingssodra\/wp-json\/wp\/v2\/media?parent=112"}],"curies":[{"name":"wp","href":"https:\/\/api.w.org\/{rel}","templated":true}]}}