{"id":118,"date":"2013-09-05T14:19:54","date_gmt":"2013-09-05T12:19:54","guid":{"rendered":"https:\/\/krets.jagareforbundet.se\/jonkopingssodra\/?page_id=118"},"modified":"2020-02-23T15:25:25","modified_gmt":"2020-02-23T14:25:25","slug":"rovvilt","status":"publish","type":"page","link":"https:\/\/krets.jagareforbundet.se\/jonkopingssodra\/rovvilt\/","title":{"rendered":"Rovvilt"},"content":{"rendered":"<div>\n<p><span style=\"font-size: 13px\">Rovdjursdebatten b\u00f6rjar ta fart \u00e4ven h\u00e4r i s\u00f6dra Sverige. Rapporterna duggar t\u00e4tt om observationer, b\u00e5de syn och sp\u00e5robservationer.<\/span><\/p>\n<\/div>\n<div>\n<p>Vi har haft ett antal kvalitetss\u00e4krade vargobservationer inom kretsen de senaste \u00e5ren. Kvalitetss\u00e4krade lodjursobservationer finns registrerade p\u00e5 l\u00e4nsstyrelsen \u00e4ven om de inte visar alla obs officiellt. Se mera p\u00e5 <a href=\"https:\/\/www.skandobs.se\/\">www.skandobs.se<\/a>.<\/p>\n<p>Politiken \u00e4r i skrivandets stund fortfarande n\u00e5got svajande. Rovdjuren debatteras p\u00e5 h\u00f6gsta niv\u00e5 i regeringen och \u00e4ven EU har med full kraft lagt sig i rovdjursdebatten i Sverige. Kraftigt p\u00e5hejade av naturv\u00e5rdsorganisationer i Sverige. J\u00e4garef\u00f6rbundets linje \u00e4r fortfarande, enligt ett beslut f\u00f6r n\u00e5gra \u00e5r sedan, att de stora rovdjuren ska hanteras enligt en l\u00e4mplig f\u00f6rvaltningsplan, och vad det g\u00e4ller vargen s\u00e5 \u00e4r det en plan med maximalt 150 vargar i landet som g\u00e4ller. Liknande planer finns f\u00f6r \u00f6vriga stora rovdjur. F\u00f6r bj\u00f6rn och lo finns fungerande f\u00f6rvaltning. Bj\u00f6rn har vi ju h\u00e4r v\u00e4ldigt sporadiskt i l\u00e4net och kretsen, men lo har vi och f\u00f6r n\u00e4rvarande ocks\u00e5 varg.<\/p>\n<p>F\u00f6r vargen \u00e4r det troligt att det blir n\u00e5gon form av jakt, eftersom det finns n\u00e5gonstans runt 400 vargar i landet, och regeringen har antytt att de kan t\u00e4nka sig en f\u00f6rvaltningsplan med 180 djur i stammen. Det inneb\u00e4r att vi m\u00e5ste vara snabba med att rapportera alla observationer som vi har s\u00e5 att l\u00e4nsstyrelsen kan kvalitetss\u00e4kra observationerna. Har vi inte tillr\u00e4ckligt m\u00e5nga kvalitetss\u00e4krade observationer s\u00e5 kommer vi inte p\u00e5 fr\u00e5ga om jakt i l\u00e4net. F\u00f6r lo g\u00e4ller det att vi rapporterar observationer till l\u00e4nsstyrelsen s\u00e5 vi f\u00e5r tillr\u00e4ckligt m\u00e5nga kvalitetss\u00e4kringar. Innan vi kan visa p\u00e5 tillr\u00e4ckligt m\u00e5nga f\u00f6ryngringar i l\u00e4net f\u00e5r vi ingen jakt.<\/p>\n<p>&nbsp;<\/p>\n<p><strong>Hur g\u00f6r vi d\u00e5 om vi har en observation, syn- eller sp\u00e5robservation?<\/strong><\/p>\n<p>Anm\u00e4l observationen p\u00e5 <a href=\"https:\/\/www.skandobs.se\/\">www.skandobs.se<\/a> eller kontakta l\u00e4nsstyrelsen i f\u00f6rsta hand deras kvalitetss\u00e4krare.<\/p>\n<p>J\u00e4garef\u00f6rbundet J\u00f6nk\u00f6pings s\u00f6dra jaktv\u00e5rdskrets.<\/p>\n<\/div>\n","protected":false},"excerpt":{"rendered":"<p>Rovdjursdebatten b\u00f6rjar ta fart \u00e4ven h\u00e4r i s\u00f6dra Sverige. Rapporterna duggar t\u00e4tt om observationer, b\u00e5de syn och sp\u00e5robservationer. Vi har haft ett antal kvalitetss\u00e4krade vargobservationer inom kretsen de senaste \u00e5ren. Kvalitetss\u00e4krade lodjursobservationer finns registrerade p\u00e5 l\u00e4nsstyrelsen \u00e4ven om de inte visar alla obs officiellt. Se mera p\u00e5 www.skandobs.se. Politiken \u00e4r i skrivandets stund fortfarande n\u00e5got [&hellip;]<\/p>\n","protected":false},"author":92,"featured_media":0,"parent":0,"menu_order":0,"comment_status":"open","ping_status":"open","template":"","meta":{"footnotes":""},"class_list":["post-118","page","type-page","status-publish","hentry"],"_links":{"self":[{"href":"https:\/\/krets.jagareforbundet.se\/jonkopingssodra\/wp-json\/wp\/v2\/pages\/118","targetHints":{"allow":["GET"]}}],"collection":[{"href":"https:\/\/krets.jagareforbundet.se\/jonkopingssodra\/wp-json\/wp\/v2\/pages"}],"about":[{"href":"https:\/\/krets.jagareforbundet.se\/jonkopingssodra\/wp-json\/wp\/v2\/types\/page"}],"author":[{"embeddable":true,"href":"https:\/\/krets.jagareforbundet.se\/jonkopingssodra\/wp-json\/wp\/v2\/users\/92"}],"replies":[{"embeddable":true,"href":"https:\/\/krets.jagareforbundet.se\/jonkopingssodra\/wp-json\/wp\/v2\/comments?post=118"}],"version-history":[{"count":2,"href":"https:\/\/krets.jagareforbundet.se\/jonkopingssodra\/wp-json\/wp\/v2\/pages\/118\/revisions"}],"predecessor-version":[{"id":372,"href":"https:\/\/krets.jagareforbundet.se\/jonkopingssodra\/wp-json\/wp\/v2\/pages\/118\/revisions\/372"}],"wp:attachment":[{"href":"https:\/\/krets.jagareforbundet.se\/jonkopingssodra\/wp-json\/wp\/v2\/media?parent=118"}],"curies":[{"name":"wp","href":"https:\/\/api.w.org\/{rel}","templated":true}]}}