{"id":126,"date":"2013-09-05T14:29:08","date_gmt":"2013-09-05T12:29:08","guid":{"rendered":"https:\/\/krets.jagareforbundet.se\/jonkopingssodra\/?page_id=126"},"modified":"2020-12-15T20:02:11","modified_gmt":"2020-12-15T19:02:11","slug":"lankar","status":"publish","type":"page","link":"https:\/\/krets.jagareforbundet.se\/jonkopingssodra\/lankar\/","title":{"rendered":"L\u00e4nkar"},"content":{"rendered":"<p><a href=\"http:\/\/jagareforbundet.se\/\">J\u00e4garef\u00f6rbundet<\/a>\u00a0&#8211; F\u00f6rbundets hemsida<\/p>\n<p><a href=\"http:\/\/jagareforbundet.se\/syd\/jonkopings-lan\/jagareforbundet-jonkoping\/\">J\u00e4garef\u00f6rbundet J\u00f6nk\u00f6pings L\u00e4n<\/a>\u00a0&#8211; L\u00e4nsf\u00f6reningens hemsida<\/p>\n<p><a href=\"https:\/\/www.facebook.com\/groups\/443633735717911\/\">J\u00e4garef\u00f6rbundet J\u00f6nk\u00f6ping S\u00f6dra p\u00e5 Facebook<\/a>\u00a0&#8211; Vi finns \u00e4ven p\u00e5 facebook f\u00f6r lite snack vid den datoriserade l\u00e4gerelden<\/p>\n<p>&nbsp;<\/p>\n<p><a href=\"http:\/\/svenskjakt.se\/\">Svensk Jakt<\/a> &#8211; Sveriges st\u00f6rsta jakttidning<\/p>\n<p>&nbsp;<\/p>\n<p><a href=\"http:\/\/www.viltdata.se\/\">Viltdata<\/a>\u00a0&#8211; Rapportera din avskjutning p\u00e5 hemsidan och hj\u00e4lp SvJF att h\u00e5lla koll p\u00e5 viltstammarna<\/p>\n<p><a href=\"http:\/\/www.algdata.se\/Sv\/Pages\/default.aspx\">\u00c4lgdata<\/a>\u00a0&#8211; Rapportera din avskjutning till l\u00e4nsstyrelsen<\/p>\n<p><a href=\"https:\/\/www.lansstyrelsen.se\/jonkoping\/djur\/jakt-och-vilt.html\">L\u00e4nsstyrelsen <\/a>&#8211; L\u00e4nsstyrelsen i J\u00f6nk\u00f6pings l\u00e4n Jakt och vilt sida<\/p>\n<p>&nbsp;<\/p>\n<p><a href=\"http:\/\/jagareforbundet.se\/vilt\/viltvard\/\">Viltv\u00e5rd <\/a>&#8211; SvJF sidor om viltv\u00e5rd<\/p>\n<p><a href=\"http:\/\/jagareforbundet.se\/viltmat\/Hantera-vilt\/\">Viltmat<\/a> &#8211; SvJF sida om viltmat<\/p>\n<p><a href=\"http:\/\/www.slu.se\/sv\/centrumbildningar-och-projekt\/algforvaltning\/\">\u00c4lgf\u00f6rvaltning <\/a>&#8211; Utbildning, manualer mm f\u00f6r \u00e4lgf\u00f6rvaltning fr\u00e5n SLU<\/p>\n<p>&nbsp;<\/p>\n<p><a href=\"http:\/\/www.viltolycka.se\/\">Viltolycka <\/a>&#8211; H\u00e4r kan du f\u00e5 information om viltolyckor<\/p>\n<p>&nbsp;<\/p>\n<p><a href=\"http:\/\/www.skandobs.se\/\">Skandobs <\/a>&#8211; H\u00e4r kan du rapportera dina rovdjursobservationer till myndigheterna<\/p>\n","protected":false},"excerpt":{"rendered":"<p>J\u00e4garef\u00f6rbundet\u00a0&#8211; F\u00f6rbundets hemsida J\u00e4garef\u00f6rbundet J\u00f6nk\u00f6pings L\u00e4n\u00a0&#8211; L\u00e4nsf\u00f6reningens hemsida J\u00e4garef\u00f6rbundet J\u00f6nk\u00f6ping S\u00f6dra p\u00e5 Facebook\u00a0&#8211; Vi finns \u00e4ven p\u00e5 facebook f\u00f6r lite snack vid den datoriserade l\u00e4gerelden &nbsp; Svensk Jakt &#8211; Sveriges st\u00f6rsta jakttidning &nbsp; Viltdata\u00a0&#8211; Rapportera din avskjutning p\u00e5 hemsidan och hj\u00e4lp SvJF att h\u00e5lla koll p\u00e5 viltstammarna \u00c4lgdata\u00a0&#8211; Rapportera din avskjutning till l\u00e4nsstyrelsen L\u00e4nsstyrelsen &#8211; [&hellip;]<\/p>\n","protected":false},"author":92,"featured_media":0,"parent":0,"menu_order":0,"comment_status":"open","ping_status":"open","template":"","meta":{"footnotes":""},"class_list":["post-126","page","type-page","status-publish","hentry"],"_links":{"self":[{"href":"https:\/\/krets.jagareforbundet.se\/jonkopingssodra\/wp-json\/wp\/v2\/pages\/126","targetHints":{"allow":["GET"]}}],"collection":[{"href":"https:\/\/krets.jagareforbundet.se\/jonkopingssodra\/wp-json\/wp\/v2\/pages"}],"about":[{"href":"https:\/\/krets.jagareforbundet.se\/jonkopingssodra\/wp-json\/wp\/v2\/types\/page"}],"author":[{"embeddable":true,"href":"https:\/\/krets.jagareforbundet.se\/jonkopingssodra\/wp-json\/wp\/v2\/users\/92"}],"replies":[{"embeddable":true,"href":"https:\/\/krets.jagareforbundet.se\/jonkopingssodra\/wp-json\/wp\/v2\/comments?post=126"}],"version-history":[{"count":2,"href":"https:\/\/krets.jagareforbundet.se\/jonkopingssodra\/wp-json\/wp\/v2\/pages\/126\/revisions"}],"predecessor-version":[{"id":387,"href":"https:\/\/krets.jagareforbundet.se\/jonkopingssodra\/wp-json\/wp\/v2\/pages\/126\/revisions\/387"}],"wp:attachment":[{"href":"https:\/\/krets.jagareforbundet.se\/jonkopingssodra\/wp-json\/wp\/v2\/media?parent=126"}],"curies":[{"name":"wp","href":"https:\/\/api.w.org\/{rel}","templated":true}]}}