{"id":28,"date":"2011-09-09T08:06:13","date_gmt":"2011-09-09T08:06:13","guid":{"rendered":"https:\/\/krets.jagareforbundet.se\/template\/?page_id=28"},"modified":"2020-12-15T19:44:13","modified_gmt":"2020-12-15T18:44:13","slug":"kontakta-oss","status":"publish","type":"page","link":"https:\/\/krets.jagareforbundet.se\/jonkopingssodra\/kontakta-oss\/","title":{"rendered":"Kontakta oss"},"content":{"rendered":"<div>\n<h1>J\u00f6nk\u00f6ping S\u00f6dra Jaktv\u00e5rdskrets<\/h1>\n<\/div>\n<div>\n<p>Vi i kretsens styrelse \u00e4r v\u00e4ldigt tacksamma f\u00f6r synpunkter p\u00e5 v\u00e5r verksamhet och v\u00e5r hemsida.<\/p>\n<\/div>\n<div>Skicka g\u00e4rna in din \u00e5sikt eller fr\u00e5ga, vi svarar p\u00e5 allt!<\/div>\n<div><\/div>\n<div><\/div>\n<div>Om ni ej f\u00e5tt svar fr\u00e5n formul\u00e4ret s\u00e5 kan ni \u00e4ven kontakta genom att skicka mail till <a href=\"mailto:sjf.jonkoping.sodra@gmail.com\"><span class=\"gI\"><span data-hovercard-id=\"sjf.jonkoping.sodra@gmail.com\" data-hovercard-owner-id=\"135\">sjf.jonkoping.sodra@gmail.com<\/span><\/span><\/a><\/div>\n","protected":false},"excerpt":{"rendered":"<p>J\u00f6nk\u00f6ping S\u00f6dra Jaktv\u00e5rdskrets Vi i kretsens styrelse \u00e4r v\u00e4ldigt tacksamma f\u00f6r synpunkter p\u00e5 v\u00e5r verksamhet och v\u00e5r hemsida. Skicka g\u00e4rna in din \u00e5sikt eller fr\u00e5ga, vi svarar p\u00e5 allt! Om ni ej f\u00e5tt svar fr\u00e5n formul\u00e4ret s\u00e5 kan ni \u00e4ven kontakta genom att skicka mail till sjf.jonkoping.sodra@gmail.com<\/p>\n","protected":false},"author":3,"featured_media":0,"parent":0,"menu_order":0,"comment_status":"open","ping_status":"open","template":"template-contact.php","meta":{"footnotes":""},"class_list":["post-28","page","type-page","status-publish","hentry"],"_links":{"self":[{"href":"https:\/\/krets.jagareforbundet.se\/jonkopingssodra\/wp-json\/wp\/v2\/pages\/28","targetHints":{"allow":["GET"]}}],"collection":[{"href":"https:\/\/krets.jagareforbundet.se\/jonkopingssodra\/wp-json\/wp\/v2\/pages"}],"about":[{"href":"https:\/\/krets.jagareforbundet.se\/jonkopingssodra\/wp-json\/wp\/v2\/types\/page"}],"author":[{"embeddable":true,"href":"https:\/\/krets.jagareforbundet.se\/jonkopingssodra\/wp-json\/wp\/v2\/users\/3"}],"replies":[{"embeddable":true,"href":"https:\/\/krets.jagareforbundet.se\/jonkopingssodra\/wp-json\/wp\/v2\/comments?post=28"}],"version-history":[{"count":2,"href":"https:\/\/krets.jagareforbundet.se\/jonkopingssodra\/wp-json\/wp\/v2\/pages\/28\/revisions"}],"predecessor-version":[{"id":381,"href":"https:\/\/krets.jagareforbundet.se\/jonkopingssodra\/wp-json\/wp\/v2\/pages\/28\/revisions\/381"}],"wp:attachment":[{"href":"https:\/\/krets.jagareforbundet.se\/jonkopingssodra\/wp-json\/wp\/v2\/media?parent=28"}],"curies":[{"name":"wp","href":"https:\/\/api.w.org\/{rel}","templated":true}]}}