{"id":151,"date":"2015-11-03T21:24:36","date_gmt":"2015-11-03T20:24:36","guid":{"rendered":"https:\/\/krets.jagareforbundet.se\/kiruna\/?page_id=151"},"modified":"2025-03-27T13:34:16","modified_gmt":"2025-03-27T12:34:16","slug":"kontaktuppgifter-kiruna-jaktvardskrets-2015-kontaktuppgifter","status":"publish","type":"page","link":"https:\/\/krets.jagareforbundet.se\/kiruna\/kontaktuppgifter-kiruna-jaktvardskrets-2015-kontaktuppgifter\/","title":{"rendered":"Kontaktuppgifter Kiruna Jaktv\u00e5rdskrets 2025"},"content":{"rendered":"<div class=\"modules_center\">\n<div class=\"pagecontent\">\n<div class=\"page\" id=\"page_9355\">\n<div class=\"content\">\n<div class=\"paragraphs\">\n<div class=\"paragraph\">\n<div class=\"text\">\n<p><strong><u>Styrelsens ledam\u00f6ter 2025. V<\/u><\/strong><strong><u>alda vid \u00e5rsm\u00f6te m\u00e5ndag 20 februari 2025, Jukkasj\u00e4rvi Folketshus<\/u><\/strong><\/p>\n<p><strong><u>Ordf\u00f6rande<\/u>: Mikael Sid\u00e9r, <\/strong>Marknadsv\u00e4gen 16, 981 91 JUKKASJ\u00c4RVI<br \/>\n070-556 76 20, mikael.sider@gmailcom<\/p>\n<\/div>\n<p style=\"text-align: left\"><strong><u>Vice ordf\u00f6rande<\/u>: <\/strong><strong>Mikael Jonasson<\/strong><strong>,<\/strong> Triangelv\u00e4gen 6c, 981 38\u00a0 KIRUNA,<br \/>\n070-318 28 19, jonassonmikke@gmail.com<\/p>\n<div class=\"text\">\n<p><strong><u>Sekreterare<\/u>: Jan \u00d6berg<\/strong> Fotv\u00e4gen 19, 981 91 Jukkasj\u00e4rvi<br \/>\n070-697 24 27, byisen@hotmail.com<\/p>\n<\/div>\n<p><strong><u>Kass\u00f6r<\/u>:\u00a0<b>Krister M\u00e4\u00e4tt\u00e4,\u00a0<\/b><\/strong>Sl\u00e5tterv\u00e4gen 36, 981 43 \u00a0KIRUNA<br \/>\n070-304 16 49, christer.maatta@gmail.com<\/p>\n<p>&nbsp;<\/p>\n<div class=\"text\">\n<p><strong>Ledam\u00f6ter:<\/strong><\/p>\n<p><b>Mikael Pekkari, <\/b>Parakka 4809, 985 91 VITTANGI,<br \/>\n070-683 66 68, mikael.pekkari@gmail.com<\/p>\n<p><b>Kalle Simonen<\/b>, Ljungplan 2G , 98143 KIRUNA,<br \/>\n070-164 79 88, charliesimonen@gmail.com<\/p>\n<p><b>Jim T\u00f6yr\u00e4,<\/b>\u00a0Kyrkogatan 21D, 981 37, KIRUNA<br \/>\n070-355 57 95, jimty@gmail.com<\/p>\n<p><b>Dennis Andersson,\u00a0<\/b>Porfyrv\u00e4gen 6, 981 40 \u00a0KIRUNA<br \/>\n073-094 70 88, daandersson@hotmail.se<b><br \/>\n<\/b><\/p>\n<p><b>Jonny Mella, <\/b>Planetv\u00e4gen 12, 981 44 \u00a0KIRUNA<br \/>\n070-351 79 54,\u00a0<a href=\"mailto:jonnymella@telia.com\">jonnymella@telia.com<\/a><\/p>\n<\/div>\n<p><strong>Adjungerad: Anders Berg, <\/strong>S\u00f6dra Stallv\u00e4gen 1, 981 34 Kiruna, 073-091 62 58<\/p>\n<p>&nbsp;<\/p>\n<div class=\"text\">\n<p><strong><u>Valberedning<\/u><\/strong>:<\/p>\n<p><b>Sammankallande &#8211; Ulrik Falck, <\/b>Nybyggarv\u00e4gen 15, 981 91 Jukkasj\u00e4rvi, 070-598 64 32, ulrik.falck@gmail.com<\/p>\n<p><b>Anders Berg, <\/b>S\u00f6dra Stallv\u00e4gen 1, 981 34 Kiruna, 073-091 62 58<\/p>\n<p><b>Ingemar St\u00f6ckel,<\/b>\u00a0M\u00e5ttv\u00e4gen 2, 981 91 Jukkasj\u00e4rvi, 070-602 10 13, ingemar.stockel@lkab.com<\/p>\n<p>&nbsp;<\/p>\n<p><strong><u>Arbetsutskott<\/u><\/strong>: \u00a0Mikael Sid\u00e9r, Mikael Jonasson och Krister M\u00e4\u00e4tt\u00e4<\/p>\n<p>&nbsp;<\/p>\n<p><strong><u>Revisorer<\/u><\/strong>:<br \/>\n<strong>Ragnar F\u00e4ngvall<\/strong>, Ollasbyv\u00e4gen 20, 980 10 VITTANGI, 0981-108 50<br \/>\n<strong>Hans F\u00e4ngvall<br \/>\n<\/strong><strong><u>Revisorssuppleanter<\/u><\/strong>:<br \/>\n<b>Sten-Ove Alatalo, <\/b>Saivomuotka 211, 986 91 Karesuoando och <strong>Mats Thorneus<\/strong><\/p>\n<p>&nbsp;<\/p>\n<p><strong><u>\u00d6vriga ansvarsomr\u00e5den<\/u><\/strong>:<\/p>\n<p><strong>Viltv\u00e5rdsansvarig<\/strong>: Mikael Pekkari<br \/>\n<strong>Rovviltsansvarig<\/strong>: Mikael Pekkari<br \/>\n<strong>Utbildningsansvarig<\/strong>: Ingemar Olsson<br \/>\n<strong>Ungdomsansvarig<\/strong>: Jim T\u00f6yr\u00e4 och Kalle Simonen<br \/>\n<strong>Medlemsansvarig:<\/strong>Jim T\u00f6yr\u00e4 och Kalle Simonen<br \/>\n<strong>Kvinnligt N\u00e4tverk\/Hemsida: \u00a0Mikael Jonasson <\/strong><br \/>\n<strong>Ripinventeringar<\/strong>:\u00a0 Ingemar St\u00f6ckel<br \/>\n<strong>\u00c4lgansvarig<\/strong>: \u00a0Dennis Andersson och f\u00f6r \u00e4lgf\u00f6rvaltningsdelegationen Mikael Pekkari<\/p>\n<p><strong>Efters\u00f6ksansvarig NVR samordnare i Kiruna kommun:<\/strong>\u00a0Dennis Andersson<\/p>\n<p>&nbsp;<\/p>\n<p><u><strong>Jaktv\u00e5rdskretsens postadress<\/strong><\/u>:<\/p>\n<p><strong>J\u00e4garef\u00f6rbundet Kiruna Jaktv\u00e5rdskrets<\/strong>, c\/o <strong>Mikael Sid\u00e9r, <\/strong>Marknadsv\u00e4gen 16, 981 91 JUKKASJ\u00c4RVI<\/p>\n<p><strong>Fakturaadress<\/strong>:<strong>\u00a0J\u00e4garef\u00f6rbundet Kiruna Jaktv\u00e5rdskrets,\u00a0<\/strong>c\/o\u00a0Krister M\u00e4\u00e4tt\u00e4<strong><b>,\u00a0<\/b><\/strong>Sl\u00e5tterv\u00e4gen 36, 981 43 \u00a0KIRUNA<br \/>\n070-304 16 49, christer.maatta@gmail.com<\/p>\n<div><\/div>\n<\/div>\n<\/div>\n<div class=\"paragraph\"><\/div>\n<\/div>\n<\/div>\n<\/div>\n<div class=\"pagelastupdated\" id=\"PageLastUpdated_9355\">\n<div class=\"content\">\n<div class=\"paragraphs\">\n<div class=\"lastupdated\">Uppdaterad: 2025-03-27<\/div>\n<\/div>\n<\/div>\n<\/div>\n<\/div>\n<\/div>\n","protected":false},"excerpt":{"rendered":"<p>Styrelsens ledam\u00f6ter 2025. Valda vid \u00e5rsm\u00f6te m\u00e5ndag 20 februari 2025, Jukkasj\u00e4rvi Folketshus Ordf\u00f6rande: Mikael Sid\u00e9r, Marknadsv\u00e4gen 16, 981 91 JUKKASJ\u00c4RVI 070-556 76 20, mikael.sider@gmailcom Vice ordf\u00f6rande: Mikael Jonasson, Triangelv\u00e4gen 6c, 981 38\u00a0 KIRUNA, 070-318 28 19, jonassonmikke@gmail.com Sekreterare: Jan \u00d6berg Fotv\u00e4gen 19, 981 91 Jukkasj\u00e4rvi 070-697 24 27, byisen@hotmail.com Kass\u00f6r:\u00a0Krister M\u00e4\u00e4tt\u00e4,\u00a0Sl\u00e5tterv\u00e4gen 36, 981 43 \u00a0KIRUNA [&hellip;]<\/p>\n","protected":false},"author":237,"featured_media":0,"parent":0,"menu_order":0,"comment_status":"closed","ping_status":"closed","template":"","meta":{"jetpack_post_was_ever_published":false,"footnotes":""},"class_list":["post-151","page","type-page","status-publish","hentry"],"_links":{"self":[{"href":"https:\/\/krets.jagareforbundet.se\/kiruna\/wp-json\/wp\/v2\/pages\/151","targetHints":{"allow":["GET"]}}],"collection":[{"href":"https:\/\/krets.jagareforbundet.se\/kiruna\/wp-json\/wp\/v2\/pages"}],"about":[{"href":"https:\/\/krets.jagareforbundet.se\/kiruna\/wp-json\/wp\/v2\/types\/page"}],"author":[{"embeddable":true,"href":"https:\/\/krets.jagareforbundet.se\/kiruna\/wp-json\/wp\/v2\/users\/237"}],"replies":[{"embeddable":true,"href":"https:\/\/krets.jagareforbundet.se\/kiruna\/wp-json\/wp\/v2\/comments?post=151"}],"version-history":[{"count":3,"href":"https:\/\/krets.jagareforbundet.se\/kiruna\/wp-json\/wp\/v2\/pages\/151\/revisions"}],"predecessor-version":[{"id":438,"href":"https:\/\/krets.jagareforbundet.se\/kiruna\/wp-json\/wp\/v2\/pages\/151\/revisions\/438"}],"wp:attachment":[{"href":"https:\/\/krets.jagareforbundet.se\/kiruna\/wp-json\/wp\/v2\/media?parent=151"}],"curies":[{"name":"wp","href":"https:\/\/api.w.org\/{rel}","templated":true}]}}