{"id":218,"date":"2016-05-27T22:16:19","date_gmt":"2016-05-27T20:16:19","guid":{"rendered":"https:\/\/krets.jagareforbundet.se\/kiruna\/?page_id=218"},"modified":"2020-02-07T09:29:18","modified_gmt":"2020-02-07T08:29:18","slug":"jagarexamenbanor-i-norrbotten","status":"publish","type":"page","link":"https:\/\/krets.jagareforbundet.se\/kiruna\/jagarexamenbanor-i-norrbotten\/","title":{"rendered":"J\u00e4garexamenbanor i Norrbotten"},"content":{"rendered":"<h3>I <a href=\"https:\/\/jagareforbundet.se\/norr\/norrbottens-lan\/jagareforbundet-norrbotten\/jagaren\/jagarexamen\/jagarexamensbanor-i-norrbotten\/\">l\u00e4nken<\/a> hittar du information och kontaktuppgifter till de skjutbanor i Norrbotten som du kan avl\u00e4gga j\u00e4garexamen prov p\u00e5.<\/h3>\n<p>&nbsp;<\/p>\n<p><a href=\"https:\/\/krets.jagareforbundet.se\/kiruna\/files\/2015\/11\/Jakthund.jpg\"><img loading=\"lazy\" decoding=\"async\" class=\"size-medium wp-image-154\" src=\"https:\/\/krets.jagareforbundet.se\/kiruna\/files\/2015\/11\/Jakthund-300x169.jpg\" alt=\"\" width=\"300\" height=\"169\" srcset=\"https:\/\/krets.jagareforbundet.se\/kiruna\/files\/2015\/11\/Jakthund-300x169.jpg 300w, https:\/\/krets.jagareforbundet.se\/kiruna\/files\/2015\/11\/Jakthund-1024x576.jpg 1024w\" sizes=\"auto, (max-width: 300px) 100vw, 300px\" \/><\/a><\/p>\n<p>&nbsp;<\/p>\n","protected":false},"excerpt":{"rendered":"<p>I l\u00e4nken hittar du information och kontaktuppgifter till de skjutbanor i Norrbotten som du kan avl\u00e4gga j\u00e4garexamen prov p\u00e5. &nbsp; &nbsp;<\/p>\n","protected":false},"author":237,"featured_media":0,"parent":0,"menu_order":0,"comment_status":"closed","ping_status":"closed","template":"","meta":{"jetpack_post_was_ever_published":false,"footnotes":""},"class_list":["post-218","page","type-page","status-publish","hentry"],"_links":{"self":[{"href":"https:\/\/krets.jagareforbundet.se\/kiruna\/wp-json\/wp\/v2\/pages\/218","targetHints":{"allow":["GET"]}}],"collection":[{"href":"https:\/\/krets.jagareforbundet.se\/kiruna\/wp-json\/wp\/v2\/pages"}],"about":[{"href":"https:\/\/krets.jagareforbundet.se\/kiruna\/wp-json\/wp\/v2\/types\/page"}],"author":[{"embeddable":true,"href":"https:\/\/krets.jagareforbundet.se\/kiruna\/wp-json\/wp\/v2\/users\/237"}],"replies":[{"embeddable":true,"href":"https:\/\/krets.jagareforbundet.se\/kiruna\/wp-json\/wp\/v2\/comments?post=218"}],"version-history":[{"count":3,"href":"https:\/\/krets.jagareforbundet.se\/kiruna\/wp-json\/wp\/v2\/pages\/218\/revisions"}],"predecessor-version":[{"id":330,"href":"https:\/\/krets.jagareforbundet.se\/kiruna\/wp-json\/wp\/v2\/pages\/218\/revisions\/330"}],"wp:attachment":[{"href":"https:\/\/krets.jagareforbundet.se\/kiruna\/wp-json\/wp\/v2\/media?parent=218"}],"curies":[{"name":"wp","href":"https:\/\/api.w.org\/{rel}","templated":true}]}}