{"id":141,"date":"2014-03-13T19:16:52","date_gmt":"2014-03-13T18:16:52","guid":{"rendered":"https:\/\/krets.jagareforbundet.se\/kungsbacka\/?page_id=141"},"modified":"2026-04-10T11:21:31","modified_gmt":"2026-04-10T09:21:31","slug":"styrelsen-kungsbacka","status":"publish","type":"page","link":"https:\/\/krets.jagareforbundet.se\/kungsbacka\/styrelsen-kungsbacka\/","title":{"rendered":"Styrelsen Kungsbacka"},"content":{"rendered":"<h3>Kungsbacka Jaktv\u00e5rdskrets 1227<\/h3>\n<div>\n<h3>Verksamhetssomr\u00e5de<\/h3>\n<p>Kungsbacka kommun<\/p>\n<h3>Anslutna organisationer<\/h3>\n<p>G\u00f6teborgs jakts\u00e4llskap &#8211; Medlemsnr: 1185805<\/p>\n<p>\u00d6lmevalla Landa Jaktv\u00e5rdsklubb &#8211; Medlemsnr: 1267538<\/p>\n<p>Hamra Jaktskytte &amp; Studief\u00f6rening &#8211; Medlemsnr: 71780<\/p>\n<p>T\u00f6l\u00f6 Jakt &amp; Viltv\u00e5rdsf\u00f6rening &#8211; Medlemsnr: 1384882<\/p>\n<p>\u00c4lvs\u00e5kers Viltv\u00e5rdsomr\u00e5desf\u00f6rening &#8211; Medlemsnr: 1434000<\/p>\n<p>Onsala Luftgev\u00e4rsklubb &#8211; Medlemsnr: 1217755<\/p>\n<h3>Ordf\u00f6rande<\/h3>\n<p>Magnus Stolpe,\u00a00760-07 41 41,\u00a0<a href=\"mailto:stolpe83@gmail.com\">stolpe83@gmail.com<\/a><\/p>\n<h3>Vice Ordf\u00f6rande<\/h3>\n<p>Lennart Andersson,\u00a00702-26 55 17,\u00a0<a href=\"mailto:silverravenlennart@hotmail.com\">silverravenlennart@hotmail.com<\/a><\/p>\n<h3>Sekreterare<\/h3>\n<p>Simon Nissen, 0735-14 09 36, <a href=\"mailto:nissensimonn@gmail.com\">nissensimonn@gmail.com<\/a><\/p>\n<h3>Kass\u00f6r (Bankgironummer 5379-0077)<\/h3>\n<p>Joacim Andersson, 0730-24 16 85, <a href=\"mailto:joacim_andersson@telia.com\">joacim_andersson@telia.com<\/a><\/p>\n<h3><strong>Ledam\u00f6ter<\/strong><\/h3>\n<table style=\"height: 241px\" width=\"580\">\n<tbody>\n<tr>\n<td width=\"134\">Jesper Larsson<\/td>\n<td width=\"202\"><a class=\"recipient\" href=\"mailto:jesper@valy.se\" data-bind=\"text: toDisplayString(), popupTemplate: { template: 'contactCard' }\">jesper@valy.se <\/a><\/td>\n<td width=\"90\">0703-011878<\/td>\n<\/tr>\n<tr>\n<td>Anna K\u00e4rreng\u00e5rd<\/td>\n<td><a href=\"mailto:annagroning83@gmail.com\" target=\"_blank\" rel=\"noopener\">annagroning83@gmail.com<\/a><\/td>\n<td>0738-129024<\/td>\n<\/tr>\n<tr>\n<td>Henrik Petersson<\/td>\n<td><a href=\"mailto:peterssonhenrik67@gmail.com\">peterssonhenrik67@gmail.com<\/a><\/td>\n<td>\u00a00708-22 61 86<\/td>\n<\/tr>\n<tr>\n<td>Lars Eriksson<\/td>\n<td><a href=\"mailto:lars.eriksson@chalmers.se\">lars.eriksson@chalmers.se<\/a><\/td>\n<td>0706-33 26 64<\/td>\n<\/tr>\n<tr>\n<td>Niklas Liljengren<\/td>\n<td><a href=\"mailto:niklaslj@me.com\">niklaslj@me.com<\/a><\/td>\n<td>0725-371718<\/td>\n<\/tr>\n<tr>\n<td>Osborn Stockelberg<\/td>\n<td><a href=\"mailto:stockelberg@tele2.se\">stockelberg@tele2.se<\/a><\/td>\n<td>0706-415878<\/td>\n<\/tr>\n<tr>\n<td><\/td>\n<td><\/td>\n<td><\/td>\n<\/tr>\n<tr>\n<td><\/td>\n<td><\/td>\n<td><\/td>\n<\/tr>\n<\/tbody>\n<\/table>\n<p>&nbsp;<\/p>\n<p><b>Suppleanter<\/b><\/p>\n<table style=\"height: 87px\" width=\"573\">\n<tbody>\n<tr>\n<td width=\"134\">Roger Zackrisson<\/td>\n<td width=\"202\"><a href=\"mailto:roger@jktab.se\">roger@jktab.se<\/a><\/td>\n<td width=\"90\">0708-21 17 43<\/td>\n<\/tr>\n<tr>\n<td>Mikael L\u00f6fgren<\/td>\n<td><a href=\"mailto:lofgren66@telia.com\">lofgren66@telia.com<\/a><\/td>\n<td>0735-26 61 33<\/td>\n<\/tr>\n<tr>\n<td>Niclas Johansson<\/td>\n<td><a href=\"mailto:niclas.johansson@telia.com\">niclas.johansson@telia.com<\/a><\/td>\n<td>0703-70 51 26<\/td>\n<\/tr>\n<tr>\n<td>Jonas Johansson<\/td>\n<td><a href=\"mailto:jonas.johansson@dhl.com\">jonas.johansson@dhl.com<\/a><\/td>\n<td><\/td>\n<\/tr>\n<\/tbody>\n<\/table>\n<p>&nbsp;<\/p>\n<p><b>Myndigheter<\/b> (utsedd av KBA Kommun )<\/p>\n<table style=\"height: 34px\" width=\"579\">\n<tbody>\n<tr>\n<td width=\"134\">Leif Ytterstr\u00f6m<\/td>\n<td width=\"202\">leif.ytterstrom@kungsbacka.se<\/td>\n<td width=\"90\">0705-65 35 00<\/td>\n<\/tr>\n<tr>\n<td>Stefan Jakobsson<\/td>\n<td>stefan.jakobsson@kungsbacka.se<\/td>\n<td>0709- 59 35 49<\/td>\n<\/tr>\n<\/tbody>\n<\/table>\n<p>&nbsp;<\/p>\n<p><b>LRF<\/b> utsedd ledamot<br \/>\nKontaktperson<\/p>\n<table style=\"height: 5px\" width=\"558\">\n<tbody>\n<tr>\n<td width=\"134\">Henrik Arnesson<\/td>\n<td width=\"202\"><a href=\"mailto:Jh.arnesson@gmail.com\">Jh.arnesson@gmail.com<\/a><\/td>\n<td width=\"90\">0709-56 46 50<\/td>\n<\/tr>\n<\/tbody>\n<\/table>\n<p>&nbsp;<\/p>\n<p><strong>Revisorer<\/strong><\/p>\n<p>Leif Ytterstr\u00f6m, 0705-63 35 00<\/p>\n<p>Bengt-Erik K\u00e4rrbrand 0706-31 06 90<\/p>\n<p>Suppleanter: Tomas Ottosson och John Duff<\/p>\n<p>&nbsp;<\/p>\n<h3>Valberedning<\/h3>\n<p>Stefan Nilsson (sammankallande) 0702-17 65 94, Oscar Bruun, Daniel Andersson<\/p>\n<\/div>\n","protected":false},"excerpt":{"rendered":"<p>Kungsbacka Jaktv\u00e5rdskrets 1227 Verksamhetssomr\u00e5de Kungsbacka kommun Anslutna organisationer G\u00f6teborgs jakts\u00e4llskap &#8211; Medlemsnr: 1185805 \u00d6lmevalla Landa Jaktv\u00e5rdsklubb &#8211; Medlemsnr: 1267538 Hamra Jaktskytte &amp; Studief\u00f6rening &#8211; Medlemsnr: 71780 T\u00f6l\u00f6 Jakt &amp; Viltv\u00e5rdsf\u00f6rening &#8211; Medlemsnr: 1384882 \u00c4lvs\u00e5kers Viltv\u00e5rdsomr\u00e5desf\u00f6rening &#8211; Medlemsnr: 1434000 Onsala Luftgev\u00e4rsklubb &#8211; Medlemsnr: 1217755 Ordf\u00f6rande Magnus Stolpe,\u00a00760-07 41 41,\u00a0stolpe83@gmail.com Vice Ordf\u00f6rande Lennart Andersson,\u00a00702-26 55 17,\u00a0silverravenlennart@hotmail.com Sekreterare [&hellip;]<\/p>\n","protected":false},"author":166,"featured_media":0,"parent":0,"menu_order":0,"comment_status":"open","ping_status":"open","template":"","meta":{"footnotes":""},"class_list":["post-141","page","type-page","status-publish","hentry"],"_links":{"self":[{"href":"https:\/\/krets.jagareforbundet.se\/kungsbacka\/wp-json\/wp\/v2\/pages\/141","targetHints":{"allow":["GET"]}}],"collection":[{"href":"https:\/\/krets.jagareforbundet.se\/kungsbacka\/wp-json\/wp\/v2\/pages"}],"about":[{"href":"https:\/\/krets.jagareforbundet.se\/kungsbacka\/wp-json\/wp\/v2\/types\/page"}],"author":[{"embeddable":true,"href":"https:\/\/krets.jagareforbundet.se\/kungsbacka\/wp-json\/wp\/v2\/users\/166"}],"replies":[{"embeddable":true,"href":"https:\/\/krets.jagareforbundet.se\/kungsbacka\/wp-json\/wp\/v2\/comments?post=141"}],"version-history":[{"count":3,"href":"https:\/\/krets.jagareforbundet.se\/kungsbacka\/wp-json\/wp\/v2\/pages\/141\/revisions"}],"predecessor-version":[{"id":1076,"href":"https:\/\/krets.jagareforbundet.se\/kungsbacka\/wp-json\/wp\/v2\/pages\/141\/revisions\/1076"}],"wp:attachment":[{"href":"https:\/\/krets.jagareforbundet.se\/kungsbacka\/wp-json\/wp\/v2\/media?parent=141"}],"curies":[{"name":"wp","href":"https:\/\/api.w.org\/{rel}","templated":true}]}}