{"id":423,"date":"2016-02-17T12:30:28","date_gmt":"2016-02-17T11:30:28","guid":{"rendered":"https:\/\/krets.jagareforbundet.se\/kungsbacka\/?page_id=423"},"modified":"2017-02-03T08:08:48","modified_gmt":"2017-02-03T07:08:48","slug":"utbildningar","status":"publish","type":"page","link":"https:\/\/krets.jagareforbundet.se\/kungsbacka\/utbildningar\/","title":{"rendered":"Utbildningar"},"content":{"rendered":"<p><img decoding=\"async\" src=\"http:\/\/www.jagareforbundet.org\/kursform\/images\/kurs_logga.gif\" alt=\"\" \/><\/p>\n<h1>J\u00e4garef\u00f6rbundets utbildningar<\/h1>\n<p>Vid fr\u00e5gor kontakta f\u00f6ljande distrikt Sk\u00e5ne-Blekinge-Halland 044-129347, J\u00f6nk\u00f6ping- \u00d6sterg\u00f6tland 0381-13056, Kalmar-Kronoberg 0490-82495. V\u00e4lkomna till utbildning.<\/p>\n<p>Epost: <a href=\"mailto:utbildning-syd@jagareforbundet.se\">utbildning-syd@jagareforbundet.se<\/a><\/p>\n<p>Alla utbildningar:<br \/>\n<a href=\"https:\/\/jagareforbundet.se\/Utbildning\/\">https:\/\/jagareforbundet.se\/Utbildning\/<\/a><\/p>\n<div id=\"content\">\n<h2><\/h2>\n<\/div>\n","protected":false},"excerpt":{"rendered":"<p>J\u00e4garef\u00f6rbundets utbildningar Vid fr\u00e5gor kontakta f\u00f6ljande distrikt Sk\u00e5ne-Blekinge-Halland 044-129347, J\u00f6nk\u00f6ping- \u00d6sterg\u00f6tland 0381-13056, Kalmar-Kronoberg 0490-82495. V\u00e4lkomna till utbildning. Epost: utbildning-syd@jagareforbundet.se Alla utbildningar: https:\/\/jagareforbundet.se\/Utbildning\/<\/p>\n","protected":false},"author":200,"featured_media":0,"parent":0,"menu_order":0,"comment_status":"closed","ping_status":"closed","template":"","meta":{"footnotes":""},"class_list":["post-423","page","type-page","status-publish","hentry"],"_links":{"self":[{"href":"https:\/\/krets.jagareforbundet.se\/kungsbacka\/wp-json\/wp\/v2\/pages\/423","targetHints":{"allow":["GET"]}}],"collection":[{"href":"https:\/\/krets.jagareforbundet.se\/kungsbacka\/wp-json\/wp\/v2\/pages"}],"about":[{"href":"https:\/\/krets.jagareforbundet.se\/kungsbacka\/wp-json\/wp\/v2\/types\/page"}],"author":[{"embeddable":true,"href":"https:\/\/krets.jagareforbundet.se\/kungsbacka\/wp-json\/wp\/v2\/users\/200"}],"replies":[{"embeddable":true,"href":"https:\/\/krets.jagareforbundet.se\/kungsbacka\/wp-json\/wp\/v2\/comments?post=423"}],"version-history":[{"count":0,"href":"https:\/\/krets.jagareforbundet.se\/kungsbacka\/wp-json\/wp\/v2\/pages\/423\/revisions"}],"wp:attachment":[{"href":"https:\/\/krets.jagareforbundet.se\/kungsbacka\/wp-json\/wp\/v2\/media?parent=423"}],"curies":[{"name":"wp","href":"https:\/\/api.w.org\/{rel}","templated":true}]}}