{"id":468,"date":"2016-11-28T12:45:12","date_gmt":"2016-11-28T11:45:12","guid":{"rendered":"https:\/\/krets.jagareforbundet.se\/kungsbacka\/?page_id=468"},"modified":"2016-11-28T12:45:12","modified_gmt":"2016-11-28T11:45:12","slug":"ungdomsjakt-pa-stattared-26-november-2016","status":"publish","type":"page","link":"https:\/\/krets.jagareforbundet.se\/kungsbacka\/ungdom\/ungdomsjakt-pa-stattared-26-november-2016\/","title":{"rendered":"Ungdomsjakt p\u00e5 St\u00e4ttared 26 november 2016"},"content":{"rendered":"<p>Helgens\u00a0ungdomsjakt\u00a0bj\u00f6d p\u00e5 drev p\u00e5\u00a0r\u00e5djur, hare och r\u00e4v. Dagen avslutades med korvgrillning.<\/p>\n<p><a href=\"https:\/\/krets.jagareforbundet.se\/kungsbacka\/files\/2016\/11\/u.jpg\"><img loading=\"lazy\" decoding=\"async\" class=\"alignnone size-full wp-image-469\" src=\"https:\/\/krets.jagareforbundet.se\/kungsbacka\/files\/2016\/11\/u.jpg\" alt=\"Grillning\" width=\"3264\" height=\"2448\" srcset=\"https:\/\/krets.jagareforbundet.se\/kungsbacka\/files\/2016\/11\/u.jpg 3264w, https:\/\/krets.jagareforbundet.se\/kungsbacka\/files\/2016\/11\/u-300x225.jpg 300w, https:\/\/krets.jagareforbundet.se\/kungsbacka\/files\/2016\/11\/u-768x576.jpg 768w, https:\/\/krets.jagareforbundet.se\/kungsbacka\/files\/2016\/11\/u-1024x768.jpg 1024w\" sizes=\"auto, (max-width: 3264px) 100vw, 3264px\" \/><\/a><\/p>\n","protected":false},"excerpt":{"rendered":"<p>Helgens\u00a0ungdomsjakt\u00a0bj\u00f6d p\u00e5 drev p\u00e5\u00a0r\u00e5djur, hare och r\u00e4v. Dagen avslutades med korvgrillning.<\/p>\n","protected":false},"author":200,"featured_media":0,"parent":147,"menu_order":0,"comment_status":"closed","ping_status":"closed","template":"","meta":{"footnotes":""},"class_list":["post-468","page","type-page","status-publish","hentry"],"_links":{"self":[{"href":"https:\/\/krets.jagareforbundet.se\/kungsbacka\/wp-json\/wp\/v2\/pages\/468","targetHints":{"allow":["GET"]}}],"collection":[{"href":"https:\/\/krets.jagareforbundet.se\/kungsbacka\/wp-json\/wp\/v2\/pages"}],"about":[{"href":"https:\/\/krets.jagareforbundet.se\/kungsbacka\/wp-json\/wp\/v2\/types\/page"}],"author":[{"embeddable":true,"href":"https:\/\/krets.jagareforbundet.se\/kungsbacka\/wp-json\/wp\/v2\/users\/200"}],"replies":[{"embeddable":true,"href":"https:\/\/krets.jagareforbundet.se\/kungsbacka\/wp-json\/wp\/v2\/comments?post=468"}],"version-history":[{"count":0,"href":"https:\/\/krets.jagareforbundet.se\/kungsbacka\/wp-json\/wp\/v2\/pages\/468\/revisions"}],"up":[{"embeddable":true,"href":"https:\/\/krets.jagareforbundet.se\/kungsbacka\/wp-json\/wp\/v2\/pages\/147"}],"wp:attachment":[{"href":"https:\/\/krets.jagareforbundet.se\/kungsbacka\/wp-json\/wp\/v2\/media?parent=468"}],"curies":[{"name":"wp","href":"https:\/\/api.w.org\/{rel}","templated":true}]}}