{"id":478,"date":"2017-01-16T17:52:04","date_gmt":"2017-01-16T16:52:04","guid":{"rendered":"https:\/\/krets.jagareforbundet.se\/kungsbacka\/?page_id=478"},"modified":"2017-01-16T17:52:04","modified_gmt":"2017-01-16T16:52:04","slug":"kurs-i-vilthantering-och-styckning-sondagen-den-15-januari-2017","status":"publish","type":"page","link":"https:\/\/krets.jagareforbundet.se\/kungsbacka\/utbildningar\/kurs-i-vilthantering-och-styckning-sondagen-den-15-januari-2017\/","title":{"rendered":"Kurs i vilthantering och styckning s\u00f6ndagen den 15 januari 2017"},"content":{"rendered":"<p>S\u00f6ndagen den 15 januari 2017 genomf\u00f6rde vi en kurs i vilthantering och styckning. En mycket trevlig och l\u00e4rorik dag i konsten att stycka och ta hand om viltet p\u00e5 r\u00e4tt s\u00e4tt. F\u00f6r er som inte fick plats h\u00e5ll \u00f6gonen \u00f6ppna f\u00f6r ny kurs inom kort!<\/p>\n<p><a href=\"https:\/\/krets.jagareforbundet.se\/kungsbacka\/files\/2017\/01\/foto-2017-01-15.jpg\"><img loading=\"lazy\" decoding=\"async\" class=\"alignnone size-full wp-image-479\" src=\"https:\/\/krets.jagareforbundet.se\/kungsbacka\/files\/2017\/01\/foto-2017-01-15.jpg\" alt=\"foto 2017-01-15\" width=\"5120\" height=\"3840\" srcset=\"https:\/\/krets.jagareforbundet.se\/kungsbacka\/files\/2017\/01\/foto-2017-01-15.jpg 5120w, https:\/\/krets.jagareforbundet.se\/kungsbacka\/files\/2017\/01\/foto-2017-01-15-300x225.jpg 300w, https:\/\/krets.jagareforbundet.se\/kungsbacka\/files\/2017\/01\/foto-2017-01-15-768x576.jpg 768w, https:\/\/krets.jagareforbundet.se\/kungsbacka\/files\/2017\/01\/foto-2017-01-15-1024x768.jpg 1024w\" sizes=\"auto, (max-width: 5120px) 100vw, 5120px\" \/><\/a><\/p>\n","protected":false},"excerpt":{"rendered":"<p>S\u00f6ndagen den 15 januari 2017 genomf\u00f6rde vi en kurs i vilthantering och styckning. En mycket trevlig och l\u00e4rorik dag i konsten att stycka och ta hand om viltet p\u00e5 r\u00e4tt s\u00e4tt. F\u00f6r er som inte fick plats h\u00e5ll \u00f6gonen \u00f6ppna f\u00f6r ny kurs inom kort!<\/p>\n","protected":false},"author":200,"featured_media":0,"parent":423,"menu_order":0,"comment_status":"closed","ping_status":"closed","template":"","meta":{"footnotes":""},"class_list":["post-478","page","type-page","status-publish","hentry"],"_links":{"self":[{"href":"https:\/\/krets.jagareforbundet.se\/kungsbacka\/wp-json\/wp\/v2\/pages\/478","targetHints":{"allow":["GET"]}}],"collection":[{"href":"https:\/\/krets.jagareforbundet.se\/kungsbacka\/wp-json\/wp\/v2\/pages"}],"about":[{"href":"https:\/\/krets.jagareforbundet.se\/kungsbacka\/wp-json\/wp\/v2\/types\/page"}],"author":[{"embeddable":true,"href":"https:\/\/krets.jagareforbundet.se\/kungsbacka\/wp-json\/wp\/v2\/users\/200"}],"replies":[{"embeddable":true,"href":"https:\/\/krets.jagareforbundet.se\/kungsbacka\/wp-json\/wp\/v2\/comments?post=478"}],"version-history":[{"count":0,"href":"https:\/\/krets.jagareforbundet.se\/kungsbacka\/wp-json\/wp\/v2\/pages\/478\/revisions"}],"up":[{"embeddable":true,"href":"https:\/\/krets.jagareforbundet.se\/kungsbacka\/wp-json\/wp\/v2\/pages\/423"}],"wp:attachment":[{"href":"https:\/\/krets.jagareforbundet.se\/kungsbacka\/wp-json\/wp\/v2\/media?parent=478"}],"curies":[{"name":"wp","href":"https:\/\/api.w.org\/{rel}","templated":true}]}}