{"id":635,"date":"2019-02-03T20:24:17","date_gmt":"2019-02-03T19:24:17","guid":{"rendered":"https:\/\/krets.jagareforbundet.se\/kungsbacka\/?page_id=635"},"modified":"2019-03-03T10:13:26","modified_gmt":"2019-03-03T09:13:26","slug":"arsmote-2019-02-21","status":"publish","type":"page","link":"https:\/\/krets.jagareforbundet.se\/kungsbacka\/moteshandlingar\/arsmote-2019-02-21\/","title":{"rendered":"\u00c5rsm\u00f6te 2019-02-21"},"content":{"rendered":"<p><a href=\"https:\/\/krets.jagareforbundet.se\/kungsbacka\/files\/2019\/03\/dagordning-for-arsmote-2019.pdf\">Dagordning f\u00f6r \u00e5rsm\u00f6te 2019<\/a><\/p>\n<p><a href=\"https:\/\/krets.jagareforbundet.se\/kungsbacka\/files\/2019\/03\/bilaga-1-verksamhetsberattelser-2018-kba-jvk.pdf\">Bilaga 1 &#8211; Verksamhetsber\u00e4ttelser 2018 Kba Jvk<\/a><\/p>\n<p><a href=\"https:\/\/krets.jagareforbundet.se\/kungsbacka\/files\/2019\/03\/bilaga-2-arsredovisning-2018.pdf\">Bilaga 2 &#8211; \u00c5rsredovisning 2018<\/a><\/p>\n<p><a href=\"https:\/\/krets.jagareforbundet.se\/kungsbacka\/files\/2019\/03\/bilaga-3-ombud-for-kungsbacka-jaktvardskrets-pa-lansforeningens-arsstamma-i-hallands-lan-den-2019-03-25.pdf\">Bilaga 3 &#8211; Ombud f\u00f6r Kungsbacka Jaktv\u00e5rdskrets p\u00e5 l\u00e4nsf\u00f6reningens \u00e5rsst\u00e4mma i Hallands l\u00e4n den 2019-03-25<\/a><\/p>\n<p><a href=\"https:\/\/krets.jagareforbundet.se\/kungsbacka\/files\/2019\/03\/bilaga-4-budgetforslag-2019.pdf\">Bilaga 4 &#8211; Budgetforslag 2019<\/a><\/p>\n<p><a href=\"https:\/\/krets.jagareforbundet.se\/kungsbacka\/files\/2019\/03\/bilaga-5-valberedningens-forslag-2019.pdf\">Bilaga 5 &#8211; Valberedningens f\u00f6rslag 2019<\/a><\/p>\n<p><a href=\"https:\/\/krets.jagareforbundet.se\/kungsbacka\/files\/2019\/03\/protokoll-for-arsmote-2019-signerat.pdf\">Protokoll f\u00f6r \u00e5rsm\u00f6te 2019 SIGNERAT<\/a><\/p>\n","protected":false},"excerpt":{"rendered":"<p>Dagordning f\u00f6r \u00e5rsm\u00f6te 2019 Bilaga 1 &#8211; Verksamhetsber\u00e4ttelser 2018 Kba Jvk Bilaga 2 &#8211; \u00c5rsredovisning 2018 Bilaga 3 &#8211; Ombud f\u00f6r Kungsbacka Jaktv\u00e5rdskrets p\u00e5 l\u00e4nsf\u00f6reningens \u00e5rsst\u00e4mma i Hallands l\u00e4n den 2019-03-25 Bilaga 4 &#8211; Budgetforslag 2019 Bilaga 5 &#8211; Valberedningens f\u00f6rslag 2019 Protokoll f\u00f6r \u00e5rsm\u00f6te 2019 SIGNERAT<\/p>\n","protected":false},"author":200,"featured_media":0,"parent":193,"menu_order":0,"comment_status":"closed","ping_status":"closed","template":"","meta":{"footnotes":""},"class_list":["post-635","page","type-page","status-publish","hentry"],"_links":{"self":[{"href":"https:\/\/krets.jagareforbundet.se\/kungsbacka\/wp-json\/wp\/v2\/pages\/635","targetHints":{"allow":["GET"]}}],"collection":[{"href":"https:\/\/krets.jagareforbundet.se\/kungsbacka\/wp-json\/wp\/v2\/pages"}],"about":[{"href":"https:\/\/krets.jagareforbundet.se\/kungsbacka\/wp-json\/wp\/v2\/types\/page"}],"author":[{"embeddable":true,"href":"https:\/\/krets.jagareforbundet.se\/kungsbacka\/wp-json\/wp\/v2\/users\/200"}],"replies":[{"embeddable":true,"href":"https:\/\/krets.jagareforbundet.se\/kungsbacka\/wp-json\/wp\/v2\/comments?post=635"}],"version-history":[{"count":1,"href":"https:\/\/krets.jagareforbundet.se\/kungsbacka\/wp-json\/wp\/v2\/pages\/635\/revisions"}],"predecessor-version":[{"id":647,"href":"https:\/\/krets.jagareforbundet.se\/kungsbacka\/wp-json\/wp\/v2\/pages\/635\/revisions\/647"}],"up":[{"embeddable":true,"href":"https:\/\/krets.jagareforbundet.se\/kungsbacka\/wp-json\/wp\/v2\/pages\/193"}],"wp:attachment":[{"href":"https:\/\/krets.jagareforbundet.se\/kungsbacka\/wp-json\/wp\/v2\/media?parent=635"}],"curies":[{"name":"wp","href":"https:\/\/api.w.org\/{rel}","templated":true}]}}