{"id":169,"date":"2014-04-29T22:19:56","date_gmt":"2014-04-29T20:19:56","guid":{"rendered":"https:\/\/krets.jagareforbundet.se\/lagunda\/?page_id=169"},"modified":"2026-01-02T21:33:09","modified_gmt":"2026-01-02T20:33:09","slug":"ungdomsverksamhet","status":"publish","type":"page","link":"https:\/\/krets.jagareforbundet.se\/lagunda\/ungdomsverksamhet\/","title":{"rendered":"Barn och ungdomsverksamhet"},"content":{"rendered":"<h4><strong>Sidan uppdaterad: 2 januari 2026<\/strong><\/h4>\n<p>&nbsp;<\/p>\n<p>En viktig del av verksamheten i Lagunda kretsen \u00e4r v\u00e5r barn- och ungdomsverksamhet.<\/p>\n<p>Varje \u00e5r arrangerar v\u00e5ra ungdomsansvariga ett flertal olika aktiviteter och jakter f\u00f6r v\u00e5ra ungdomar i kretsen. Syftet med det hela \u00e4r att att l\u00e4ra barn och ungdomar om djur, natur och viltv\u00e5rd s\u00e5 att de f\u00e5r den kunskap och erfarenhet som kr\u00e4vs f\u00f6r att de ska k\u00e4nna sig trygga och s\u00e4kra i skog och mark. Vi vill ocks\u00e5 ge dem en bra introduktion till jakten och allt den erbjuder i form av upplevelser, rekreation och sp\u00e4nning. D\u00e4rf\u00f6r satsar vi stort p\u00e5 att ha en aktiv ungdomsverksamhet inom kretsen f\u00f6r alla ungdomar med jakt- och viltv\u00e5rdsintresse.<\/p>\n<p>Vi erbjuder \u00e4ven jakttillf\u00e4llen f\u00f6r ungdomar som inte har n\u00e5gon egen mark att tillg\u00e5 eller bara \u00e4r nyfiken p\u00e5 vad det \u00e4r f\u00f6r n\u00e5gonting.<\/p>\n<p>Kontakta v\u00e5ra aktiva ungdomsansvariga f\u00f6r mer information. Nedan hittar ni n\u00e5gra av alla aktiviteter som genomf\u00f6rs och hur man bokar in sig p\u00e5 dom.<\/p>\n<p>&nbsp;<\/p>\n<hr \/>\n<h3>Ungdomsskytte:<\/h3>\n<p>Varje \u00e5r arrangerar Lagunda jaktv\u00e5rdskrets ungdomsskytte.<br \/>\n<span style=\"color: #ff0000\"><em>OBS! Anm\u00e4l i god tid d\u00e5 dessa platser \u00e4r begr\u00e4nsade och blir snabbt fullbokade<\/em><\/span><\/p>\n<p><strong><br \/>\nV\u00e5r 2025:<br \/>\n<\/strong>L\u00f6rdagen den 10 maj arrangeras en ungdomsskyttedag p\u00e5 Sneden i Enk\u00f6ping, f\u00f6r ungdomar mellan 13 och 18 \u00e5r!<br \/>\nSamling vid skyttepaviljongen p\u00e5 Sneden kl 08:45, John Ericssons gata 18, Enk\u00f6ping<br \/>\nOlika former av skytte kommer att genomf\u00f6ras med b\u00e5de pistol, hagel- och kulgev\u00e4r<\/p>\n<p>F\u00f6r anm\u00e4lan f\u00f6lj l\u00e4nken:<br \/>\n<span style=\"color: #0000ff\"><a style=\"color: #0000ff\" href=\"https:\/\/krets.jagareforbundet.se\/lagunda\/nyheter\/ungdomsskyttedag-pa-sneden-i-enkoping-2025\/\">https:\/\/krets.jagareforbundet.se\/lagunda\/nyheter\/ungdomsskyttedag-pa-sneden-i-enkoping-2025\/<\/a><\/span><span style=\"color: #ff0000\"><em><br \/>\n<\/em><\/span><\/p>\n<p><strong>H\u00f6st 2025:<\/strong><br \/>\nL\u00f6rdag 27 september \u00e4r det ungdomsskytte med Lagunda jaktv\u00e5rdskrets. <strong>Skyttet kommer att vara lerduveskytte<\/strong>\u00a0p\u00e5 kretsens skjutbana p\u00e5 Lagunda allm\u00e4nning. F\u00f6r dig som \u00e4r ny \u00e4r det ett perfekt tillf\u00e4lle att prova hagelskytte. F\u00f6r dig som har skjutit tidigare \u00e4r det ett bra tillf\u00e4lle att skjuta och umg\u00e5s med andra ungdomar i kretsen. P\u00e5 plats kommer det finnas instrukt\u00f6rer fr\u00e5n kretsen och vapen att l\u00e5na. Kretsen bjuder p\u00e5 fika och korvgrillning.<\/p>\n<p><strong>Lagunda JVK Ungdomsansvarig<\/strong><br \/>\nJohnny Lindh<br \/>\n<a href=\"mailto:lagunda_ungdom@protonmail.com\">lagunda_ungdom@protonmail.com<\/a><\/p>\n<p>&nbsp;<\/p>\n<hr \/>\n<h3>Ungdomsjakt:<\/h3>\n<p>Varje \u00e5r arrangerar Lagunda jaktv\u00e5rdskrets \u00e4ven jakter f\u00f6r v\u00e5ra ungdomar p\u00e5 kretsens egna jaktmarker. Dessa jakter har blivit v\u00e4ldigt popul\u00e4ra och platserna har fyllts upp snabbt. <span style=\"color: #ff0000\">S\u00e5 var d\u00e4rf\u00f6r snabb med att anm\u00e4la er till dessa tillf\u00e4llen.<\/span><\/p>\n<p><strong>R\u00e5djursjakt 16 november 2025<\/strong><br \/>\nI november arrangeras R\u00e5djursjakt med l\u00e5ngsamt drivande hund och hagelb\u00f6ssa.<\/p>\n<p>L\u00e4s mer h\u00e4r:<br \/>\n<a style=\"color: blue\" href=\"https:\/\/krets.jagareforbundet.se\/lagunda\/nyheter\/ungdomsjakt-med-lagunda-jaktvardskrets-16-november-2025\/\">Ungdomsjakt Lagunda 16 november 2025<\/a><\/p>\n<p><strong>Harjakt 11 januari 2026<\/strong><br \/>\nUnder januari m\u00e5nad s\u00e5 arrangeras en hare- och r\u00e4vjakt med st\u00f6vare.<\/p>\n<p><strong>F\u00f6r att boka in sig p\u00e5 dessa jakter kontakta ungdomsansvarig<\/strong><br \/>\nJohnny Lindh<br \/>\n<a href=\"mailto:lagunda_ungdom@protonmail.com\">lagunda_ungdom@protonmail.com<\/a><\/p>\n<p>&nbsp;<\/p>\n<hr \/>\n<h3>Ungdomsansvariga i Lagunda JVK<\/h3>\n<p>Ut\u00f6ver ovanst\u00e5ende aktiviteter s\u00e5 kommer det att anordnas andra aktiviteter inom jakt, skytte och viltv\u00e5rd inom kretsen.<\/p>\n<p>F\u00f6r mer information om dessa tillf\u00e4llen se under nyheter h\u00e4r p\u00e5 v\u00e5ran hemsida eller p\u00e5 v\u00e5ran facebook sida: <a href=\"https:\/\/www.facebook.com\/groups\/lagundajvk\/\">https:\/\/www.facebook.com\/groups\/lagundajvk<\/a><\/p>\n<p>Har du n\u00e5gra fr\u00e5gor om v\u00e5r verksamhet eller egna f\u00f6rslag p\u00e5 aktiviteter du vill att vi ska genomf\u00f6ra.<br \/>\nKontakta n\u00e5gra av v\u00e5ra ungdomsansvariga som brinner f\u00f6r dessa fr\u00e5gor!<\/p>\n<p><strong>Ungdomsansvarig<\/strong><br \/>\nJohnny Lindh<br \/>\n<a href=\"mailto:lagunda_ungdom@protonmail.com\">lagunda_ungdom@protonmail.com<\/a><\/p>\n<p>Gordon Lindborg<\/p>\n<p><em><strong>Varmt v\u00e4lkommen som ungdom till Lagunda JVK!<\/strong><\/em><\/p>\n","protected":false},"excerpt":{"rendered":"<p>Sidan uppdaterad: 2 januari 2026 &nbsp; En viktig del av verksamheten i Lagunda kretsen \u00e4r v\u00e5r barn- och ungdomsverksamhet. Varje \u00e5r arrangerar v\u00e5ra ungdomsansvariga ett flertal olika aktiviteter och jakter f\u00f6r v\u00e5ra ungdomar i kretsen. Syftet med det hela \u00e4r att att l\u00e4ra barn och ungdomar om djur, natur och viltv\u00e5rd s\u00e5 att de f\u00e5r [&hellip;]<\/p>\n","protected":false},"author":161,"featured_media":0,"parent":0,"menu_order":7,"comment_status":"open","ping_status":"open","template":"","meta":{"footnotes":""},"class_list":["post-169","page","type-page","status-publish","hentry"],"_links":{"self":[{"href":"https:\/\/krets.jagareforbundet.se\/lagunda\/wp-json\/wp\/v2\/pages\/169","targetHints":{"allow":["GET"]}}],"collection":[{"href":"https:\/\/krets.jagareforbundet.se\/lagunda\/wp-json\/wp\/v2\/pages"}],"about":[{"href":"https:\/\/krets.jagareforbundet.se\/lagunda\/wp-json\/wp\/v2\/types\/page"}],"author":[{"embeddable":true,"href":"https:\/\/krets.jagareforbundet.se\/lagunda\/wp-json\/wp\/v2\/users\/161"}],"replies":[{"embeddable":true,"href":"https:\/\/krets.jagareforbundet.se\/lagunda\/wp-json\/wp\/v2\/comments?post=169"}],"version-history":[{"count":3,"href":"https:\/\/krets.jagareforbundet.se\/lagunda\/wp-json\/wp\/v2\/pages\/169\/revisions"}],"predecessor-version":[{"id":1199,"href":"https:\/\/krets.jagareforbundet.se\/lagunda\/wp-json\/wp\/v2\/pages\/169\/revisions\/1199"}],"wp:attachment":[{"href":"https:\/\/krets.jagareforbundet.se\/lagunda\/wp-json\/wp\/v2\/media?parent=169"}],"curies":[{"name":"wp","href":"https:\/\/api.w.org\/{rel}","templated":true}]}}