{"id":205,"date":"2019-01-16T16:10:37","date_gmt":"2019-01-16T15:10:37","guid":{"rendered":"https:\/\/krets.jagareforbundet.se\/lagunda\/?page_id=205"},"modified":"2026-05-04T20:23:10","modified_gmt":"2026-05-04T18:23:10","slug":"skjutbanan","status":"publish","type":"page","link":"https:\/\/krets.jagareforbundet.se\/lagunda\/skjutbanan\/","title":{"rendered":"Skjutbanan"},"content":{"rendered":"<h4><strong>Sidan uppdaterad: 8 april 2026<\/strong><\/h4>\n<h2><a style=\"color: #0000ee\" href=\"https:\/\/krets.jagareforbundet.se\/lagunda\/files\/2026\/04\/Lagunda-skjutbana-2026.pdf\"><br \/>\nKlicka h\u00e4r f\u00f6r att ladda ner Lagunda JVK skjutprogram 2026<br \/>\n<\/a><\/h2>\n<p>&nbsp;<\/p>\n<h3>Skjutbana Lagunda allm\u00e4nning<\/h3>\n<p>Kretsens skjutbana \u00e4r bel\u00e4gen p\u00e5 Lagunda allm\u00e4nning nordv\u00e4st om \u00d6rsundsbro samh\u00e4lle. P\u00e5 skjutbanan finns \u00e4lgskyttebana och hageltrap. Skjutbanan bemannas ideellt av kretsens medlemmar.<\/p>\n<p>Skjutbanan har \u00f6ppet under maj, juni, augusti och september. Allm\u00e4nskjutning \u00e4r som regel m\u00e5ndagar kl. 17:30\u201320:00 samt l\u00f6rdagar kl. 09:00\u201313:00 (Anm\u00e4lan st\u00e4nger 11:00). <strong>Skjutbanan \u00f6ppnar l\u00f6rdagen den 2 maj.<\/strong><\/p>\n<p>F\u00f6r exakta skjuttider, se skjutprogrammet f\u00f6r 2026 eller kalendern l\u00e4ngre ner p\u00e5 denna sida.<\/p>\n<p><strong>Vi hanterar inte l\u00e4ngre kontanter p\u00e5 skjutbanan. All betalning sker med Swish.<\/strong><br \/>\n<strong>Swishnummer: 123 55 386 32<\/strong><\/p>\n<p><strong>Banchef<\/strong><br \/>\nJonny Moberg<br \/>\n070-757 82 22<\/p>\n<p>&nbsp;<\/p>\n<hr \/>\n<h3>V\u00e4gbeskrivning<\/h3>\n<p>Fr\u00e5n \u00d6rsundsbrosamh\u00e4lle ta Nys\u00e4trav\u00e4gen mot Nys\u00e4tra kyrka. Efter 2,4 km ta h\u00f6ger mot Oxdjupet\/Skjutf\u00e4lt. Efter 2,7 km ta v\u00e4nster in p\u00e5 grusv\u00e4g vid skylt Skjutf\u00e4lt 2. Forts\u00e4tt p\u00e5 grusv\u00e4gen. Efter 1 km h\u00e5ll v\u00e4nster i Y-korset. Forts\u00e4tt drygt 4 km till stor korsning. D\u00e5 \u00e4r skjutbanan p\u00e5 h\u00f6ger sida.<\/p>\n<p style=\"color: #ff0000\">Ingen skjutning \u00e4r till\u00e5ten ut\u00f6ver angivna tider. Inga vapen, ammunition eller v\u00e4rdesaker f\u00f6rvaras p\u00e5 skjutbanan.<\/p>\n\n<!-- iframe plugin v.6.0 wordpress.org\/plugins\/iframe\/ -->\n<iframe src=\"https:\/\/www.google.com\/maps\/embed?pb=!1m18!1m12!1m3!1d1223.98901170157!2d17.235736772089833!3d59.80838213104428!2m3!1f0!2f0!3f0!3m2!1i1024!2i768!4f13.1!3m3!1m2!1s0x0%3A0x739b438c52cc1312!2zNTnCsDQ4JzMwLjIiTiAxN8KwMTQnMTIuMCJF!5e1!3m2!1ssv!2sse!4v1648481790222!5m2!1ssv!2sse\" width=\"500\" height=\"350\" style=\"border:0;\" allowfullscreen loading=\"lazy\" 0=\"referrerpolicy=&quot;no-referrer-when-downgrade&quot;&gt;\" scrolling=\"yes\" class=\"iframe-class\" frameborder=\"0\"><\/iframe>\n\n<p>&nbsp;<\/p>\n<hr \/>\n<h3>Jaktlagskjutning<\/h3>\n<p>Kretsens jaktlag kan boka skjutbanan p\u00e5 tisdagar, onsdagar och torsdagar under maj, juni, augusti och september.<\/p>\n<p>Skjuttiden \u00e4r kl. 17:30\u201320:00.<\/p>\n<p><em>F\u00f6r bokning av banan f\u00f6r jaktlag, l\u00e4s l\u00e4ngre ner p\u00e5 sidan.<\/em><\/p>\n<p>&nbsp;<\/p>\n<hr \/>\n<h3>Genomg\u00e5ng av banan f\u00f6r skjutledare 2026<\/h3>\n<p>Genomg\u00e5ng av hur \u00e4lgbanan fungerar f\u00f6r skjutledare sker <strong>s\u00f6ndagen den 19 april kl. 10:00.<\/strong><\/p>\n<p style=\"color: #ff0000\">Detta \u00e4r obligatoriskt f\u00f6r skjutledare f\u00f6r att kunna boka banan.<\/p>\n<p>&nbsp;<\/p>\n<hr \/>\n<h3>Ungdomsskytte<\/h3>\n<p>F\u00f6r ungdomar upp till 20 \u00e5r inom Lagunda \u00e4r det gratis att skjuta \u00e4lgserier och trapserier.<\/p>\n<p><strong>L\u00f6rdag 9 maj<\/strong><br \/>\nUngdomsskytte \/ \u201dprova p\u00e5 skytte\u201d p\u00e5 Sneden i Enk\u00f6ping tillsammans med Enabygdens J\u00e4garcentrum.<br \/>\n<span style=\"color: #0000ee\">L\u00e4s mer h\u00e4r<\/span><\/p>\n<p><strong>L\u00f6rdag 13 juni<\/strong><br \/>\nGev\u00e4rsskytte (.22 LR) med instrukt\u00f6r och l\u00e5nevapen f\u00f6r ungdomar sker l\u00f6rdagen den 13 juni. Kretsen bjuder p\u00e5 fika och korvgrillning.<br \/>\n<span style=\"color: #0000ee\">L\u00e4s mer h\u00e4r<\/span><\/p>\n<p><strong>F\u00f6r anm\u00e4lan och mer information kontakta Ungdomsansvarig:<\/strong><br \/>\nJohnny Lindh<br \/>\n<a style=\"color: #0000ee\" href=\"mailto:lagunda_ungdom@protonmail.com\">lagunda_ungdom@protonmail.com<\/a><\/p>\n<p>&nbsp;<\/p>\n<hr \/>\n<h3>JAQT<\/h3>\n<p>JAQT-skytte sker p\u00e5 v\u00e5r skjutbana i Enk\u00f6ping (Sneden).<\/p>\n<p><strong>F\u00f6r mer info och vid fr\u00e5gor kontakta:<\/strong><br \/>\nElin Rosquist<br \/>\n<a style=\"color: #0000ee\" href=\"mailto:elinrosquist@live.se\">elinrosquist@live.se<\/a><\/p>\n<p>&nbsp;<\/p>\n<hr \/>\n<h3>Sneden (skjutbanan i Enk\u00f6ping)<\/h3>\n<p>Enabygdens J\u00e4garcentrum \u00e4r en frist\u00e5ende ideell f\u00f6rening. Den \u00e4r ett samarbetsorgan f\u00f6r de jaktv\u00e5rdskretsar som verkar inom Enk\u00f6pings kommun. Medlemmar \u00e4r samtliga medlemmar i kretsarna J\u00e4garef\u00f6rbundet Enabygdens NV JVK, J\u00e4garef\u00f6rbundet Tr\u00f6gds JVK samt J\u00e4garef\u00f6rbundet Lagunda JVK.<\/p>\n<p><strong>Medlemmar i Lagunda JVK \u00e4r \u00e4ven medlemmar i banan p\u00e5 Sneden<\/strong> och skjuter till rabatterat pris. F\u00f6ruts\u00e4ttningen \u00e4r att du visar upp ditt medlemskort i Svenska J\u00e4garef\u00f6rbundet n\u00e4r du betalar f\u00f6r din serie.<\/p>\n<p><strong>Mer info:<\/strong><br \/>\n<a style=\"color: #0000ee\" href=\"https:\/\/sneden.se\/\">https:\/\/sneden.se\/<\/a><\/p>\n<p>&nbsp;<\/p>\n<hr \/>\n<h3>Bokning av skjutbanan f\u00f6r jaktlag<\/h3>\n<p>F\u00f6r att boka tid f\u00f6r ert jaktlag beh\u00f6ver ni mejla in er bokning av jaktlagsskjutning p\u00e5 Lagunda allm\u00e4nning.<\/p>\n<p>Bokning sker via mejl till:<br \/>\n<strong><a style=\"color: #0000ee\" href=\"mailto:boka.lagundajvk@gmail.com\">boka.lagundajvk@gmail.com<\/a><\/strong><\/p>\n<p style=\"color: #ff0000\"><strong>OBS!<\/strong> Endast jaktlag som har en skjutledare som genomg\u00e5tt <em>\u201dGenomg\u00e5ng av banan f\u00f6r skjutledare 2026\u201d<\/em> och som har deltagit vid eller ska h\u00e5lla minst en allm\u00e4nskjutning p\u00e5 banan kan boka.<\/p>\n<p>I mejlet beh\u00f6ver ni ange f\u00f6ljande information:<\/p>\n<ul>\n<li>Jaktlagets namn<\/li>\n<li>Ansvarig skjutledare med telefonnummer<\/li>\n<li>Vilket\/vilka datum ert jaktlag \u00f6nskar boka skjutbanan<\/li>\n<\/ul>\n<p>En bokningsbekr\u00e4ftelse skickas till er mejl s\u00e5 snart vi har registrerat era \u00f6nskade datum.<\/p>\n<p>F\u00f6r lediga tider under maj, juni, augusti och september, se kalendern nedan.<\/p>\n<p><strong>Vid problem med bokning via mejl, kontakta:<\/strong><br \/>\nJerry Olsson<br \/>\n070-419 19 13<\/p>\n<p>&nbsp;<\/p>\n<hr \/>\n<h3><a style=\"color: #0000ee\" href=\"https:\/\/krets.jagareforbundet.se\/lagunda\/files\/2026\/04\/Lagunda-skjutbana-2026.pdf\"><br \/>\nKlicka h\u00e4r f\u00f6r att ladda ner Lagunda JVK skjutprogram 2026<\/a><\/h3>\n<p><em>I kalendern nedan \u2013 klicka p\u00e5 den gr\u00f6na texten f\u00f6r mer information om varje datum<\/em><\/p>\n<p>&nbsp;<\/p>\n\n<!-- iframe plugin v.6.0 wordpress.org\/plugins\/iframe\/ -->\n<iframe loading=\"lazy\" src=\"https:\/\/calendar.google.com\/calendar\/embed?height=600&#038;wkst=2&#038;bgcolor=%23ffffff&#038;ctz=Europe%2FStockholm&#038;mode=AGENDA&#038;showTabs=1&#038;showTitle=1&#038;showNav=1&#038;showDate=1&#038;showCalendars=0&#038;showTz=0&#038;src=Ym9rYS5sYWd1bmRhanZrQGdtYWlsLmNvbQ&#038;color=%23039BE5\" style=\"border:solid 1px #777\" width=\"800\" height=\"600\" frameborder=\"0\" scrolling=\"no\" class=\"iframe-class\"><\/iframe>\n\n","protected":false},"excerpt":{"rendered":"<p>Sidan uppdaterad: 8 april 2026 Klicka h\u00e4r f\u00f6r att ladda ner Lagunda JVK skjutprogram 2026 &nbsp; Skjutbana Lagunda allm\u00e4nning Kretsens skjutbana \u00e4r bel\u00e4gen p\u00e5 Lagunda allm\u00e4nning nordv\u00e4st om \u00d6rsundsbro samh\u00e4lle. P\u00e5 skjutbanan finns \u00e4lgskyttebana och hageltrap. Skjutbanan bemannas ideellt av kretsens medlemmar. Skjutbanan har \u00f6ppet under maj, juni, augusti och september. Allm\u00e4nskjutning \u00e4r som regel [&hellip;]<\/p>\n","protected":false},"author":161,"featured_media":0,"parent":0,"menu_order":7,"comment_status":"closed","ping_status":"closed","template":"","meta":{"footnotes":""},"class_list":["post-205","page","type-page","status-publish","hentry"],"_links":{"self":[{"href":"https:\/\/krets.jagareforbundet.se\/lagunda\/wp-json\/wp\/v2\/pages\/205","targetHints":{"allow":["GET"]}}],"collection":[{"href":"https:\/\/krets.jagareforbundet.se\/lagunda\/wp-json\/wp\/v2\/pages"}],"about":[{"href":"https:\/\/krets.jagareforbundet.se\/lagunda\/wp-json\/wp\/v2\/types\/page"}],"author":[{"embeddable":true,"href":"https:\/\/krets.jagareforbundet.se\/lagunda\/wp-json\/wp\/v2\/users\/161"}],"replies":[{"embeddable":true,"href":"https:\/\/krets.jagareforbundet.se\/lagunda\/wp-json\/wp\/v2\/comments?post=205"}],"version-history":[{"count":3,"href":"https:\/\/krets.jagareforbundet.se\/lagunda\/wp-json\/wp\/v2\/pages\/205\/revisions"}],"predecessor-version":[{"id":807,"href":"https:\/\/krets.jagareforbundet.se\/lagunda\/wp-json\/wp\/v2\/pages\/205\/revisions\/807"}],"wp:attachment":[{"href":"https:\/\/krets.jagareforbundet.se\/lagunda\/wp-json\/wp\/v2\/media?parent=205"}],"curies":[{"name":"wp","href":"https:\/\/api.w.org\/{rel}","templated":true}]}}