{"id":575,"date":"2022-05-15T15:54:14","date_gmt":"2022-05-15T13:54:14","guid":{"rendered":"https:\/\/krets.jagareforbundet.se\/lagunda\/?page_id=575"},"modified":"2026-05-08T11:10:50","modified_gmt":"2026-05-08T09:10:50","slug":"resultat-2022","status":"publish","type":"page","link":"https:\/\/krets.jagareforbundet.se\/lagunda\/spillningsinventering-2026\/resultat-2022\/","title":{"rendered":"Resultat 2022"},"content":{"rendered":"<h2>Resultat Spillningsinventering Fj\u00e4rdhundra \u00c4FO<\/h2>\n<div id=\"attachment_579\" style=\"width: 310px\" class=\"wp-caption alignnone\"><a href=\"https:\/\/krets.jagareforbundet.se\/lagunda\/files\/2022\/05\/diagram-smilningsinventering.png\"><img loading=\"lazy\" decoding=\"async\" aria-describedby=\"caption-attachment-579\" class=\"wp-image-579 size-medium\" src=\"https:\/\/krets.jagareforbundet.se\/lagunda\/files\/2022\/05\/diagram-smilningsinventering-300x148.png\" alt=\"Diagram \u00c4lgt\u00e4thet\" width=\"300\" height=\"148\" srcset=\"https:\/\/krets.jagareforbundet.se\/lagunda\/files\/2022\/05\/diagram-smilningsinventering-300x148.png 300w, https:\/\/krets.jagareforbundet.se\/lagunda\/files\/2022\/05\/diagram-smilningsinventering-1024x505.png 1024w, https:\/\/krets.jagareforbundet.se\/lagunda\/files\/2022\/05\/diagram-smilningsinventering-768x379.png 768w, https:\/\/krets.jagareforbundet.se\/lagunda\/files\/2022\/05\/diagram-smilningsinventering.png 1093w\" sizes=\"auto, (max-width: 300px) 100vw, 300px\" \/><\/a><p id=\"caption-attachment-579\" class=\"wp-caption-text\">Diagram \u00c4lgt\u00e4thet<\/p><\/div>\n<p>&nbsp;<\/p>\n<h3><span style=\"color: #0000ff\"><a style=\"color: #0000ff\" href=\"https:\/\/krets.jagareforbundet.se\/lagunda\/files\/2022\/05\/resultat-spillningsinventering-fjardhundra-afo-2022.pdf\" target=\"_blank\" rel=\"noopener\">Resultat Spillningsinventering 2022<\/a><\/span><\/h3>\n<p>&nbsp;<\/p>\n<p><a href=\"https:\/\/jagareforbundet.se\/mitt\/uppsala-lan\/jagareforbundet-uppsala-lan\/nyheter-uppsala\/2022\/05\/spillningsinventeringen\/\" target=\"_blank\" rel=\"noopener\"><span style=\"color: #0000ff\">L\u00e4nk till resultat fr\u00e5n v\u00e5ra grannars inventering.<\/span><\/a><\/p>\n<hr \/>\n<p>&nbsp;<\/p>\n<p>Kopia p\u00e5 mejlutskick fr\u00e5n Lars Bj\u00f6rk 2022-05-13,<\/p>\n<blockquote><p>Hej!<\/p>\n<p>H\u00e4r \u00e4r resultatet fr\u00e5n \u00e5rets spillningsinventering av \u00e4lg och r\u00e5djur Fj\u00e4rdhundra \u00e4fo.<\/p>\n<p>Detta har skickats till alla administrat\u00f6rer f\u00f6r \u00e4so samt jaktledare i viltdata samt \u00e4fogruppen inom Fj\u00e4rdhundra \u00e4fo.<\/p>\n<p>SLU har tagit fram en ber\u00e4kning av \u00e4lgstammens storlek med en ny ber\u00e4kningsmodell baserad p\u00e5 \u00e4lgobs. Den ber\u00e4knar stammen till ungef\u00e4r samma som vi har i spillningsinventeringen. Detta g\u00f6r att vi har tv\u00e5 olika delar som visar p\u00e5 att \u00e4lgstammen sannolikt ligger p\u00e5 ca 4 \u00e4lgar per 1000ha inom hela \u00e4fo. Sedan \u00e4r det en variation inom omr\u00e5det som man ocks\u00e5 beh\u00f6ver ta h\u00e4nsyn till i \u00e4so.<\/p>\n<p>Mvh<\/p>\n<p>Lars Bj\u00f6rk<\/p>\n<p>Jaktv\u00e5rdskonsulent<br \/>\nBrunnby G\u00e5rd<br \/>\n725 97 V\u00e4ster\u00e5s<br \/>\n010-58 47 679<br \/>\n<a href=\"http:\/\/www.jagareforbundet.se\/\" target=\"_blank\" rel=\"noopener\">www.jagareforbundet.se<\/a><\/p><\/blockquote>\n","protected":false},"excerpt":{"rendered":"<p>Resultat Spillningsinventering Fj\u00e4rdhundra \u00c4FO &nbsp; Resultat Spillningsinventering 2022 &nbsp; L\u00e4nk till resultat fr\u00e5n v\u00e5ra grannars inventering. &nbsp; Kopia p\u00e5 mejlutskick fr\u00e5n Lars Bj\u00f6rk 2022-05-13, Hej! H\u00e4r \u00e4r resultatet fr\u00e5n \u00e5rets spillningsinventering av \u00e4lg och r\u00e5djur Fj\u00e4rdhundra \u00e4fo. Detta har skickats till alla administrat\u00f6rer f\u00f6r \u00e4so samt jaktledare i viltdata samt \u00e4fogruppen inom Fj\u00e4rdhundra \u00e4fo. SLU [&hellip;]<\/p>\n","protected":false},"author":161,"featured_media":0,"parent":269,"menu_order":1,"comment_status":"closed","ping_status":"closed","template":"","meta":{"footnotes":""},"class_list":["post-575","page","type-page","status-publish","hentry"],"_links":{"self":[{"href":"https:\/\/krets.jagareforbundet.se\/lagunda\/wp-json\/wp\/v2\/pages\/575","targetHints":{"allow":["GET"]}}],"collection":[{"href":"https:\/\/krets.jagareforbundet.se\/lagunda\/wp-json\/wp\/v2\/pages"}],"about":[{"href":"https:\/\/krets.jagareforbundet.se\/lagunda\/wp-json\/wp\/v2\/types\/page"}],"author":[{"embeddable":true,"href":"https:\/\/krets.jagareforbundet.se\/lagunda\/wp-json\/wp\/v2\/users\/161"}],"replies":[{"embeddable":true,"href":"https:\/\/krets.jagareforbundet.se\/lagunda\/wp-json\/wp\/v2\/comments?post=575"}],"version-history":[{"count":4,"href":"https:\/\/krets.jagareforbundet.se\/lagunda\/wp-json\/wp\/v2\/pages\/575\/revisions"}],"predecessor-version":[{"id":578,"href":"https:\/\/krets.jagareforbundet.se\/lagunda\/wp-json\/wp\/v2\/pages\/575\/revisions\/578"}],"up":[{"embeddable":true,"href":"https:\/\/krets.jagareforbundet.se\/lagunda\/wp-json\/wp\/v2\/pages\/269"}],"wp:attachment":[{"href":"https:\/\/krets.jagareforbundet.se\/lagunda\/wp-json\/wp\/v2\/media?parent=575"}],"curies":[{"name":"wp","href":"https:\/\/api.w.org\/{rel}","templated":true}]}}