{"id":975,"date":"2024-05-26T21:18:07","date_gmt":"2024-05-26T19:18:07","guid":{"rendered":"https:\/\/krets.jagareforbundet.se\/lagunda\/?page_id=975"},"modified":"2024-05-26T22:40:50","modified_gmt":"2024-05-26T20:40:50","slug":"km-viltspar-2024","status":"publish","type":"page","link":"https:\/\/krets.jagareforbundet.se\/lagunda\/spartraning\/km-viltspar-2024\/","title":{"rendered":"KM Viltsp\u00e5r 2024"},"content":{"rendered":"<div id=\"attachment_978\" style=\"width: 778px\" class=\"wp-caption alignnone\"><a href=\"https:\/\/krets.jagareforbundet.se\/lagunda\/files\/2024\/05\/viltspar-2024.jpg\"><img loading=\"lazy\" decoding=\"async\" aria-describedby=\"caption-attachment-978\" class=\"wp-image-978 size-large\" src=\"https:\/\/krets.jagareforbundet.se\/lagunda\/files\/2024\/05\/viltspar-2024-768x1024.jpg\" alt=\"\" width=\"768\" height=\"1024\" srcset=\"https:\/\/krets.jagareforbundet.se\/lagunda\/files\/2024\/05\/viltspar-2024-768x1024.jpg 768w, https:\/\/krets.jagareforbundet.se\/lagunda\/files\/2024\/05\/viltspar-2024-225x300.jpg 225w, https:\/\/krets.jagareforbundet.se\/lagunda\/files\/2024\/05\/viltspar-2024-1152x1536.jpg 1152w, https:\/\/krets.jagareforbundet.se\/lagunda\/files\/2024\/05\/viltspar-2024.jpg 1440w\" sizes=\"auto, (max-width: 768px) 100vw, 768px\" \/><\/a><p id=\"caption-attachment-978\" class=\"wp-caption-text\">Foto: Fredrik Wimark<\/p><\/div>\n<p><span style=\"font-weight: 400\">Kretsm\u00e4sterskapet i viltsp\u00e5r 2024 f\u00f6r kretsens medlemmar genomf\u00f6rdes p\u00e5 Lagunda allm\u00e4nning 26 juni. <\/span><\/p>\n<p><span style=\"font-weight: 400\">9 st hundar deltog och 3 st domare fr\u00e5n Upplands Dreverklubb var med och d\u00f6mde.<br \/>\nDomare under dagen var Fredrik Wimark, Johan Steineck och Magnus Vestin.<\/span><\/p>\n<p><span style=\"font-weight: 400\">Fast dagen var varm vart det v\u00e4ldigt bra resultat och arbete fr\u00e5n hundarna.<\/span><\/p>\n<p><span style=\"font-weight: 400\">Vinnare blev Anders Wallin med gr\u00e5hunden Greven. Andra plats kom Gunilla Larsson med sin Inez. P\u00e5 tredje plats kom Kjell Wallin med wachtelhunden Rocky.\u00a0<\/span><\/p>\n<p>I \u00e5r f\u00e5r Lagunda skicka 2 st ekipage till LM s\u00e5 det blir Anders Wallin \u00e5rets vinnare i KM och Kjell Wallin som vann LM 2023 som \u00e5ker iv\u00e4g.<\/p>\n","protected":false},"excerpt":{"rendered":"<p>Kretsm\u00e4sterskapet i viltsp\u00e5r 2024 f\u00f6r kretsens medlemmar genomf\u00f6rdes p\u00e5 Lagunda allm\u00e4nning 26 juni. 9 st hundar deltog och 3 st domare fr\u00e5n Upplands Dreverklubb var med och d\u00f6mde. Domare under dagen var Fredrik Wimark, Johan Steineck och Magnus Vestin. Fast dagen var varm vart det v\u00e4ldigt bra resultat och arbete fr\u00e5n hundarna. Vinnare blev Anders [&hellip;]<\/p>\n","protected":false},"author":161,"featured_media":0,"parent":248,"menu_order":1,"comment_status":"closed","ping_status":"closed","template":"","meta":{"footnotes":""},"class_list":["post-975","page","type-page","status-publish","hentry"],"_links":{"self":[{"href":"https:\/\/krets.jagareforbundet.se\/lagunda\/wp-json\/wp\/v2\/pages\/975","targetHints":{"allow":["GET"]}}],"collection":[{"href":"https:\/\/krets.jagareforbundet.se\/lagunda\/wp-json\/wp\/v2\/pages"}],"about":[{"href":"https:\/\/krets.jagareforbundet.se\/lagunda\/wp-json\/wp\/v2\/types\/page"}],"author":[{"embeddable":true,"href":"https:\/\/krets.jagareforbundet.se\/lagunda\/wp-json\/wp\/v2\/users\/161"}],"replies":[{"embeddable":true,"href":"https:\/\/krets.jagareforbundet.se\/lagunda\/wp-json\/wp\/v2\/comments?post=975"}],"version-history":[{"count":3,"href":"https:\/\/krets.jagareforbundet.se\/lagunda\/wp-json\/wp\/v2\/pages\/975\/revisions"}],"predecessor-version":[{"id":980,"href":"https:\/\/krets.jagareforbundet.se\/lagunda\/wp-json\/wp\/v2\/pages\/975\/revisions\/980"}],"up":[{"embeddable":true,"href":"https:\/\/krets.jagareforbundet.se\/lagunda\/wp-json\/wp\/v2\/pages\/248"}],"wp:attachment":[{"href":"https:\/\/krets.jagareforbundet.se\/lagunda\/wp-json\/wp\/v2\/media?parent=975"}],"curies":[{"name":"wp","href":"https:\/\/api.w.org\/{rel}","templated":true}]}}