{"id":245,"date":"2023-05-06T23:51:04","date_gmt":"2023-05-06T21:51:04","guid":{"rendered":"https:\/\/krets.jagareforbundet.se\/laxa\/?page_id=245"},"modified":"2025-02-21T09:51:03","modified_gmt":"2025-02-21T08:51:03","slug":"jaqt","status":"publish","type":"page","link":"https:\/\/krets.jagareforbundet.se\/laxa\/jaqt\/","title":{"rendered":"Jaqt"},"content":{"rendered":"<blockquote><p>Just nu finns inga planerade tr\u00e4ffar i kretsen, h\u00f6r av er till Mia om ni har fr\u00e5gor eller funderingar 073-933 72 47<\/p>\n<p><a href=\"https:\/\/jagareforbundet-orebro.se\/verksamhet\/jaqt1\">Jaqt \u00d6rebro l\u00e4n<\/a><\/p>\n<p>G\u00e5 med i facebookgruppen\u00a0 &#8221;JAQT \u00d6rebro&#8221; f\u00f6r mer info om vad som h\u00e4nder i l\u00e4net<\/p><\/blockquote>\n<p>&nbsp;<\/p>\n","protected":false},"excerpt":{"rendered":"<p>Just nu finns inga planerade tr\u00e4ffar i kretsen, h\u00f6r av er till Mia om ni har fr\u00e5gor eller funderingar 073-933 72 47 Jaqt \u00d6rebro l\u00e4n G\u00e5 med i facebookgruppen\u00a0 &#8221;JAQT \u00d6rebro&#8221; f\u00f6r mer info om vad som h\u00e4nder i l\u00e4net &nbsp;<\/p>\n","protected":false},"author":301,"featured_media":198,"parent":0,"menu_order":0,"comment_status":"closed","ping_status":"closed","template":"","meta":{"footnotes":""},"class_list":["post-245","page","type-page","status-publish","has-post-thumbnail","hentry"],"_links":{"self":[{"href":"https:\/\/krets.jagareforbundet.se\/laxa\/wp-json\/wp\/v2\/pages\/245","targetHints":{"allow":["GET"]}}],"collection":[{"href":"https:\/\/krets.jagareforbundet.se\/laxa\/wp-json\/wp\/v2\/pages"}],"about":[{"href":"https:\/\/krets.jagareforbundet.se\/laxa\/wp-json\/wp\/v2\/types\/page"}],"author":[{"embeddable":true,"href":"https:\/\/krets.jagareforbundet.se\/laxa\/wp-json\/wp\/v2\/users\/301"}],"replies":[{"embeddable":true,"href":"https:\/\/krets.jagareforbundet.se\/laxa\/wp-json\/wp\/v2\/comments?post=245"}],"version-history":[{"count":4,"href":"https:\/\/krets.jagareforbundet.se\/laxa\/wp-json\/wp\/v2\/pages\/245\/revisions"}],"predecessor-version":[{"id":257,"href":"https:\/\/krets.jagareforbundet.se\/laxa\/wp-json\/wp\/v2\/pages\/245\/revisions\/257"}],"wp:featuredmedia":[{"embeddable":true,"href":"https:\/\/krets.jagareforbundet.se\/laxa\/wp-json\/wp\/v2\/media\/198"}],"wp:attachment":[{"href":"https:\/\/krets.jagareforbundet.se\/laxa\/wp-json\/wp\/v2\/media?parent=245"}],"curies":[{"name":"wp","href":"https:\/\/api.w.org\/{rel}","templated":true}]}}