{"id":38,"date":"2011-09-09T08:13:57","date_gmt":"2011-09-09T08:13:57","guid":{"rendered":"https:\/\/krets.jagareforbundet.se\/template\/?page_id=38"},"modified":"2025-10-16T17:13:21","modified_gmt":"2025-10-16T15:13:21","slug":"bildgalleri","status":"publish","type":"page","link":"https:\/\/krets.jagareforbundet.se\/laxa\/bildgalleri\/","title":{"rendered":"Bildgalleri"},"content":{"rendered":"<blockquote><p>&nbsp;<\/p>\n<p>Hundgruppen har varit p\u00e5 mentaltest vid Ulvhults S\u00e4teri den 20\/9.. Vi hade 6 ekipage p\u00e5 plats fr\u00e5n gruppen. Efter mentaltestet f\u00e5r man ett protokoll p\u00e5 hundens egenskaper. Henrik Widlund gick i efterhand igenom filmer protokoll och f\u00f6rklarade vad man ser med samtliga. V\u00e4ldigt intressant och nyttigt\/\/Maivor<\/p><\/blockquote>\n<p>&nbsp;<\/p>\n<p>&nbsp;<\/p>\n\n\t\t<style type=\"text\/css\">\n\t\t\t#gallery-1 {\n\t\t\t\tmargin: auto;\n\t\t\t}\n\t\t\t#gallery-1 .gallery-item {\n\t\t\t\tfloat: left;\n\t\t\t\tmargin-top: 10px;\n\t\t\t\ttext-align: center;\n\t\t\t\twidth: 33%;\n\t\t\t}\n\t\t\t#gallery-1 img {\n\t\t\t\tborder: 2px solid #cfcfcf;\n\t\t\t}\n\t\t\t#gallery-1 .gallery-caption {\n\t\t\t\tmargin-left: 0;\n\t\t\t}\n\t\t\t\/* see gallery_shortcode() in wp-includes\/media.php *\/\n\t\t<\/style>\n\t\t<div id='gallery-1' class='gallery galleryid-38 gallery-columns-3 gallery-size-medium'><dl class='gallery-item'>\n\t\t\t<dt class='gallery-icon portrait'>\n\t\t\t\t<a href='https:\/\/krets.jagareforbundet.se\/laxa\/mental\/'><img loading=\"lazy\" decoding=\"async\" width=\"225\" height=\"300\" src=\"https:\/\/krets.jagareforbundet.se\/laxa\/files\/2025\/10\/Mental-225x300.jpg\" class=\"attachment-medium size-medium\" alt=\"\" srcset=\"https:\/\/krets.jagareforbundet.se\/laxa\/files\/2025\/10\/Mental-225x300.jpg 225w, https:\/\/krets.jagareforbundet.se\/laxa\/files\/2025\/10\/Mental.jpg 450w\" sizes=\"auto, (max-width: 225px) 100vw, 225px\" \/><\/a>\n\t\t\t<\/dt><\/dl><dl class='gallery-item'>\n\t\t\t<dt class='gallery-icon portrait'>\n\t\t\t\t<a href='https:\/\/krets.jagareforbundet.se\/laxa\/mental-2\/'><img loading=\"lazy\" decoding=\"async\" width=\"225\" height=\"300\" src=\"https:\/\/krets.jagareforbundet.se\/laxa\/files\/2025\/10\/MEntal-2-225x300.jpg\" class=\"attachment-medium size-medium\" alt=\"\" srcset=\"https:\/\/krets.jagareforbundet.se\/laxa\/files\/2025\/10\/MEntal-2-225x300.jpg 225w, https:\/\/krets.jagareforbundet.se\/laxa\/files\/2025\/10\/MEntal-2.jpg 450w\" sizes=\"auto, (max-width: 225px) 100vw, 225px\" \/><\/a>\n\t\t\t<\/dt><\/dl><dl class='gallery-item'>\n\t\t\t<dt class='gallery-icon landscape'>\n\t\t\t\t<a href='https:\/\/krets.jagareforbundet.se\/laxa\/mental-3\/'><img loading=\"lazy\" decoding=\"async\" width=\"300\" height=\"225\" src=\"https:\/\/krets.jagareforbundet.se\/laxa\/files\/2025\/10\/Mental-3-300x225.jpg\" class=\"attachment-medium size-medium\" alt=\"\" srcset=\"https:\/\/krets.jagareforbundet.se\/laxa\/files\/2025\/10\/Mental-3-300x225.jpg 300w, https:\/\/krets.jagareforbundet.se\/laxa\/files\/2025\/10\/Mental-3-1024x768.jpg 1024w, https:\/\/krets.jagareforbundet.se\/laxa\/files\/2025\/10\/Mental-3-768x576.jpg 768w, https:\/\/krets.jagareforbundet.se\/laxa\/files\/2025\/10\/Mental-3-1536x1152.jpg 1536w, https:\/\/krets.jagareforbundet.se\/laxa\/files\/2025\/10\/Mental-3.jpg 1600w\" sizes=\"auto, (max-width: 300px) 100vw, 300px\" \/><\/a>\n\t\t\t<\/dt><\/dl><br style=\"clear: both\" \/>\n\t\t<\/div>\n\n<p>&nbsp;<\/p>\n<p>&nbsp;<\/p>\n<p>&nbsp;<\/p>\n<p>&nbsp;<\/p>\n<p>&nbsp;<\/p>\n<blockquote><p>Den 19 maj genomf\u00f6rdes 2024 \u00e5rs KM i efters\u00f6k. Ett riktig trevlig dag och bra jobbat av samtliga ekipage i v\u00e4rmen! Det blev Andreas med Siri och Patrik med Zeke\u00a0 om plockade flest\u00a0 po\u00e4ng. Stort Grattis till dem!<\/p><\/blockquote>\n<p>&nbsp;<\/p>\n<p><a href=\"https:\/\/krets.jagareforbundet.se\/laxa\/files\/2024\/05\/IMG_0368-scaled.jpg\"><img loading=\"lazy\" decoding=\"async\" class=\"wp-image-443 size-medium aligncenter\" src=\"https:\/\/krets.jagareforbundet.se\/laxa\/files\/2024\/05\/IMG_0368-225x300.jpg\" alt=\"Deltagarna 2024\" width=\"225\" height=\"300\" srcset=\"https:\/\/krets.jagareforbundet.se\/laxa\/files\/2024\/05\/IMG_0368-225x300.jpg 225w, https:\/\/krets.jagareforbundet.se\/laxa\/files\/2024\/05\/IMG_0368-768x1024.jpg 768w, https:\/\/krets.jagareforbundet.se\/laxa\/files\/2024\/05\/IMG_0368-1152x1536.jpg 1152w, https:\/\/krets.jagareforbundet.se\/laxa\/files\/2024\/05\/IMG_0368-1536x2048.jpg 1536w, https:\/\/krets.jagareforbundet.se\/laxa\/files\/2024\/05\/IMG_0368-scaled.jpg 1920w\" sizes=\"auto, (max-width: 225px) 100vw, 225px\" \/><\/a><\/p>\n<p>&nbsp;<\/p>\n<p><a href=\"https:\/\/krets.jagareforbundet.se\/laxa\/files\/2024\/05\/IMG_0363-scaled.jpg\"><img loading=\"lazy\" decoding=\"async\" class=\"wp-image-448 size-medium aligncenter\" src=\"https:\/\/krets.jagareforbundet.se\/laxa\/files\/2024\/05\/IMG_0363-225x300.jpg\" alt=\"\" width=\"225\" height=\"300\" srcset=\"https:\/\/krets.jagareforbundet.se\/laxa\/files\/2024\/05\/IMG_0363-225x300.jpg 225w, https:\/\/krets.jagareforbundet.se\/laxa\/files\/2024\/05\/IMG_0363-768x1024.jpg 768w, https:\/\/krets.jagareforbundet.se\/laxa\/files\/2024\/05\/IMG_0363-1152x1536.jpg 1152w, https:\/\/krets.jagareforbundet.se\/laxa\/files\/2024\/05\/IMG_0363-1536x2048.jpg 1536w, https:\/\/krets.jagareforbundet.se\/laxa\/files\/2024\/05\/IMG_0363-scaled.jpg 1920w\" sizes=\"auto, (max-width: 225px) 100vw, 225px\" \/><\/a><\/p>\n<p>&nbsp;<\/p>\n<p><a href=\"https:\/\/krets.jagareforbundet.se\/laxa\/files\/2024\/05\/IMG_0360-scaled.jpg\"><img loading=\"lazy\" decoding=\"async\" class=\"wp-image-447 size-medium aligncenter\" src=\"https:\/\/krets.jagareforbundet.se\/laxa\/files\/2024\/05\/IMG_0360-225x300.jpg\" alt=\"\" width=\"225\" height=\"300\" srcset=\"https:\/\/krets.jagareforbundet.se\/laxa\/files\/2024\/05\/IMG_0360-225x300.jpg 225w, https:\/\/krets.jagareforbundet.se\/laxa\/files\/2024\/05\/IMG_0360-768x1024.jpg 768w, https:\/\/krets.jagareforbundet.se\/laxa\/files\/2024\/05\/IMG_0360-1152x1536.jpg 1152w, https:\/\/krets.jagareforbundet.se\/laxa\/files\/2024\/05\/IMG_0360-1536x2048.jpg 1536w, https:\/\/krets.jagareforbundet.se\/laxa\/files\/2024\/05\/IMG_0360-scaled.jpg 1920w\" sizes=\"auto, (max-width: 225px) 100vw, 225px\" \/><\/a><\/p>\n<blockquote><p>&nbsp;<\/p>\n<p>&nbsp;<\/p>\n<p>Den 28 maj 2023 var det dags f\u00f6r KM i efters\u00f6k. En v\u00e4l genomf\u00f6rd dag d\u00e4r Daniel sp\u00e5rade hem f\u00f6rstaplatsen med Lexie och representerade Lax\u00e5 i DM<\/p><\/blockquote>\n<p>&nbsp;<\/p>\n<p><a href=\"https:\/\/krets.jagareforbundet.se\/laxa\/files\/2024\/02\/KM-2023.jpg\"><img loading=\"lazy\" decoding=\"async\" class=\"wp-image-419 size-medium aligncenter\" src=\"https:\/\/krets.jagareforbundet.se\/laxa\/files\/2024\/02\/KM-2023-225x300.jpg\" alt=\"\" width=\"225\" height=\"300\" srcset=\"https:\/\/krets.jagareforbundet.se\/laxa\/files\/2024\/02\/KM-2023-225x300.jpg 225w, https:\/\/krets.jagareforbundet.se\/laxa\/files\/2024\/02\/KM-2023-768x1024.jpg 768w, https:\/\/krets.jagareforbundet.se\/laxa\/files\/2024\/02\/KM-2023.jpg 843w\" sizes=\"auto, (max-width: 225px) 100vw, 225px\" \/><\/a><\/p>\n<p>&nbsp;<\/p>\n<p>&nbsp;<\/p>\n<p>&nbsp;<\/p>\n<p>&nbsp;<\/p>\n<p>&nbsp;<\/p>\n<p>&nbsp;<\/p>\n<p>&nbsp;<\/p>\n<p>&nbsp;<\/p>\n","protected":false},"excerpt":{"rendered":"<p>&nbsp; Hundgruppen har varit p\u00e5 mentaltest vid Ulvhults S\u00e4teri den 20\/9.. Vi hade 6 ekipage p\u00e5 plats fr\u00e5n gruppen. Efter mentaltestet f\u00e5r man ett protokoll p\u00e5 hundens egenskaper. Henrik Widlund gick i efterhand igenom filmer protokoll och f\u00f6rklarade vad man ser med samtliga. V\u00e4ldigt intressant och nyttigt\/\/Maivor &nbsp; &nbsp; &nbsp; &nbsp; &nbsp; &nbsp; &nbsp; Den [&hellip;]<\/p>\n","protected":false},"author":3,"featured_media":0,"parent":0,"menu_order":0,"comment_status":"open","ping_status":"open","template":"","meta":{"footnotes":""},"class_list":["post-38","page","type-page","status-publish","hentry"],"_links":{"self":[{"href":"https:\/\/krets.jagareforbundet.se\/laxa\/wp-json\/wp\/v2\/pages\/38","targetHints":{"allow":["GET"]}}],"collection":[{"href":"https:\/\/krets.jagareforbundet.se\/laxa\/wp-json\/wp\/v2\/pages"}],"about":[{"href":"https:\/\/krets.jagareforbundet.se\/laxa\/wp-json\/wp\/v2\/types\/page"}],"author":[{"embeddable":true,"href":"https:\/\/krets.jagareforbundet.se\/laxa\/wp-json\/wp\/v2\/users\/3"}],"replies":[{"embeddable":true,"href":"https:\/\/krets.jagareforbundet.se\/laxa\/wp-json\/wp\/v2\/comments?post=38"}],"version-history":[{"count":3,"href":"https:\/\/krets.jagareforbundet.se\/laxa\/wp-json\/wp\/v2\/pages\/38\/revisions"}],"predecessor-version":[{"id":604,"href":"https:\/\/krets.jagareforbundet.se\/laxa\/wp-json\/wp\/v2\/pages\/38\/revisions\/604"}],"wp:attachment":[{"href":"https:\/\/krets.jagareforbundet.se\/laxa\/wp-json\/wp\/v2\/media?parent=38"}],"curies":[{"name":"wp","href":"https:\/\/api.w.org\/{rel}","templated":true}]}}