{"id":2,"date":"2011-09-07T09:28:43","date_gmt":"2011-09-07T09:28:43","guid":{"rendered":"https:\/\/krets.jagareforbundet.se\/template\/?page_id=2"},"modified":"2018-02-14T16:12:09","modified_gmt":"2018-02-14T15:12:09","slug":"exempelsida","status":"publish","type":"page","link":"https:\/\/krets.jagareforbundet.se\/lerum-partille\/","title":{"rendered":"J\u00c4GAREF\u00d6RBUNDET LERUM-PARTILLE JAKTV\u00c5RDSKRETS"},"content":{"rendered":"<p>Efter samg\u00e5endet mellan jaktv\u00e5rdskretsarna i Lerum och Partille beslutades det att ett omtag skulle tas p\u00e5 informationen till medlemarna i kretsarna och det kommer att ske via denna sida och via v\u00e5r Facebook-grupp (\u00a0<a href=\"https:\/\/www.facebook.com\/groups\/101858446953264\/\" target=\"_blank\" rel=\"noopener\">J\u00e4garef\u00f6rbundet Lerum-Partille Jaktv\u00e5rdskrets<\/a> )<\/p>\n<p>&nbsp;<\/p>\n<p>Kika runt under evenemang och nyheter f\u00f6r att se mer information.<\/p>\n","protected":false},"excerpt":{"rendered":"<p>Efter samg\u00e5endet mellan jaktv\u00e5rdskretsarna i Lerum och Partille beslutades det att ett omtag skulle tas p\u00e5 informationen till medlemarna i kretsarna och det kommer att ske via denna sida och via v\u00e5r Facebook-grupp (\u00a0J\u00e4garef\u00f6rbundet Lerum-Partille Jaktv\u00e5rdskrets ) &nbsp; Kika runt under evenemang och nyheter f\u00f6r att se mer information.<\/p>\n","protected":false},"author":3,"featured_media":107,"parent":0,"menu_order":0,"comment_status":"open","ping_status":"open","template":"","meta":{"footnotes":""},"class_list":["post-2","page","type-page","status-publish","has-post-thumbnail","hentry"],"_links":{"self":[{"href":"https:\/\/krets.jagareforbundet.se\/lerum-partille\/wp-json\/wp\/v2\/pages\/2","targetHints":{"allow":["GET"]}}],"collection":[{"href":"https:\/\/krets.jagareforbundet.se\/lerum-partille\/wp-json\/wp\/v2\/pages"}],"about":[{"href":"https:\/\/krets.jagareforbundet.se\/lerum-partille\/wp-json\/wp\/v2\/types\/page"}],"author":[{"embeddable":true,"href":"https:\/\/krets.jagareforbundet.se\/lerum-partille\/wp-json\/wp\/v2\/users\/3"}],"replies":[{"embeddable":true,"href":"https:\/\/krets.jagareforbundet.se\/lerum-partille\/wp-json\/wp\/v2\/comments?post=2"}],"version-history":[{"count":1,"href":"https:\/\/krets.jagareforbundet.se\/lerum-partille\/wp-json\/wp\/v2\/pages\/2\/revisions"}],"predecessor-version":[{"id":137,"href":"https:\/\/krets.jagareforbundet.se\/lerum-partille\/wp-json\/wp\/v2\/pages\/2\/revisions\/137"}],"wp:featuredmedia":[{"embeddable":true,"href":"https:\/\/krets.jagareforbundet.se\/lerum-partille\/wp-json\/wp\/v2\/media\/107"}],"wp:attachment":[{"href":"https:\/\/krets.jagareforbundet.se\/lerum-partille\/wp-json\/wp\/v2\/media?parent=2"}],"curies":[{"name":"wp","href":"https:\/\/api.w.org\/{rel}","templated":true}]}}

JÄGAREFÖRBUNDET LERUM-PARTILLE JAKTVÅRDSKRETS

<p>Efter samgåendet mellan jaktvårdskretsarna i Lerum och Partille beslutades det att ett omtag skulle tas på informationen till medlemarna i kretsarna och det kommer att ske via denna sida och via vår Facebook-grupp ( <a href="https://www.facebook.com/groups/101858446953264/" target="_blank" rel="noopener">Jägareförbundet Lerum-Partille Jaktvårdskrets</a> )</p>
<p>&nbsp;</p>
<p>Kika runt under evenemang och nyheter för att se mer information.</p>

<p>Efter samgåendet mellan jaktvårdskretsarna i Lerum och Partille beslutades det att ett omtag skulle tas på informationen till medlemarna i kretsarna och det kommer att ske via denna sida och via vår Facebook-grupp ( Jägareförbundet Lerum-Partille Jaktvårdskrets ) &nbsp; Kika runt under evenemang och nyheter för att se mer information.</p>
