{"id":163,"date":"2014-11-06T21:23:59","date_gmt":"2014-11-06T20:23:59","guid":{"rendered":"https:\/\/krets.jagareforbundet.se\/malaro\/?page_id=163"},"modified":"2020-10-09T14:20:41","modified_gmt":"2020-10-09T12:20:41","slug":"styrelsen-2014","status":"publish","type":"page","link":"https:\/\/krets.jagareforbundet.se\/malaro\/styrelsen-2014\/","title":{"rendered":"Styrelsen 2021"},"content":{"rendered":"<p><strong>M\u00e4lar\u00f6 jaktv\u00e5rdskrets styrelse \u00e5r 2021:<\/strong><\/p>\n<p>Andreas Cornale &#8211; Ordf\u00f6rande<br \/>\nDavid Albinsson &#8211; Ekonomi<br \/>\nDavid Roos &#8211; Kommunikation, sekreterare<br \/>\nKarl-johan Palmgren &#8211; Utbildningsansvarig, ungdomsansvarig<br \/>\nFrida Lindh &#8211; JAQT<br \/>\nMattias Juth &#8211; Hundansvarig, Jakt- och viltf\u00f6rvaltningsansvarig<br \/>\nRobin Engvall &#8211; Skytteansvarig<\/p>\n<p>&nbsp;<\/p>\n<p>&nbsp;<\/p>\n","protected":false},"excerpt":{"rendered":"<p>M\u00e4lar\u00f6 jaktv\u00e5rdskrets styrelse \u00e5r 2021: Andreas Cornale &#8211; Ordf\u00f6rande David Albinsson &#8211; Ekonomi David Roos &#8211; Kommunikation, sekreterare Karl-johan Palmgren &#8211; Utbildningsansvarig, ungdomsansvarig Frida Lindh &#8211; JAQT Mattias Juth &#8211; Hundansvarig, Jakt- och viltf\u00f6rvaltningsansvarig Robin Engvall &#8211; Skytteansvarig &nbsp; &nbsp;<\/p>\n","protected":false},"author":100,"featured_media":0,"parent":0,"menu_order":0,"comment_status":"open","ping_status":"closed","template":"template-contact.php","meta":{"footnotes":""},"class_list":["post-163","page","type-page","status-publish","hentry"],"_links":{"self":[{"href":"https:\/\/krets.jagareforbundet.se\/malaro\/wp-json\/wp\/v2\/pages\/163","targetHints":{"allow":["GET"]}}],"collection":[{"href":"https:\/\/krets.jagareforbundet.se\/malaro\/wp-json\/wp\/v2\/pages"}],"about":[{"href":"https:\/\/krets.jagareforbundet.se\/malaro\/wp-json\/wp\/v2\/types\/page"}],"author":[{"embeddable":true,"href":"https:\/\/krets.jagareforbundet.se\/malaro\/wp-json\/wp\/v2\/users\/100"}],"replies":[{"embeddable":true,"href":"https:\/\/krets.jagareforbundet.se\/malaro\/wp-json\/wp\/v2\/comments?post=163"}],"version-history":[{"count":3,"href":"https:\/\/krets.jagareforbundet.se\/malaro\/wp-json\/wp\/v2\/pages\/163\/revisions"}],"predecessor-version":[{"id":526,"href":"https:\/\/krets.jagareforbundet.se\/malaro\/wp-json\/wp\/v2\/pages\/163\/revisions\/526"}],"wp:attachment":[{"href":"https:\/\/krets.jagareforbundet.se\/malaro\/wp-json\/wp\/v2\/media?parent=163"}],"curies":[{"name":"wp","href":"https:\/\/api.w.org\/{rel}","templated":true}]}}