{"id":345,"date":"2014-11-14T12:40:07","date_gmt":"2014-11-14T11:40:07","guid":{"rendered":"https:\/\/krets.jagareforbundet.se\/malaro\/?page_id=345"},"modified":"2014-11-14T12:40:07","modified_gmt":"2014-11-14T11:40:07","slug":"o-stadning","status":"publish","type":"page","link":"https:\/\/krets.jagareforbundet.se\/malaro\/event\/o-stadning\/","title":{"rendered":"\u00d6-st\u00e4dning"},"content":{"rendered":"<h3><strong>OBS! Anm\u00e4lan g\u00f6rs genom kontaktformul\u00e4ret l\u00e4ngst ner p\u00e5 sidan<\/strong><\/h3>\n<p>Hej alla medlemmar i M\u00e4lar\u00f6arnas Jaktv\u00e5rdskrets!<\/p>\n<div>\n<div>Vi har f\u00e5tt uppdraget av Statens Fastighetsverk att st\u00e4da upp efter allm\u00e4nhetens bes\u00f6k i naturen samt en del sm\u00e4rre uppf\u00f6rda rester efter bos\u00e4ttningar p\u00e5 sm\u00e5\u00f6arna. Vi beh\u00f6ver er hj\u00e4lp med detta!<\/div>\n<div>Fastighetsverket vill ha detta utf\u00f6rt s\u00e5 snart det bara g\u00e5r. Kretsen f\u00f6r betalt f\u00f6r viltv\u00e5rdsarbetet av naturv\u00e5rdsomr\u00e5det och vi avser att fr\u00e4mst avs\u00e4tta intj\u00e4nade medel till ungdomsverksamhet samt kanske kurser och studiecirklar.<\/p>\n<p>Som kompensation f\u00f6r ert deltagande inbjuds de f\u00f6rsta 10 personer som anm\u00e4ler sitt deltagande och genomf\u00f6r det att gratis delta i en jakt p\u00e5 r\u00e5djur\/och eller vildsvin p\u00e5 Svenska \u00a0J\u00e4garef\u00f6rbundets marker Bogesund eller p\u00e5 G\u00e5l\u00f6.<\/p><\/div>\n<div><\/div>\n<div><b>Vi samlas p\u00e5 v\u00e4ndplanen p\u00e5 Lambarudd kl 08.00 l\u00f6rdagen den 22 november<\/b> (g\u00e4ller \u00e4ven p\u00e5f\u00f6ljande dag &#8211; s\u00e5 beh\u00f6vs).<\/p>\n<\/div>\n<div>D\u00e4refter B\u00e5ttransport till Sm\u00e5\u00f6arna i sm\u00e5b\u00e5tar.<\/div>\n<div><\/div>\n<div>Vi st\u00e4dar av och sorterar skr\u00e4pet. Eldar upp allt br\u00e4nnbart och transporterar i land allt med b\u00e5t \u00f6vrigt skr\u00e4p s\u00e5 v\u00e4l sorterat det bara g\u00e5r, f\u00f6r senare transport till kommunens avfallsanl\u00e4ggning i Sk\u00e5. Vi jobbar p\u00e5 tills skymningen faller p\u00e5.<\/div>\n<div><\/div>\n<div>Beroende p\u00e5 antalet deltagare kanske kommer vi att beh\u00f6va er hj\u00e4lp p\u00e5 \u00e4ven s\u00f6ndagen om vi inte blir f\u00e4rdiga p\u00e5 l\u00f6rdagen. Ha o\u00f6mma och varma \u00a0kl\u00e4der och arbetshandskar. Vi bjuder p\u00e5 kaffe, dryck samt grillkorv till lunch.<\/div>\n<div><\/div>\n<div><b>KRAV F\u00d6R DITT \u00a0DELTAGANDE.<\/b><\/div>\n<div>\n<ul>\n<li>Du m\u00e5ste ha betalat din medlemsavgift avseende innevarande jakt\u00e5r (annars g\u00e4ller ej v\u00e5ra olycksfalls\/ansvarsf\u00f6rs\u00e4kringar).<\/li>\n<li>Du m\u00e5ste medta flytv\u00e4st.<\/li>\n<\/ul>\n<div>\n<div>Arbetsledare \u00e4r \u00a0Per Melin,tfn:070-9852222 och Bo Liljegren tfn 0769-483366.<\/div>\n<\/div>\n<\/div>\n<\/div>\n","protected":false},"excerpt":{"rendered":"<p>OBS! Anm\u00e4lan g\u00f6rs genom kontaktformul\u00e4ret l\u00e4ngst ner p\u00e5 sidan Hej alla medlemmar i M\u00e4lar\u00f6arnas Jaktv\u00e5rdskrets! Vi har f\u00e5tt uppdraget av Statens Fastighetsverk att st\u00e4da upp efter allm\u00e4nhetens bes\u00f6k i naturen samt en del sm\u00e4rre uppf\u00f6rda rester efter bos\u00e4ttningar p\u00e5 sm\u00e5\u00f6arna. Vi beh\u00f6ver er hj\u00e4lp med detta! Fastighetsverket vill ha detta utf\u00f6rt s\u00e5 snart det bara [&hellip;]<\/p>\n","protected":false},"author":100,"featured_media":0,"parent":252,"menu_order":0,"comment_status":"open","ping_status":"open","template":"template-contact.php","meta":{"footnotes":""},"class_list":["post-345","page","type-page","status-publish","hentry"],"_links":{"self":[{"href":"https:\/\/krets.jagareforbundet.se\/malaro\/wp-json\/wp\/v2\/pages\/345","targetHints":{"allow":["GET"]}}],"collection":[{"href":"https:\/\/krets.jagareforbundet.se\/malaro\/wp-json\/wp\/v2\/pages"}],"about":[{"href":"https:\/\/krets.jagareforbundet.se\/malaro\/wp-json\/wp\/v2\/types\/page"}],"author":[{"embeddable":true,"href":"https:\/\/krets.jagareforbundet.se\/malaro\/wp-json\/wp\/v2\/users\/100"}],"replies":[{"embeddable":true,"href":"https:\/\/krets.jagareforbundet.se\/malaro\/wp-json\/wp\/v2\/comments?post=345"}],"version-history":[{"count":0,"href":"https:\/\/krets.jagareforbundet.se\/malaro\/wp-json\/wp\/v2\/pages\/345\/revisions"}],"up":[{"embeddable":true,"href":"https:\/\/krets.jagareforbundet.se\/malaro\/wp-json\/wp\/v2\/pages\/252"}],"wp:attachment":[{"href":"https:\/\/krets.jagareforbundet.se\/malaro\/wp-json\/wp\/v2\/media?parent=345"}],"curies":[{"name":"wp","href":"https:\/\/api.w.org\/{rel}","templated":true}]}}