{"id":400,"date":"2016-02-17T22:06:54","date_gmt":"2016-02-17T21:06:54","guid":{"rendered":"https:\/\/krets.jagareforbundet.se\/malaro\/?page_id=400"},"modified":"2016-02-17T22:07:41","modified_gmt":"2016-02-17T21:07:41","slug":"eftersoksekipage","status":"publish","type":"page","link":"https:\/\/krets.jagareforbundet.se\/malaro\/eftersoksorganisation\/eftersoksekipage\/","title":{"rendered":"Efters\u00f6ksekipage"},"content":{"rendered":"<div>Nedanst\u00e5ende personer kan t\u00e4nka sig att st\u00e4lla upp vid eventuella efters\u00f6k MEN vill g\u00e4rna bli kontaktade f\u00f6re jakten. Det \u00e4r sj\u00e4lvklart varje j\u00e4gares skyldighet att f\u00f6re jakten tillse att man har tillg\u00e5ng till efters\u00f6kshund!<\/div>\n<div><\/div>\n<div><\/div>\n<div>Andreas Cornale som anv\u00e4nder sin hund f\u00f6retr\u00e4desvis p\u00e5 r\u00e5djur och vildsvin. Mob 0721829668.<\/div>\n<div>Leif Rohlin, \u00a0r\u00e5djur tel 0856030893<\/div>\n<div>Bo Melander, 0709471096 R\u00e5 o gris<\/div>\n<div>Patrik Vilidu, 0708522797, allt vilt<\/div>\n<div>Erik Rundelius, 0705518390 vildsvin och \u00e4lg.<\/div>\n<div>Lennart Eriksson letar hund men \u00e4r intresserad av att vara med p\u00e5 en lista mob 0706455719<\/div>\n<div>Jann Kleffner, 0761954541, allt vilt.<\/div>\n<div><\/div>\n<div><\/div>\n<p>&nbsp;<\/p>\n","protected":false},"excerpt":{"rendered":"<p>Nedanst\u00e5ende personer kan t\u00e4nka sig att st\u00e4lla upp vid eventuella efters\u00f6k MEN vill g\u00e4rna bli kontaktade f\u00f6re jakten. Det \u00e4r sj\u00e4lvklart varje j\u00e4gares skyldighet att f\u00f6re jakten tillse att man har tillg\u00e5ng till efters\u00f6kshund! Andreas Cornale som anv\u00e4nder sin hund f\u00f6retr\u00e4desvis p\u00e5 r\u00e5djur och vildsvin. Mob 0721829668. Leif Rohlin, \u00a0r\u00e5djur tel 0856030893 Bo Melander, 0709471096 [&hellip;]<\/p>\n","protected":false},"author":100,"featured_media":0,"parent":158,"menu_order":0,"comment_status":"closed","ping_status":"closed","template":"","meta":{"footnotes":""},"class_list":["post-400","page","type-page","status-publish","hentry"],"_links":{"self":[{"href":"https:\/\/krets.jagareforbundet.se\/malaro\/wp-json\/wp\/v2\/pages\/400","targetHints":{"allow":["GET"]}}],"collection":[{"href":"https:\/\/krets.jagareforbundet.se\/malaro\/wp-json\/wp\/v2\/pages"}],"about":[{"href":"https:\/\/krets.jagareforbundet.se\/malaro\/wp-json\/wp\/v2\/types\/page"}],"author":[{"embeddable":true,"href":"https:\/\/krets.jagareforbundet.se\/malaro\/wp-json\/wp\/v2\/users\/100"}],"replies":[{"embeddable":true,"href":"https:\/\/krets.jagareforbundet.se\/malaro\/wp-json\/wp\/v2\/comments?post=400"}],"version-history":[{"count":0,"href":"https:\/\/krets.jagareforbundet.se\/malaro\/wp-json\/wp\/v2\/pages\/400\/revisions"}],"up":[{"embeddable":true,"href":"https:\/\/krets.jagareforbundet.se\/malaro\/wp-json\/wp\/v2\/pages\/158"}],"wp:attachment":[{"href":"https:\/\/krets.jagareforbundet.se\/malaro\/wp-json\/wp\/v2\/media?parent=400"}],"curies":[{"name":"wp","href":"https:\/\/api.w.org\/{rel}","templated":true}]}}