{"id":191,"date":"2014-02-12T11:50:37","date_gmt":"2014-02-12T10:50:37","guid":{"rendered":"https:\/\/krets.jagareforbundet.se\/mariestad-toreboda\/?page_id=191"},"modified":"2025-03-05T16:27:58","modified_gmt":"2025-03-05T15:27:58","slug":"banchef-och-ansvarig","status":"publish","type":"page","link":"https:\/\/krets.jagareforbundet.se\/mariestad-toreboda\/ymsens-jaktskytteklubb\/banchef-och-ansvarig\/","title":{"rendered":"Information och kontaktpersoner jaktskyttebanan"},"content":{"rendered":"<h3><\/h3>\n<p>&nbsp;<\/p>\n<h2>SKYTTEINFORMATION YMSENS JAKTSKYTTEKLUBB 2025<\/h2>\n<p>Byte av telefon och adress meddelas kass\u00f6ren p\u00e5 telefon 0708-335415 alt. Mail: lasse.fors94@gmail.com<\/p>\n<p><strong>Tr\u00e4ningsskjutning p\u00e5 \u00e4lgbanan f\u00f6r endast medlemmar<\/strong><\/p>\n<p>Tisdagar 6\/5, 13\/5, 20\/5, 27\/5, 3\/6, 10\/6 och 17\/6. <strong>Anm\u00e4lan mellan 18.00-19.00 OBS! NY TID<\/strong><\/p>\n<p>Skjutchefer: Thomas Olsson och Claes L\u00e4th<br \/>\nEgen ammunition och eget gev\u00e4r medtages<\/p>\n<p><strong>Allm\u00e4n skjutning &#8211; anm\u00e4lningstider<\/strong><\/p>\n<p>L\u00f6rdagar 13.00-15.00\u00a0\u00a0\u00a0\u00a0\u00a0\u00a0\u00a0\u00a0 Eget vapen och egen ammunition medtages<\/p>\n<p>S\u00f6ndagar 09.00-12.00\u00a0\u00a0\u00a0\u00a0\u00a0\u00a0\u00a0 Eget vapen och egen ammunition medtages<\/p>\n<p><strong>All skjutning avslutas senast kl. 21.00<\/strong><\/p>\n<table width=\"100%\">\n<tbody>\n<tr>\n<td><strong>\u00a0<\/strong><\/td>\n<\/tr>\n<\/tbody>\n<\/table>\n<p><strong>Skjutuppeh\u00e5ll under juli m\u00e5nad. Inskjutning i b\u00e4nk till\u00e5ten.<\/strong><\/p>\n<p><strong>Redovisning<\/strong><\/p>\n<p>BG: 5811-5130\u00a0 \u00a0\u00a0\u00a0\u00a0\u00a0\u00a0\u00a0\u00a0\u00a0\u00a0\u00a0\u00a0\u00a0\u00a0\u00a0\u00a0\u00a0 SWISH: 123\u00a0056 29 18<\/p>\n<p>\u00c5rsavgift medlemskap Senior 200 kronor\/\u00e5r, Ungdom upp t.o.m. 18 \u00e5r 100 kronor\/\u00e5r<\/p>\n<p><strong>Funktion\u00e4rer<\/strong><\/p>\n<p>Var lojala mot skjutcheferna och kom i god tid innan skjutningen b\u00f6rjar.<\/p>\n<p><strong>Om du har f\u00f6rhinder \u2013 ditt ansvar \u00e4r att byta med n\u00e5gon annan och meddela detta till skjutchefen i god tid.<\/strong><\/p>\n<p><strong>Provledare J\u00e4garexamen<\/strong><\/p>\n<table style=\"height: 423px\" width=\"741\">\n<tbody>\n<tr>\n<td width=\"236\">&nbsp;<\/td>\n<td width=\"180\">&nbsp;<\/td>\n<td width=\"198\">Mobiltelefon<\/td>\n<\/tr>\n<tr>\n<td width=\"236\">Lars Jansson<\/td>\n<td width=\"180\">Teoriprov, Praktiska prov<\/td>\n<td width=\"198\">070-833 54 15<\/td>\n<\/tr>\n<tr>\n<td width=\"236\">Thomas Olsson<\/td>\n<td width=\"180\">Praktiska prov<\/td>\n<td width=\"198\">070-636 51 41<\/td>\n<\/tr>\n<tr>\n<td width=\"236\">Jan Karlsson<\/td>\n<td width=\"180\">Praktiska prov<\/td>\n<td width=\"198\">070-624 06 95<\/td>\n<\/tr>\n<tr>\n<td width=\"236\">Jonas Johansson<\/td>\n<td width=\"180\">Praktiska prov<\/td>\n<td width=\"198\">070-592 74 66<\/td>\n<\/tr>\n<tr>\n<td width=\"236\">Hans Nyman<\/td>\n<td width=\"180\">Praktiska prov<\/td>\n<td width=\"198\">070-332 11 33<\/td>\n<\/tr>\n<tr>\n<td width=\"236\">Per-\u00c5ke Larsson<\/td>\n<td width=\"180\">Praktiska prov<\/td>\n<td width=\"198\">076-846 18 99<\/td>\n<\/tr>\n<\/tbody>\n<\/table>\n<p>&nbsp;<\/p>\n<p><strong>Uthyrning av \u00e4lgbanan<\/strong>\u00a0\u00a0 300 kronor\/timma, om skjutledare beh\u00f6vs \u00e4r kostnaden 550 kronor\/timma.<br \/>\n<strong>Uthyrning av hagelbana\u00a0 <\/strong>300 kronor\/timma, av styrelsen godk\u00e4nd funktion\u00e4r ska finnas p\u00e5 plats.<\/p>\n<p>Ang\u00e5ende uthyrning av banan, kontakta Lars Jansson Mobiltelefon 070-833 54 15<\/p>\n<table width=\"100%\">\n<tbody>\n<tr>\n<td>L\u00f6rdagen den 26\/4 kl. 09.00 samlas vi f\u00f6r att iordningst\u00e4lla banan inf\u00f6r \u00e5rets skjutningar. Klubben bjuder p\u00e5 korv och dricka.<\/p>\n<p>V\u00e4l m\u00f6tt<\/td>\n<\/tr>\n<\/tbody>\n<\/table>\n<p>&nbsp;<\/p>\n<p>&nbsp;<\/p>\n<p>&nbsp;<\/p>\n<p>&nbsp;<\/p>\n<p>&nbsp;<\/p>\n<p>&nbsp;<\/p>\n<p>\/\/Styrelsen<\/p>\n","protected":false},"excerpt":{"rendered":"<p>&nbsp; SKYTTEINFORMATION YMSENS JAKTSKYTTEKLUBB 2025 Byte av telefon och adress meddelas kass\u00f6ren p\u00e5 telefon 0708-335415 alt. Mail: lasse.fors94@gmail.com Tr\u00e4ningsskjutning p\u00e5 \u00e4lgbanan f\u00f6r endast medlemmar Tisdagar 6\/5, 13\/5, 20\/5, 27\/5, 3\/6, 10\/6 och 17\/6. Anm\u00e4lan mellan 18.00-19.00 OBS! NY TID Skjutchefer: Thomas Olsson och Claes L\u00e4th Egen ammunition och eget gev\u00e4r medtages Allm\u00e4n skjutning &#8211; anm\u00e4lningstider [&hellip;]<\/p>\n","protected":false},"author":167,"featured_media":0,"parent":187,"menu_order":1,"comment_status":"open","ping_status":"open","template":"","meta":{"footnotes":""},"class_list":["post-191","page","type-page","status-publish","hentry"],"_links":{"self":[{"href":"https:\/\/krets.jagareforbundet.se\/mariestad-toreboda\/wp-json\/wp\/v2\/pages\/191","targetHints":{"allow":["GET"]}}],"collection":[{"href":"https:\/\/krets.jagareforbundet.se\/mariestad-toreboda\/wp-json\/wp\/v2\/pages"}],"about":[{"href":"https:\/\/krets.jagareforbundet.se\/mariestad-toreboda\/wp-json\/wp\/v2\/types\/page"}],"author":[{"embeddable":true,"href":"https:\/\/krets.jagareforbundet.se\/mariestad-toreboda\/wp-json\/wp\/v2\/users\/167"}],"replies":[{"embeddable":true,"href":"https:\/\/krets.jagareforbundet.se\/mariestad-toreboda\/wp-json\/wp\/v2\/comments?post=191"}],"version-history":[{"count":3,"href":"https:\/\/krets.jagareforbundet.se\/mariestad-toreboda\/wp-json\/wp\/v2\/pages\/191\/revisions"}],"predecessor-version":[{"id":500,"href":"https:\/\/krets.jagareforbundet.se\/mariestad-toreboda\/wp-json\/wp\/v2\/pages\/191\/revisions\/500"}],"up":[{"embeddable":true,"href":"https:\/\/krets.jagareforbundet.se\/mariestad-toreboda\/wp-json\/wp\/v2\/pages\/187"}],"wp:attachment":[{"href":"https:\/\/krets.jagareforbundet.se\/mariestad-toreboda\/wp-json\/wp\/v2\/media?parent=191"}],"curies":[{"name":"wp","href":"https:\/\/api.w.org\/{rel}","templated":true}]}}