{"id":185,"date":"2013-11-30T23:27:58","date_gmt":"2013-11-30T22:27:58","guid":{"rendered":"https:\/\/krets.jagareforbundet.se\/mellersta_sormlands\/?page_id=185"},"modified":"2016-05-20T10:34:03","modified_gmt":"2016-05-20T08:34:03","slug":"vildsvin","status":"publish","type":"page","link":"https:\/\/krets.jagareforbundet.se\/mellersta_sormlands\/jakt-och-viltvard\/vildsvin\/","title":{"rendered":"Vildsvin"},"content":{"rendered":"<p><a href=\"https:\/\/krets.jagareforbundet.se\/mellersta_sormlands\/files\/2013\/11\/vildsvin.jpg\"><img loading=\"lazy\" decoding=\"async\" class=\"alignnone size-medium wp-image-237\" src=\"https:\/\/krets.jagareforbundet.se\/mellersta_sormlands\/files\/2013\/11\/vildsvin-300x168.jpg\" alt=\"Germany Radioactive Boars\" width=\"300\" height=\"168\" srcset=\"https:\/\/krets.jagareforbundet.se\/mellersta_sormlands\/files\/2013\/11\/vildsvin-300x168.jpg 300w, https:\/\/krets.jagareforbundet.se\/mellersta_sormlands\/files\/2013\/11\/vildsvin.jpg 704w\" sizes=\"auto, (max-width: 300px) 100vw, 300px\" \/><\/a><\/p>\n<p>&nbsp;<\/p>\n<p><a href=\"https:\/\/krets.jagareforbundet.se\/mellersta_sormlands\/files\/2014\/03\/Vildsvin-i-S\u00f6dermanlands-l\u00e4n-och-m\u00e5ls\u00e4ttning-f\u00f6r-stammarnas-sk\u00f6tsel-2014-2016.pdf\">Vildsvin i S\u00f6dermanlands l\u00e4n och m\u00e5ls\u00e4ttning f\u00f6r stammarnas sk\u00f6tsel 2014-2016<\/a><\/p>\n<p><a href=\"https:\/\/krets.jagareforbundet.se\/mellersta_sormlands\/files\/2013\/11\/Vildsvinsf\u00f6rvaltning-i-samverkan-s\u00e4rtryck-2013.pdf\">Vildsvinsf\u00f6rvaltning i samverkan &#8211; 2013<\/a><\/p>\n<p><a href=\"https:\/\/krets.jagareforbundet.se\/mellersta_sormlands\/?p=235\">Trikiner hos vildsvin och andra svenska djur<\/a><\/p>\n<p>&nbsp;<\/p>\n","protected":false},"excerpt":{"rendered":"<p>&nbsp; Vildsvin i S\u00f6dermanlands l\u00e4n och m\u00e5ls\u00e4ttning f\u00f6r stammarnas sk\u00f6tsel 2014-2016 Vildsvinsf\u00f6rvaltning i samverkan &#8211; 2013 Trikiner hos vildsvin och andra svenska djur &nbsp;<\/p>\n","protected":false},"author":147,"featured_media":0,"parent":172,"menu_order":4,"comment_status":"open","ping_status":"open","template":"","meta":{"footnotes":""},"class_list":["post-185","page","type-page","status-publish","hentry"],"_links":{"self":[{"href":"https:\/\/krets.jagareforbundet.se\/mellersta_sormlands\/wp-json\/wp\/v2\/pages\/185","targetHints":{"allow":["GET"]}}],"collection":[{"href":"https:\/\/krets.jagareforbundet.se\/mellersta_sormlands\/wp-json\/wp\/v2\/pages"}],"about":[{"href":"https:\/\/krets.jagareforbundet.se\/mellersta_sormlands\/wp-json\/wp\/v2\/types\/page"}],"author":[{"embeddable":true,"href":"https:\/\/krets.jagareforbundet.se\/mellersta_sormlands\/wp-json\/wp\/v2\/users\/147"}],"replies":[{"embeddable":true,"href":"https:\/\/krets.jagareforbundet.se\/mellersta_sormlands\/wp-json\/wp\/v2\/comments?post=185"}],"version-history":[{"count":0,"href":"https:\/\/krets.jagareforbundet.se\/mellersta_sormlands\/wp-json\/wp\/v2\/pages\/185\/revisions"}],"up":[{"embeddable":true,"href":"https:\/\/krets.jagareforbundet.se\/mellersta_sormlands\/wp-json\/wp\/v2\/pages\/172"}],"wp:attachment":[{"href":"https:\/\/krets.jagareforbundet.se\/mellersta_sormlands\/wp-json\/wp\/v2\/media?parent=185"}],"curies":[{"name":"wp","href":"https:\/\/api.w.org\/{rel}","templated":true}]}}