{"id":186,"date":"2013-11-30T23:28:40","date_gmt":"2013-11-30T22:28:40","guid":{"rendered":"https:\/\/krets.jagareforbundet.se\/mellersta_sormlands\/?page_id=186"},"modified":"2016-05-20T10:35:31","modified_gmt":"2016-05-20T08:35:31","slug":"ovrigt-vilt","status":"publish","type":"page","link":"https:\/\/krets.jagareforbundet.se\/mellersta_sormlands\/jakt-och-viltvard\/ovrigt-vilt\/","title":{"rendered":"\u00d6vrigt vilt"},"content":{"rendered":"<h2><span style=\"text-decoration: underline\">R\u00e4v<\/span><\/h2>\n<p><a href=\"https:\/\/krets.jagareforbundet.se\/mellersta_sormlands\/?p=252\">\u00d6vervakning av dv\u00e4rgbandmask i Sverige 2012-2013<\/a>.<\/p>\n<p><a title=\"Dv\u00e4rgbandmask\" href=\"https:\/\/krets.jagareforbundet.se\/mellersta_sormlands\/?p=228\">Om Dv\u00e4rgbandmask<\/a><\/p>\n<p>L\u00e4nk till<a title=\"SVA\" href=\"http:\/\/www.sva.se\/sv\/\" target=\"_blank\"> Statens veterin\u00e4rmedicinska anstalt, SVA<\/a><\/p>\n<h2><span style=\"text-decoration: underline\">Gr\u00e5g\u00e5s<\/span><\/h2>\n<p><a href=\"https:\/\/krets.jagareforbundet.se\/mellersta_sormlands\/files\/2014\/03\/Gr\u00e5gass_handlingsplan-2014-2016.pdf\">Gr\u00e5g\u00e4ss_handlingsplan 2014-2016<\/a><\/p>\n<p>&nbsp;<\/p>\n","protected":false},"excerpt":{"rendered":"<p>R\u00e4v \u00d6vervakning av dv\u00e4rgbandmask i Sverige 2012-2013. Om Dv\u00e4rgbandmask L\u00e4nk till Statens veterin\u00e4rmedicinska anstalt, SVA Gr\u00e5g\u00e5s Gr\u00e5g\u00e4ss_handlingsplan 2014-2016 &nbsp;<\/p>\n","protected":false},"author":147,"featured_media":0,"parent":172,"menu_order":5,"comment_status":"open","ping_status":"open","template":"","meta":{"footnotes":""},"class_list":["post-186","page","type-page","status-publish","hentry"],"_links":{"self":[{"href":"https:\/\/krets.jagareforbundet.se\/mellersta_sormlands\/wp-json\/wp\/v2\/pages\/186","targetHints":{"allow":["GET"]}}],"collection":[{"href":"https:\/\/krets.jagareforbundet.se\/mellersta_sormlands\/wp-json\/wp\/v2\/pages"}],"about":[{"href":"https:\/\/krets.jagareforbundet.se\/mellersta_sormlands\/wp-json\/wp\/v2\/types\/page"}],"author":[{"embeddable":true,"href":"https:\/\/krets.jagareforbundet.se\/mellersta_sormlands\/wp-json\/wp\/v2\/users\/147"}],"replies":[{"embeddable":true,"href":"https:\/\/krets.jagareforbundet.se\/mellersta_sormlands\/wp-json\/wp\/v2\/comments?post=186"}],"version-history":[{"count":0,"href":"https:\/\/krets.jagareforbundet.se\/mellersta_sormlands\/wp-json\/wp\/v2\/pages\/186\/revisions"}],"up":[{"embeddable":true,"href":"https:\/\/krets.jagareforbundet.se\/mellersta_sormlands\/wp-json\/wp\/v2\/pages\/172"}],"wp:attachment":[{"href":"https:\/\/krets.jagareforbundet.se\/mellersta_sormlands\/wp-json\/wp\/v2\/media?parent=186"}],"curies":[{"name":"wp","href":"https:\/\/api.w.org\/{rel}","templated":true}]}}