{"id":228,"date":"2013-12-03T15:32:37","date_gmt":"2013-12-03T14:32:37","guid":{"rendered":"https:\/\/krets.jagareforbundet.se\/mellersta_sormlands\/?page_id=228"},"modified":"2013-12-11T21:22:14","modified_gmt":"2013-12-11T20:22:14","slug":"dvargbandmask","status":"publish","type":"page","link":"https:\/\/krets.jagareforbundet.se\/mellersta_sormlands\/jakt-och-viltvard\/ovrigt-vilt\/dvargbandmask\/","title":{"rendered":"Dv\u00e4rgbandmask"},"content":{"rendered":"<div>\n<h2>Parasitens livscykel<\/h2>\n<p>I parasitens livscykel ing\u00e5r b\u00e5de en huvudv\u00e4rd, d\u00e4r den vuxna parasiten h\u00e5ller till, och en mellanv\u00e4rd, d\u00e4r \u00e4ggen utvecklas till ett &#8221;larvstadium&#8221; s\u00e5 kallad bl\u00e5smask. Den vuxna bandmasken lever i r\u00e4vens (hundens\/kattens) tarm och avger \u00e4gg som uts\u00f6ndras i djurets avf\u00f6ring. \u00c4ggen smittar mellanv\u00e4rden, som normalt utg\u00f6rs av sorkar och sm\u00e5gnagare, och utvecklas i dem till en bl\u00e5smask som avger dotterbl\u00e5sor som sprids till olika inre organ.<\/p>\n<p>Hunden eller r\u00e4ven blir infekterad genom att \u00e4ta smittade sorkar eller andra sm\u00e5gnagare. Den vuxna bandmasken utvecklas, fr\u00e5n den upp\u00e4tna bl\u00e5smasken, och kan uts\u00f6ndra nya \u00e4gg via hundens eller kattens avf\u00f6ring tidigast 26 dagar efter infektion. Hunden eller r\u00e4ven f\u00e5r inga sjukdomssymtom av den h\u00e4r parasiten. I ytterst s\u00e4llsynta fall kan katt fungera som v\u00e4rddjur.<\/p>\n<h3>Parasit\u00e4ggen t\u00e5l v\u00e4rme och kyla<\/h3>\n<p>Parasit\u00e4ggen \u00e4r mycket motst\u00e5ndskraftiga. De t\u00e5l mycket l\u00e4gre temperaturer \u00e4n vanliga frysboxar (-20\u00b0C) och kan allts\u00e5 \u00f6vervintra i markerna och fortfarande vara smittfarliga f\u00f6r sm\u00e5gnagare och m\u00e4nniska under l\u00e5ng tid. \u00c4ggen d\u00f6r vid kokning och inom en vecka vid nedfrysning till -80\u00b0C (s\u00e5 kallad ultrafrys).<\/p>\n<p><img decoding=\"async\" alt=\"Illustrationer: Helena Johansson\/SVA\" src=\"http:\/\/www.sva.se\/upload\/Redesign2011\/Bilder\/Djurhalsa\/Zoonoser\/1\/livscykel_110427_webb_liten.gif\" \/><\/p>\n<p>Illustrationer: Helena Johansson\/SVA<\/p>\n<\/div>\n","protected":false},"excerpt":{"rendered":"<p>Parasitens livscykel I parasitens livscykel ing\u00e5r b\u00e5de en huvudv\u00e4rd, d\u00e4r den vuxna parasiten h\u00e5ller till, och en mellanv\u00e4rd, d\u00e4r \u00e4ggen utvecklas till ett &#8221;larvstadium&#8221; s\u00e5 kallad bl\u00e5smask. Den vuxna bandmasken lever i r\u00e4vens (hundens\/kattens) tarm och avger \u00e4gg som uts\u00f6ndras i djurets avf\u00f6ring. \u00c4ggen smittar mellanv\u00e4rden, som normalt utg\u00f6rs av sorkar och sm\u00e5gnagare, och utvecklas [&hellip;]<\/p>\n","protected":false},"author":147,"featured_media":0,"parent":186,"menu_order":1,"comment_status":"open","ping_status":"open","template":"","meta":{"footnotes":""},"class_list":["post-228","page","type-page","status-publish","hentry"],"_links":{"self":[{"href":"https:\/\/krets.jagareforbundet.se\/mellersta_sormlands\/wp-json\/wp\/v2\/pages\/228","targetHints":{"allow":["GET"]}}],"collection":[{"href":"https:\/\/krets.jagareforbundet.se\/mellersta_sormlands\/wp-json\/wp\/v2\/pages"}],"about":[{"href":"https:\/\/krets.jagareforbundet.se\/mellersta_sormlands\/wp-json\/wp\/v2\/types\/page"}],"author":[{"embeddable":true,"href":"https:\/\/krets.jagareforbundet.se\/mellersta_sormlands\/wp-json\/wp\/v2\/users\/147"}],"replies":[{"embeddable":true,"href":"https:\/\/krets.jagareforbundet.se\/mellersta_sormlands\/wp-json\/wp\/v2\/comments?post=228"}],"version-history":[{"count":0,"href":"https:\/\/krets.jagareforbundet.se\/mellersta_sormlands\/wp-json\/wp\/v2\/pages\/228\/revisions"}],"up":[{"embeddable":true,"href":"https:\/\/krets.jagareforbundet.se\/mellersta_sormlands\/wp-json\/wp\/v2\/pages\/186"}],"wp:attachment":[{"href":"https:\/\/krets.jagareforbundet.se\/mellersta_sormlands\/wp-json\/wp\/v2\/media?parent=228"}],"curies":[{"name":"wp","href":"https:\/\/api.w.org\/{rel}","templated":true}]}}