{"id":1327,"date":"2018-03-24T12:04:34","date_gmt":"2018-03-24T11:04:34","guid":{"rendered":"https:\/\/krets.jagareforbundet.se\/motala\/?page_id=1327"},"modified":"2018-03-24T12:04:34","modified_gmt":"2018-03-24T11:04:34","slug":"morkerskytte-2018-03-22","status":"publish","type":"page","link":"https:\/\/krets.jagareforbundet.se\/motala\/skytte\/morkerskytte-2018-03-22\/","title":{"rendered":"M\u00f6rkerskytte 2018-03-22"},"content":{"rendered":"<p>Torsdagen den 22 mars genomf\u00f6rde Motala JVK v\u00e5rt numera traditionella M\u00f6rkerskytte. Det har visserligen varierat lite om tillf\u00e4llet h\u00e5lls i b\u00f6rjan eller slutet p\u00e5 den m\u00f6rka \u00e5rstiden, men i \u00e5r blev det allts\u00e5 det senare alternativet. V\u00e4dret var snudd p\u00e5 perfekt med klart v\u00e4der, m\u00e5nsken fr\u00e5n en liten nym\u00e5ne och ett f\u00e5tal minusgrader under skyttemomenten. Lite drygt 30-talet personer med funktion\u00e4rer inr\u00e4knade hade hittat ut till Jaktskyttebanan i Kvarn, Danmark.<\/p>\n<p>I \u00e5r anv\u00e4ndes tre skyttestationer, och f\u00f6r f\u00f6rsta g\u00e5ngen i m\u00f6rkersammanhang nyttjade vi J\u00e4garf\u00f6rbundet \u00d6sterg\u00f6tlands mobila bana. Ifr\u00e5n kretsen \u00e4r vi kanonn\u00f6jda med hur den funkar, och d\u00e5 vi nu anv\u00e4nt vid ett antal tillf\u00e4llen b\u00f6rjar vi nu f\u00e5 rutin i hur den ska monteras. I \u00e5r han vi n\u00e4stan klart till utsatt tid.<\/p>\n\n\t\t<style type=\"text\/css\">\n\t\t\t#gallery-1 {\n\t\t\t\tmargin: auto;\n\t\t\t}\n\t\t\t#gallery-1 .gallery-item {\n\t\t\t\tfloat: left;\n\t\t\t\tmargin-top: 10px;\n\t\t\t\ttext-align: center;\n\t\t\t\twidth: 50%;\n\t\t\t}\n\t\t\t#gallery-1 img {\n\t\t\t\tborder: 2px solid #cfcfcf;\n\t\t\t}\n\t\t\t#gallery-1 .gallery-caption {\n\t\t\t\tmargin-left: 0;\n\t\t\t}\n\t\t\t\/* see gallery_shortcode() in wp-includes\/media.php *\/\n\t\t<\/style>\n\t\t<div id='gallery-1' class='gallery galleryid-1327 gallery-columns-2 gallery-size-large'><dl class='gallery-item'>\n\t\t\t<dt class='gallery-icon portrait'>\n\t\t\t\t<a href='https:\/\/krets.jagareforbundet.se\/motala\/mskytte_180322_st2_1\/'><img loading=\"lazy\" decoding=\"async\" width=\"768\" height=\"1024\" src=\"https:\/\/krets.jagareforbundet.se\/motala\/files\/2018\/03\/mskytte_180322_st2_1-e1521833004584-768x1024.jpg\" class=\"attachment-large size-large\" alt=\"\" srcset=\"https:\/\/krets.jagareforbundet.se\/motala\/files\/2018\/03\/mskytte_180322_st2_1-e1521833004584-768x1024.jpg 768w, https:\/\/krets.jagareforbundet.se\/motala\/files\/2018\/03\/mskytte_180322_st2_1-e1521833004584-225x300.jpg 225w\" sizes=\"auto, (max-width: 768px) 100vw, 768px\" \/><\/a>\n\t\t\t<\/dt><\/dl><dl class='gallery-item'>\n\t\t\t<dt class='gallery-icon landscape'>\n\t\t\t\t<a href='https:\/\/krets.jagareforbundet.se\/motala\/mskytte_180322_st2_2\/'><img loading=\"lazy\" decoding=\"async\" width=\"1024\" height=\"768\" src=\"https:\/\/krets.jagareforbundet.se\/motala\/files\/2018\/03\/mskytte_180322_st2_2-1024x768.jpg\" class=\"attachment-large size-large\" alt=\"\" srcset=\"https:\/\/krets.jagareforbundet.se\/motala\/files\/2018\/03\/mskytte_180322_st2_2-1024x768.jpg 1024w, https:\/\/krets.jagareforbundet.se\/motala\/files\/2018\/03\/mskytte_180322_st2_2-300x225.jpg 300w, https:\/\/krets.jagareforbundet.se\/motala\/files\/2018\/03\/mskytte_180322_st2_2-768x576.jpg 768w\" sizes=\"auto, (max-width: 1024px) 100vw, 1024px\" \/><\/a>\n\t\t\t<\/dt><\/dl><br style=\"clear: both\" \/>\n\t\t<\/div>\n\n<p>Kv\u00e4llen inleddas med att Stephan M\u00e5rtensson ifr\u00e5n hundgruppen SvJF \u00d6sterg\u00f6ttland och NVR delade med sig om sina erfarenheter r\u00f6rande hundar, efters\u00f6k och tr\u00e4ning.<\/p>\n\n\t\t<style type=\"text\/css\">\n\t\t\t#gallery-2 {\n\t\t\t\tmargin: auto;\n\t\t\t}\n\t\t\t#gallery-2 .gallery-item {\n\t\t\t\tfloat: left;\n\t\t\t\tmargin-top: 10px;\n\t\t\t\ttext-align: center;\n\t\t\t\twidth: 33%;\n\t\t\t}\n\t\t\t#gallery-2 img {\n\t\t\t\tborder: 2px solid #cfcfcf;\n\t\t\t}\n\t\t\t#gallery-2 .gallery-caption {\n\t\t\t\tmargin-left: 0;\n\t\t\t}\n\t\t\t\/* see gallery_shortcode() in wp-includes\/media.php *\/\n\t\t<\/style>\n\t\t<div id='gallery-2' class='gallery galleryid-1327 gallery-columns-3 gallery-size-medium'><dl class='gallery-item'>\n\t\t\t<dt class='gallery-icon landscape'>\n\t\t\t\t<a href='https:\/\/krets.jagareforbundet.se\/motala\/mskytte_180322_saml_2\/'><img loading=\"lazy\" decoding=\"async\" width=\"300\" height=\"225\" src=\"https:\/\/krets.jagareforbundet.se\/motala\/files\/2018\/03\/mskytte_180322_saml_2-300x225.jpg\" class=\"attachment-medium size-medium\" alt=\"\" srcset=\"https:\/\/krets.jagareforbundet.se\/motala\/files\/2018\/03\/mskytte_180322_saml_2-300x225.jpg 300w, https:\/\/krets.jagareforbundet.se\/motala\/files\/2018\/03\/mskytte_180322_saml_2-768x576.jpg 768w, https:\/\/krets.jagareforbundet.se\/motala\/files\/2018\/03\/mskytte_180322_saml_2-1024x768.jpg 1024w\" sizes=\"auto, (max-width: 300px) 100vw, 300px\" \/><\/a>\n\t\t\t<\/dt><\/dl><dl class='gallery-item'>\n\t\t\t<dt class='gallery-icon landscape'>\n\t\t\t\t<a href='https:\/\/krets.jagareforbundet.se\/motala\/mskytte_180322_saml_1\/'><img loading=\"lazy\" decoding=\"async\" width=\"300\" height=\"225\" src=\"https:\/\/krets.jagareforbundet.se\/motala\/files\/2018\/03\/mskytte_180322_saml_1-300x225.jpg\" class=\"attachment-medium size-medium\" alt=\"\" srcset=\"https:\/\/krets.jagareforbundet.se\/motala\/files\/2018\/03\/mskytte_180322_saml_1-300x225.jpg 300w, https:\/\/krets.jagareforbundet.se\/motala\/files\/2018\/03\/mskytte_180322_saml_1-768x576.jpg 768w, https:\/\/krets.jagareforbundet.se\/motala\/files\/2018\/03\/mskytte_180322_saml_1-1024x768.jpg 1024w\" sizes=\"auto, (max-width: 300px) 100vw, 300px\" \/><\/a>\n\t\t\t<\/dt><\/dl><dl class='gallery-item'>\n\t\t\t<dt class='gallery-icon landscape'>\n\t\t\t\t<a href='https:\/\/krets.jagareforbundet.se\/motala\/mskytte_180322_saml_5\/'><img loading=\"lazy\" decoding=\"async\" width=\"300\" height=\"225\" src=\"https:\/\/krets.jagareforbundet.se\/motala\/files\/2018\/03\/mskytte_180322_saml_5-300x225.jpg\" class=\"attachment-medium size-medium\" alt=\"\" srcset=\"https:\/\/krets.jagareforbundet.se\/motala\/files\/2018\/03\/mskytte_180322_saml_5-300x225.jpg 300w, https:\/\/krets.jagareforbundet.se\/motala\/files\/2018\/03\/mskytte_180322_saml_5-768x576.jpg 768w, https:\/\/krets.jagareforbundet.se\/motala\/files\/2018\/03\/mskytte_180322_saml_5-1024x768.jpg 1024w\" sizes=\"auto, (max-width: 300px) 100vw, 300px\" \/><\/a>\n\t\t\t<\/dt><\/dl><br style=\"clear: both\" \/>\n\t\t<\/div>\n\n<p>Nedan ett axplock av vad som ber\u00f6rdes:<\/p>\n<ul>\n<li>H\u00e5rda sp\u00e5r, asfalt och grus &#8211; viktigt att tr\u00e4na p\u00e5 dessa underlag<\/li>\n<li>L\u00e4gg g\u00e4rna upp sp\u00e5r som grenar ut sig, dvs ett huvudsp\u00e5r och andra kl\u00f6var i &#8221;utgreningarna&#8221;<\/li>\n<li>Blod inte n\u00f6dv\u00e4ndigt, mer en krydda. Det \u00e4r kl\u00f6vens vittring hunden g\u00e5r p\u00e5<\/li>\n<li>Tr\u00e4na p\u00e5 skottplatsunders\u00f6kning, nyttja de tillf\u00e4llen som f\u00e5s vid lyckade jaktskott<\/li>\n<li>Spontantr\u00e4ning<\/li>\n<li>Prestigel\u00f6shet oerh\u00f6rt viktigt, ibland funkar det inte f\u00f6r den hund man har. Ta d\u00e5 hj\u00e4lp!<\/li>\n<li>Stephan p\u00e5 fr\u00e5gan om vad han rekommenderar som bra efters\u00f6kshund? &#8211; Den ska vara trevlig!<\/li>\n<li>Leken med v\u00e5r hundar \u00e4r viktig! Intressant iakttagelse hur m\u00e4n \u00f6ver 40 j\u00e4mf\u00f6rt med dito kvinnor leker med sina hundar. Kvinnor tenderar att l\u00e4ngre upp i \u00e5ldrarna kasta sig p\u00e5 marken och leka &#8221;p\u00e5 hundens niv\u00e5&#8221;, medan \u00e4ldre m\u00e4n mer g\u00f6r det i en mer uppr\u00e4tt kroppsh\u00e5llning.<\/li>\n<li>Kursen &#8221;V\u00e5rd i det vilda&#8221; rekommenderas!<\/li>\n<li>Anv\u00e4nd skydd p\u00e5 din hund! Fr\u00e5n L\u00e4nsstyrelsen ser det ut att erbjudas sponsring av vargv\u00e4st<\/li>\n<\/ul>\n<p>Det konstaterades fr\u00e5n \u00e5h\u00f6rarna att uppl\u00e4gget f\u00f6r att tr\u00e4ningen f\u00f6r att f\u00e5 en bra jakt\/efters\u00f6kshund \u00e4r i stort s\u00e4tt identisk med hur exvis polis och milit\u00e4r tr\u00e4nar sina hundar.<\/p>\n<p>Efter ungef\u00e4r en timmes f\u00f6redrag av Stephan, n\u00e4r m\u00f6rkret s\u00e4nkt sig gick kv\u00e4llen \u00f6ver i de mer praktiskt skyttemomenten. Albin Turi fr\u00e5n jaktv\u00e5rdskretsens skyttegrupp introducerade dessa, och som alltid p\u00e5 skjutbanan trycktes p\u00e5 s\u00e4kerheten. Laddning av vapen f\u00f6rst p\u00e5 plats vid stationerna p\u00e5 skjutledares uppmaning, och i \u00f6vrigt b\u00e4rs vapnen \u00f6ppna. Lite drygt 20 personer tog vara p\u00e5 tillf\u00e4llet att prova p\u00e5 de iordningsst\u00e4llda stationerna.<\/p>\n\n\t\t<style type=\"text\/css\">\n\t\t\t#gallery-3 {\n\t\t\t\tmargin: auto;\n\t\t\t}\n\t\t\t#gallery-3 .gallery-item {\n\t\t\t\tfloat: left;\n\t\t\t\tmargin-top: 10px;\n\t\t\t\ttext-align: center;\n\t\t\t\twidth: 50%;\n\t\t\t}\n\t\t\t#gallery-3 img {\n\t\t\t\tborder: 2px solid #cfcfcf;\n\t\t\t}\n\t\t\t#gallery-3 .gallery-caption {\n\t\t\t\tmargin-left: 0;\n\t\t\t}\n\t\t\t\/* see gallery_shortcode() in wp-includes\/media.php *\/\n\t\t<\/style>\n\t\t<div id='gallery-3' class='gallery galleryid-1327 gallery-columns-2 gallery-size-large'><dl class='gallery-item'>\n\t\t\t<dt class='gallery-icon portrait'>\n\t\t\t\t<a href='https:\/\/krets.jagareforbundet.se\/motala\/mskytte_180322_saml_3\/'><img loading=\"lazy\" decoding=\"async\" width=\"768\" height=\"1024\" src=\"https:\/\/krets.jagareforbundet.se\/motala\/files\/2018\/03\/mskytte_180322_saml_3-e1521833051177-768x1024.jpg\" class=\"attachment-large size-large\" alt=\"\" srcset=\"https:\/\/krets.jagareforbundet.se\/motala\/files\/2018\/03\/mskytte_180322_saml_3-e1521833051177-768x1024.jpg 768w, https:\/\/krets.jagareforbundet.se\/motala\/files\/2018\/03\/mskytte_180322_saml_3-e1521833051177-225x300.jpg 225w\" sizes=\"auto, (max-width: 768px) 100vw, 768px\" \/><\/a>\n\t\t\t<\/dt><\/dl><dl class='gallery-item'>\n\t\t\t<dt class='gallery-icon landscape'>\n\t\t\t\t<a href='https:\/\/krets.jagareforbundet.se\/motala\/mskytte_180322_saml_4\/'><img loading=\"lazy\" decoding=\"async\" width=\"1024\" height=\"768\" src=\"https:\/\/krets.jagareforbundet.se\/motala\/files\/2018\/03\/mskytte_180322_saml_4-1024x768.jpg\" class=\"attachment-large size-large\" alt=\"\" srcset=\"https:\/\/krets.jagareforbundet.se\/motala\/files\/2018\/03\/mskytte_180322_saml_4-1024x768.jpg 1024w, https:\/\/krets.jagareforbundet.se\/motala\/files\/2018\/03\/mskytte_180322_saml_4-300x225.jpg 300w, https:\/\/krets.jagareforbundet.se\/motala\/files\/2018\/03\/mskytte_180322_saml_4-768x576.jpg 768w\" sizes=\"auto, (max-width: 1024px) 100vw, 1024px\" \/><\/a>\n\t\t\t<\/dt><\/dl><br style=\"clear: both\" \/>\n\t\t<\/div>\n\n<p>&nbsp;<\/p>\n<p>Station 1 : Femtiometersbanan, r\u00f6rligt m\u00e5l<\/p>\n<p>P\u00e5 denna station nyttjades den fasta 50-metersbanan, men avkortad s\u00e5 att skjutavst\u00e5ndet blev n\u00e5gonstans runt 25 m. Totalt 4 skott p\u00e5 vildsvin som r\u00f6r sig fr\u00e5n h\u00f6ger till v\u00e4nster med skall av en jakthund f\u00f6r att efterlikna en jaktlig situation.<\/p>\n\n\t\t<style type=\"text\/css\">\n\t\t\t#gallery-4 {\n\t\t\t\tmargin: auto;\n\t\t\t}\n\t\t\t#gallery-4 .gallery-item {\n\t\t\t\tfloat: left;\n\t\t\t\tmargin-top: 10px;\n\t\t\t\ttext-align: center;\n\t\t\t\twidth: 50%;\n\t\t\t}\n\t\t\t#gallery-4 img {\n\t\t\t\tborder: 2px solid #cfcfcf;\n\t\t\t}\n\t\t\t#gallery-4 .gallery-caption {\n\t\t\t\tmargin-left: 0;\n\t\t\t}\n\t\t\t\/* see gallery_shortcode() in wp-includes\/media.php *\/\n\t\t<\/style>\n\t\t<div id='gallery-4' class='gallery galleryid-1327 gallery-columns-2 gallery-size-large'><dl class='gallery-item'>\n\t\t\t<dt class='gallery-icon landscape'>\n\t\t\t\t<a href='https:\/\/krets.jagareforbundet.se\/motala\/mskytte_180322_st1_4\/'><img loading=\"lazy\" decoding=\"async\" width=\"1024\" height=\"768\" src=\"https:\/\/krets.jagareforbundet.se\/motala\/files\/2018\/03\/mskytte_180322_st1_4-1024x768.jpg\" class=\"attachment-large size-large\" alt=\"\" srcset=\"https:\/\/krets.jagareforbundet.se\/motala\/files\/2018\/03\/mskytte_180322_st1_4-1024x768.jpg 1024w, https:\/\/krets.jagareforbundet.se\/motala\/files\/2018\/03\/mskytte_180322_st1_4-300x225.jpg 300w, https:\/\/krets.jagareforbundet.se\/motala\/files\/2018\/03\/mskytte_180322_st1_4-768x576.jpg 768w\" sizes=\"auto, (max-width: 1024px) 100vw, 1024px\" \/><\/a>\n\t\t\t<\/dt><\/dl><dl class='gallery-item'>\n\t\t\t<dt class='gallery-icon landscape'>\n\t\t\t\t<a href='https:\/\/krets.jagareforbundet.se\/motala\/mskytte_180322_st1_5\/'><img loading=\"lazy\" decoding=\"async\" width=\"1024\" height=\"768\" src=\"https:\/\/krets.jagareforbundet.se\/motala\/files\/2018\/03\/mskytte_180322_st1_5-1024x768.jpg\" class=\"attachment-large size-large\" alt=\"\" srcset=\"https:\/\/krets.jagareforbundet.se\/motala\/files\/2018\/03\/mskytte_180322_st1_5-1024x768.jpg 1024w, https:\/\/krets.jagareforbundet.se\/motala\/files\/2018\/03\/mskytte_180322_st1_5-300x225.jpg 300w, https:\/\/krets.jagareforbundet.se\/motala\/files\/2018\/03\/mskytte_180322_st1_5-768x576.jpg 768w\" sizes=\"auto, (max-width: 1024px) 100vw, 1024px\" \/><\/a>\n\t\t\t<\/dt><\/dl><br style=\"clear: both\" \/><dl class='gallery-item'>\n\t\t\t<dt class='gallery-icon landscape'>\n\t\t\t\t<a href='https:\/\/krets.jagareforbundet.se\/motala\/mskytte_180322_st1_2\/'><img loading=\"lazy\" decoding=\"async\" width=\"1024\" height=\"768\" src=\"https:\/\/krets.jagareforbundet.se\/motala\/files\/2018\/03\/mskytte_180322_st1_2-1024x768.jpg\" class=\"attachment-large size-large\" alt=\"\" srcset=\"https:\/\/krets.jagareforbundet.se\/motala\/files\/2018\/03\/mskytte_180322_st1_2-1024x768.jpg 1024w, https:\/\/krets.jagareforbundet.se\/motala\/files\/2018\/03\/mskytte_180322_st1_2-300x225.jpg 300w, https:\/\/krets.jagareforbundet.se\/motala\/files\/2018\/03\/mskytte_180322_st1_2-768x576.jpg 768w\" sizes=\"auto, (max-width: 1024px) 100vw, 1024px\" \/><\/a>\n\t\t\t<\/dt><\/dl><dl class='gallery-item'>\n\t\t\t<dt class='gallery-icon landscape'>\n\t\t\t\t<a href='https:\/\/krets.jagareforbundet.se\/motala\/mskytte_180322_st1_1\/'><img loading=\"lazy\" decoding=\"async\" width=\"1024\" height=\"768\" src=\"https:\/\/krets.jagareforbundet.se\/motala\/files\/2018\/03\/mskytte_180322_st1_1-1024x768.jpg\" class=\"attachment-large size-large\" alt=\"\" srcset=\"https:\/\/krets.jagareforbundet.se\/motala\/files\/2018\/03\/mskytte_180322_st1_1-1024x768.jpg 1024w, https:\/\/krets.jagareforbundet.se\/motala\/files\/2018\/03\/mskytte_180322_st1_1-300x225.jpg 300w, https:\/\/krets.jagareforbundet.se\/motala\/files\/2018\/03\/mskytte_180322_st1_1-768x576.jpg 768w\" sizes=\"auto, (max-width: 1024px) 100vw, 1024px\" \/><\/a>\n\t\t\t<\/dt><\/dl><br style=\"clear: both\" \/>\n\t\t<\/div>\n\n<p>Station 2: Mobila skjutbanan, inkommande m\u00e5l<\/p>\n<p>H\u00e4r inleddes stationen med att skytten f\u00f6rst skulle uppt\u00e4cka ett vildsvin som trycker i en t\u00e4tning, och n\u00e4r f\u00f6rsta skottet g\u00e5r kommer djuret i full fart rakt mot skytten. P\u00e5 det framrusande vildsvinet avlossas d\u00e5 ytterligare 2 skott.<\/p>\n\n\t\t<style type=\"text\/css\">\n\t\t\t#gallery-5 {\n\t\t\t\tmargin: auto;\n\t\t\t}\n\t\t\t#gallery-5 .gallery-item {\n\t\t\t\tfloat: left;\n\t\t\t\tmargin-top: 10px;\n\t\t\t\ttext-align: center;\n\t\t\t\twidth: 50%;\n\t\t\t}\n\t\t\t#gallery-5 img {\n\t\t\t\tborder: 2px solid #cfcfcf;\n\t\t\t}\n\t\t\t#gallery-5 .gallery-caption {\n\t\t\t\tmargin-left: 0;\n\t\t\t}\n\t\t\t\/* see gallery_shortcode() in wp-includes\/media.php *\/\n\t\t<\/style>\n\t\t<div id='gallery-5' class='gallery galleryid-1327 gallery-columns-2 gallery-size-large'><dl class='gallery-item'>\n\t\t\t<dt class='gallery-icon landscape'>\n\t\t\t\t<a href='https:\/\/krets.jagareforbundet.se\/motala\/mskytte_180322_st2_9\/'><img loading=\"lazy\" decoding=\"async\" width=\"1024\" height=\"768\" src=\"https:\/\/krets.jagareforbundet.se\/motala\/files\/2018\/03\/mskytte_180322_st2_9-1024x768.jpg\" class=\"attachment-large size-large\" alt=\"\" srcset=\"https:\/\/krets.jagareforbundet.se\/motala\/files\/2018\/03\/mskytte_180322_st2_9-1024x768.jpg 1024w, https:\/\/krets.jagareforbundet.se\/motala\/files\/2018\/03\/mskytte_180322_st2_9-300x225.jpg 300w, https:\/\/krets.jagareforbundet.se\/motala\/files\/2018\/03\/mskytte_180322_st2_9-768x576.jpg 768w\" sizes=\"auto, (max-width: 1024px) 100vw, 1024px\" \/><\/a>\n\t\t\t<\/dt><\/dl><dl class='gallery-item'>\n\t\t\t<dt class='gallery-icon landscape'>\n\t\t\t\t<a href='https:\/\/krets.jagareforbundet.se\/motala\/mskytte_180322_st2_8\/'><img loading=\"lazy\" decoding=\"async\" width=\"1024\" height=\"768\" src=\"https:\/\/krets.jagareforbundet.se\/motala\/files\/2018\/03\/mskytte_180322_st2_8-1024x768.jpg\" class=\"attachment-large size-large\" alt=\"\" srcset=\"https:\/\/krets.jagareforbundet.se\/motala\/files\/2018\/03\/mskytte_180322_st2_8-1024x768.jpg 1024w, https:\/\/krets.jagareforbundet.se\/motala\/files\/2018\/03\/mskytte_180322_st2_8-300x225.jpg 300w, https:\/\/krets.jagareforbundet.se\/motala\/files\/2018\/03\/mskytte_180322_st2_8-768x576.jpg 768w\" sizes=\"auto, (max-width: 1024px) 100vw, 1024px\" \/><\/a>\n\t\t\t<\/dt><\/dl><br style=\"clear: both\" \/><dl class='gallery-item'>\n\t\t\t<dt class='gallery-icon landscape'>\n\t\t\t\t<a href='https:\/\/krets.jagareforbundet.se\/motala\/mskytte_180322_st2_7\/'><img loading=\"lazy\" decoding=\"async\" width=\"1024\" height=\"768\" src=\"https:\/\/krets.jagareforbundet.se\/motala\/files\/2018\/03\/mskytte_180322_st2_7-1024x768.jpg\" class=\"attachment-large size-large\" alt=\"\" srcset=\"https:\/\/krets.jagareforbundet.se\/motala\/files\/2018\/03\/mskytte_180322_st2_7-1024x768.jpg 1024w, https:\/\/krets.jagareforbundet.se\/motala\/files\/2018\/03\/mskytte_180322_st2_7-300x225.jpg 300w, https:\/\/krets.jagareforbundet.se\/motala\/files\/2018\/03\/mskytte_180322_st2_7-768x576.jpg 768w\" sizes=\"auto, (max-width: 1024px) 100vw, 1024px\" \/><\/a>\n\t\t\t<\/dt><\/dl><dl class='gallery-item'>\n\t\t\t<dt class='gallery-icon landscape'>\n\t\t\t\t<a href='https:\/\/krets.jagareforbundet.se\/motala\/mskytte_180322_st2_5\/'><img loading=\"lazy\" decoding=\"async\" width=\"1024\" height=\"768\" src=\"https:\/\/krets.jagareforbundet.se\/motala\/files\/2018\/03\/mskytte_180322_st2_5-1024x768.jpg\" class=\"attachment-large size-large\" alt=\"\" srcset=\"https:\/\/krets.jagareforbundet.se\/motala\/files\/2018\/03\/mskytte_180322_st2_5-1024x768.jpg 1024w, https:\/\/krets.jagareforbundet.se\/motala\/files\/2018\/03\/mskytte_180322_st2_5-300x225.jpg 300w, https:\/\/krets.jagareforbundet.se\/motala\/files\/2018\/03\/mskytte_180322_st2_5-768x576.jpg 768w\" sizes=\"auto, (max-width: 1024px) 100vw, 1024px\" \/><\/a>\n\t\t\t<\/dt><\/dl><br style=\"clear: both\" \/>\n\t\t<\/div>\n\n<p>Station 3: R\u00e5djur, fast m\u00e5l med puls<\/p>\n<p>Vid denna station inleder skytten med en kortare springrunda f\u00f6r att f\u00e5 upp pulsen. Efter denna avlossas tre skott i rask f\u00f6ljd p\u00e5 stillast\u00e5ende r\u00e5djur, ca 40 m avst\u00e5nd. D\u00e4refter ny springrunda och ytterligare tre skott.<\/p>\n\n\t\t<style type=\"text\/css\">\n\t\t\t#gallery-6 {\n\t\t\t\tmargin: auto;\n\t\t\t}\n\t\t\t#gallery-6 .gallery-item {\n\t\t\t\tfloat: left;\n\t\t\t\tmargin-top: 10px;\n\t\t\t\ttext-align: center;\n\t\t\t\twidth: 50%;\n\t\t\t}\n\t\t\t#gallery-6 img {\n\t\t\t\tborder: 2px solid #cfcfcf;\n\t\t\t}\n\t\t\t#gallery-6 .gallery-caption {\n\t\t\t\tmargin-left: 0;\n\t\t\t}\n\t\t\t\/* see gallery_shortcode() in wp-includes\/media.php *\/\n\t\t<\/style>\n\t\t<div id='gallery-6' class='gallery galleryid-1327 gallery-columns-2 gallery-size-large'><dl class='gallery-item'>\n\t\t\t<dt class='gallery-icon landscape'>\n\t\t\t\t<a href='https:\/\/krets.jagareforbundet.se\/motala\/mskytte_180322_st3_1\/'><img loading=\"lazy\" decoding=\"async\" width=\"1024\" height=\"768\" src=\"https:\/\/krets.jagareforbundet.se\/motala\/files\/2018\/03\/mskytte_180322_st3_1-1024x768.jpg\" class=\"attachment-large size-large\" alt=\"\" srcset=\"https:\/\/krets.jagareforbundet.se\/motala\/files\/2018\/03\/mskytte_180322_st3_1-1024x768.jpg 1024w, https:\/\/krets.jagareforbundet.se\/motala\/files\/2018\/03\/mskytte_180322_st3_1-300x225.jpg 300w, https:\/\/krets.jagareforbundet.se\/motala\/files\/2018\/03\/mskytte_180322_st3_1-768x576.jpg 768w\" sizes=\"auto, (max-width: 1024px) 100vw, 1024px\" \/><\/a>\n\t\t\t<\/dt><\/dl><dl class='gallery-item'>\n\t\t\t<dt class='gallery-icon landscape'>\n\t\t\t\t<a href='https:\/\/krets.jagareforbundet.se\/motala\/mskytte_180322_st3_2\/'><img loading=\"lazy\" decoding=\"async\" width=\"1024\" height=\"768\" src=\"https:\/\/krets.jagareforbundet.se\/motala\/files\/2018\/03\/mskytte_180322_st3_2-1024x768.jpg\" class=\"attachment-large size-large\" alt=\"\" srcset=\"https:\/\/krets.jagareforbundet.se\/motala\/files\/2018\/03\/mskytte_180322_st3_2-1024x768.jpg 1024w, https:\/\/krets.jagareforbundet.se\/motala\/files\/2018\/03\/mskytte_180322_st3_2-300x225.jpg 300w, https:\/\/krets.jagareforbundet.se\/motala\/files\/2018\/03\/mskytte_180322_st3_2-768x576.jpg 768w\" sizes=\"auto, (max-width: 1024px) 100vw, 1024px\" \/><\/a>\n\t\t\t<\/dt><\/dl><br style=\"clear: both\" \/><dl class='gallery-item'>\n\t\t\t<dt class='gallery-icon landscape'>\n\t\t\t\t<a href='https:\/\/krets.jagareforbundet.se\/motala\/mskytte_180322_st3_4\/'><img loading=\"lazy\" decoding=\"async\" width=\"1024\" height=\"768\" src=\"https:\/\/krets.jagareforbundet.se\/motala\/files\/2018\/03\/mskytte_180322_st3_4-1024x768.jpg\" class=\"attachment-large size-large\" alt=\"\" srcset=\"https:\/\/krets.jagareforbundet.se\/motala\/files\/2018\/03\/mskytte_180322_st3_4-1024x768.jpg 1024w, https:\/\/krets.jagareforbundet.se\/motala\/files\/2018\/03\/mskytte_180322_st3_4-300x225.jpg 300w, https:\/\/krets.jagareforbundet.se\/motala\/files\/2018\/03\/mskytte_180322_st3_4-768x576.jpg 768w\" sizes=\"auto, (max-width: 1024px) 100vw, 1024px\" \/><\/a>\n\t\t\t<\/dt><\/dl><dl class='gallery-item'>\n\t\t\t<dt class='gallery-icon landscape'>\n\t\t\t\t<a href='https:\/\/krets.jagareforbundet.se\/motala\/mskytte_180322_st3_3\/'><img loading=\"lazy\" decoding=\"async\" width=\"1024\" height=\"768\" src=\"https:\/\/krets.jagareforbundet.se\/motala\/files\/2018\/03\/mskytte_180322_st3_3-1024x768.jpg\" class=\"attachment-large size-large\" alt=\"\" srcset=\"https:\/\/krets.jagareforbundet.se\/motala\/files\/2018\/03\/mskytte_180322_st3_3-1024x768.jpg 1024w, https:\/\/krets.jagareforbundet.se\/motala\/files\/2018\/03\/mskytte_180322_st3_3-300x225.jpg 300w, https:\/\/krets.jagareforbundet.se\/motala\/files\/2018\/03\/mskytte_180322_st3_3-768x576.jpg 768w\" sizes=\"auto, (max-width: 1024px) 100vw, 1024px\" \/><\/a>\n\t\t\t<\/dt><\/dl><br style=\"clear: both\" \/>\n\t\t<\/div>\n\n<p>N\u00e4r kv\u00e4llen ett par timmar senare summerades konstaterades fr\u00e5n alla skjutledare att det \u00f6verlag varit mycket goda prestationer av skyttarna. Det \u00e4r oerh\u00f6rt viktigt att under realistiska situationer f\u00e5 tillf\u00e4lle att \u00f6va p\u00e5 sin utrustning.<\/p>\n\n\t\t<style type=\"text\/css\">\n\t\t\t#gallery-7 {\n\t\t\t\tmargin: auto;\n\t\t\t}\n\t\t\t#gallery-7 .gallery-item {\n\t\t\t\tfloat: left;\n\t\t\t\tmargin-top: 10px;\n\t\t\t\ttext-align: center;\n\t\t\t\twidth: 50%;\n\t\t\t}\n\t\t\t#gallery-7 img {\n\t\t\t\tborder: 2px solid #cfcfcf;\n\t\t\t}\n\t\t\t#gallery-7 .gallery-caption {\n\t\t\t\tmargin-left: 0;\n\t\t\t}\n\t\t\t\/* see gallery_shortcode() in wp-includes\/media.php *\/\n\t\t<\/style>\n\t\t<div id='gallery-7' class='gallery galleryid-1327 gallery-columns-2 gallery-size-large'><dl class='gallery-item'>\n\t\t\t<dt class='gallery-icon landscape'>\n\t\t\t\t<a href='https:\/\/krets.jagareforbundet.se\/motala\/mskytte_180322_saml_6\/'><img loading=\"lazy\" decoding=\"async\" width=\"1024\" height=\"768\" src=\"https:\/\/krets.jagareforbundet.se\/motala\/files\/2018\/03\/mskytte_180322_saml_6-1024x768.jpg\" class=\"attachment-large size-large\" alt=\"\" srcset=\"https:\/\/krets.jagareforbundet.se\/motala\/files\/2018\/03\/mskytte_180322_saml_6-1024x768.jpg 1024w, https:\/\/krets.jagareforbundet.se\/motala\/files\/2018\/03\/mskytte_180322_saml_6-300x225.jpg 300w, https:\/\/krets.jagareforbundet.se\/motala\/files\/2018\/03\/mskytte_180322_saml_6-768x576.jpg 768w\" sizes=\"auto, (max-width: 1024px) 100vw, 1024px\" \/><\/a>\n\t\t\t<\/dt><\/dl><dl class='gallery-item'>\n\t\t\t<dt class='gallery-icon landscape'>\n\t\t\t\t<a href='https:\/\/krets.jagareforbundet.se\/motala\/mskytte_180322_saml_5\/'><img loading=\"lazy\" decoding=\"async\" width=\"1024\" height=\"768\" src=\"https:\/\/krets.jagareforbundet.se\/motala\/files\/2018\/03\/mskytte_180322_saml_5-1024x768.jpg\" class=\"attachment-large size-large\" alt=\"\" srcset=\"https:\/\/krets.jagareforbundet.se\/motala\/files\/2018\/03\/mskytte_180322_saml_5-1024x768.jpg 1024w, https:\/\/krets.jagareforbundet.se\/motala\/files\/2018\/03\/mskytte_180322_saml_5-300x225.jpg 300w, https:\/\/krets.jagareforbundet.se\/motala\/files\/2018\/03\/mskytte_180322_saml_5-768x576.jpg 768w\" sizes=\"auto, (max-width: 1024px) 100vw, 1024px\" \/><\/a>\n\t\t\t<\/dt><\/dl><br style=\"clear: both\" \/>\n\t\t<\/div>\n\n<p>Stort TACK till:<\/p>\n<ul>\n<li>Stephan M\u00e5rtensson f\u00f6r det mycket intressanta f\u00f6redraget<\/li>\n<li>\u00d6stg\u00f6ta Jaktskytteklubb f\u00f6r uppl\u00e5tande av bana och f\u00f6rn\u00e4mlig servering av kaffe, l\u00e4sk och korv<\/li>\n<li>Alla kretsens funktion\u00e4rer i byggande av stationer och proffsigt agerande som skjutledare<\/li>\n<\/ul>\n<p>Utan er insats hade inte denna kv\u00e4ll varit m\u00f6jlig.<\/p>\n","protected":false},"excerpt":{"rendered":"<p>Torsdagen den 22 mars genomf\u00f6rde Motala JVK v\u00e5rt numera traditionella M\u00f6rkerskytte. Det har visserligen varierat lite om tillf\u00e4llet h\u00e5lls i b\u00f6rjan eller slutet p\u00e5 den m\u00f6rka \u00e5rstiden, men i \u00e5r blev det allts\u00e5 det senare alternativet. V\u00e4dret var snudd p\u00e5 perfekt med klart v\u00e4der, m\u00e5nsken fr\u00e5n en liten nym\u00e5ne och ett f\u00e5tal minusgrader under skyttemomenten. [&hellip;]<\/p>\n","protected":false},"author":109,"featured_media":1319,"parent":310,"menu_order":58,"comment_status":"closed","ping_status":"closed","template":"","meta":{"footnotes":""},"class_list":["post-1327","page","type-page","status-publish","has-post-thumbnail","hentry"],"_links":{"self":[{"href":"https:\/\/krets.jagareforbundet.se\/motala\/wp-json\/wp\/v2\/pages\/1327","targetHints":{"allow":["GET"]}}],"collection":[{"href":"https:\/\/krets.jagareforbundet.se\/motala\/wp-json\/wp\/v2\/pages"}],"about":[{"href":"https:\/\/krets.jagareforbundet.se\/motala\/wp-json\/wp\/v2\/types\/page"}],"author":[{"embeddable":true,"href":"https:\/\/krets.jagareforbundet.se\/motala\/wp-json\/wp\/v2\/users\/109"}],"replies":[{"embeddable":true,"href":"https:\/\/krets.jagareforbundet.se\/motala\/wp-json\/wp\/v2\/comments?post=1327"}],"version-history":[{"count":0,"href":"https:\/\/krets.jagareforbundet.se\/motala\/wp-json\/wp\/v2\/pages\/1327\/revisions"}],"up":[{"embeddable":true,"href":"https:\/\/krets.jagareforbundet.se\/motala\/wp-json\/wp\/v2\/pages\/310"}],"wp:featuredmedia":[{"embeddable":true,"href":"https:\/\/krets.jagareforbundet.se\/motala\/wp-json\/wp\/v2\/media\/1319"}],"wp:attachment":[{"href":"https:\/\/krets.jagareforbundet.se\/motala\/wp-json\/wp\/v2\/media?parent=1327"}],"curies":[{"name":"wp","href":"https:\/\/api.w.org\/{rel}","templated":true}]}}