{"id":152,"date":"2013-08-22T19:41:18","date_gmt":"2013-08-22T17:41:18","guid":{"rendered":"https:\/\/krets.jagareforbundet.se\/motala\/?page_id=152"},"modified":"2022-08-02T10:08:28","modified_gmt":"2022-08-02T08:08:28","slug":"bidrag-2013","status":"publish","type":"page","link":"https:\/\/krets.jagareforbundet.se\/motala\/ravjakten\/bidrag-2013\/","title":{"rendered":"Bidrag 2013"},"content":{"rendered":"<p>F\u00f6ljande bidrag\u00a0inkom i 2013 \u00e5rs t\u00e4vling:<\/p>\n<table border=\"1\" cellspacing=\"0\" cellpadding=\"0\">\n<tbody>\n<tr>\n<td valign=\"top\" width=\"55\"><span style=\"font-size: medium\"><span style=\"font-family: Times New Roman\">Bidrag<\/span><\/span><\/td>\n<td valign=\"top\" width=\"338\"><span style=\"font-size: medium\"><span style=\"font-family: Times New Roman\">Namn<\/span><\/span><\/td>\n<td valign=\"top\" width=\"197\"><span style=\"font-size: medium\"><span style=\"font-family: Times New Roman\">Datum<\/span><\/span><\/td>\n<\/tr>\n<tr>\n<td valign=\"top\" width=\"55\"><span style=\"font-family: Times New Roman;font-size: medium\">\u00a01<\/span><\/td>\n<td valign=\"top\" width=\"338\"><span style=\"font-family: Times New Roman;font-size: medium\">\u00a0Albin Turi<\/span><\/td>\n<td valign=\"top\" width=\"197\"><span style=\"font-family: Times New Roman;font-size: medium\">\u00a02013-08-01<\/span><\/td>\n<\/tr>\n<tr>\n<td valign=\"top\" width=\"55\"><span style=\"font-family: Times New Roman;font-size: medium\">\u00a02<\/span><\/td>\n<td valign=\"top\" width=\"338\"><span style=\"font-family: Times New Roman;font-size: medium\">\u00a0Albin Turi<\/span><\/td>\n<td valign=\"top\" width=\"197\"><span style=\"font-family: Times New Roman;font-size: medium\">\u00a02013-08-03<\/span><\/td>\n<\/tr>\n<tr>\n<td valign=\"top\" width=\"55\"><span style=\"font-family: Times New Roman;font-size: medium\">\u00a03<\/span><\/td>\n<td valign=\"top\" width=\"338\"><span style=\"font-family: Times New Roman;font-size: medium\">\u00a0Magnus Odin<\/span><\/td>\n<td valign=\"top\" width=\"197\"><span style=\"font-family: Times New Roman;font-size: medium\">\u00a02013-08-13<\/span><\/td>\n<\/tr>\n<tr>\n<td valign=\"top\" width=\"55\"><span style=\"font-family: Times New Roman;font-size: medium\">\u00a04<\/span><\/td>\n<td valign=\"top\" width=\"338\"><span style=\"font-family: Times New Roman;font-size: medium\">\u00a0Simon Pettersson<\/span><\/td>\n<td valign=\"top\" width=\"197\"><span style=\"font-family: Times New Roman;font-size: medium\">\u00a02013-08-01<\/span><\/td>\n<\/tr>\n<tr>\n<td valign=\"top\" width=\"55\"><span style=\"font-family: Times New Roman;font-size: medium\">\u00a05<\/span><\/td>\n<td valign=\"top\" width=\"338\"><span style=\"font-family: Times New Roman;font-size: medium\">\u00a0Simon Pettersson<\/span><\/td>\n<td valign=\"top\" width=\"197\"><span style=\"font-family: Times New Roman;font-size: medium\">\u00a02013-08-06<\/span><\/td>\n<\/tr>\n<tr>\n<td valign=\"top\" width=\"55\"><span style=\"font-family: Times New Roman;font-size: medium\">\u00a06<\/span><\/td>\n<td valign=\"top\" width=\"338\"><span style=\"font-family: Times New Roman;font-size: medium\">\u00a0Magnus Pettersson<\/span><\/td>\n<td valign=\"top\" width=\"197\"><span style=\"font-family: Times New Roman;font-size: medium\">\u00a02013-08-27<\/span><\/td>\n<\/tr>\n<tr>\n<td valign=\"top\" width=\"55\"><span style=\"font-family: Times New Roman;font-size: medium\">\u00a0<\/span><\/td>\n<td valign=\"top\" width=\"338\"><span style=\"font-family: Times New Roman;font-size: medium\">\u00a0<\/span><\/td>\n<td valign=\"top\" width=\"197\"><span style=\"font-family: Times New Roman;font-size: medium\">\u00a0<\/span><\/td>\n<\/tr>\n<tr>\n<td valign=\"top\" width=\"55\"><span style=\"font-family: Times New Roman;font-size: medium\">\u00a0<\/span><\/td>\n<td valign=\"top\" width=\"338\"><span style=\"font-family: Times New Roman;font-size: medium\">\u00a0<\/span><\/td>\n<td valign=\"top\" width=\"197\"><span style=\"font-family: Times New Roman;font-size: medium\">\u00a0<\/span><\/td>\n<\/tr>\n<\/tbody>\n<\/table>\n<p>Bilder p\u00e5 r\u00e4varna finns <a title=\"R\u00e4vbilder 2013\" href=\"https:\/\/krets.jagareforbundet.se\/motala\/ravtavling-2013\/tavlingsbidrag-2013\/ravbilder-2013\/\">h\u00e4r.<\/a><\/p>\n<h2>Vinnare 2013: Albin Turi och Simon Pettersson (2 r\u00e4var var)<\/h2>\n<h2>Lottad vinnare: Simon Pettersson<\/h2>\n<p>===========================================<\/p>\n","protected":false},"excerpt":{"rendered":"<p>F\u00f6ljande bidrag\u00a0inkom i 2013 \u00e5rs t\u00e4vling: Bidrag Namn Datum \u00a01 \u00a0Albin Turi \u00a02013-08-01 \u00a02 \u00a0Albin Turi \u00a02013-08-03 \u00a03 \u00a0Magnus Odin \u00a02013-08-13 \u00a04 \u00a0Simon Pettersson \u00a02013-08-01 \u00a05 \u00a0Simon Pettersson \u00a02013-08-06 \u00a06 \u00a0Magnus Pettersson \u00a02013-08-27 \u00a0 \u00a0 \u00a0 \u00a0 \u00a0 \u00a0 Bilder p\u00e5 r\u00e4varna finns h\u00e4r. Vinnare 2013: Albin Turi och Simon Pettersson (2 r\u00e4var var) Lottad [&hellip;]<\/p>\n","protected":false},"author":109,"featured_media":0,"parent":133,"menu_order":41,"comment_status":"closed","ping_status":"closed","template":"","meta":{"footnotes":""},"class_list":["post-152","page","type-page","status-publish","hentry"],"_links":{"self":[{"href":"https:\/\/krets.jagareforbundet.se\/motala\/wp-json\/wp\/v2\/pages\/152","targetHints":{"allow":["GET"]}}],"collection":[{"href":"https:\/\/krets.jagareforbundet.se\/motala\/wp-json\/wp\/v2\/pages"}],"about":[{"href":"https:\/\/krets.jagareforbundet.se\/motala\/wp-json\/wp\/v2\/types\/page"}],"author":[{"embeddable":true,"href":"https:\/\/krets.jagareforbundet.se\/motala\/wp-json\/wp\/v2\/users\/109"}],"replies":[{"embeddable":true,"href":"https:\/\/krets.jagareforbundet.se\/motala\/wp-json\/wp\/v2\/comments?post=152"}],"version-history":[{"count":1,"href":"https:\/\/krets.jagareforbundet.se\/motala\/wp-json\/wp\/v2\/pages\/152\/revisions"}],"predecessor-version":[{"id":1830,"href":"https:\/\/krets.jagareforbundet.se\/motala\/wp-json\/wp\/v2\/pages\/152\/revisions\/1830"}],"up":[{"embeddable":true,"href":"https:\/\/krets.jagareforbundet.se\/motala\/wp-json\/wp\/v2\/pages\/133"}],"wp:attachment":[{"href":"https:\/\/krets.jagareforbundet.se\/motala\/wp-json\/wp\/v2\/media?parent=152"}],"curies":[{"name":"wp","href":"https:\/\/api.w.org\/{rel}","templated":true}]}}