{"id":1809,"date":"2022-05-25T16:55:40","date_gmt":"2022-05-25T14:55:40","guid":{"rendered":"https:\/\/krets.jagareforbundet.se\/motala\/?page_id=1809"},"modified":"2022-05-25T17:14:20","modified_gmt":"2022-05-25T15:14:20","slug":"km-i-eftersok-2022","status":"publish","type":"page","link":"https:\/\/krets.jagareforbundet.se\/motala\/hundar\/km-i-eftersok-2022\/","title":{"rendered":"KM i Efters\u00f6k 2022"},"content":{"rendered":"<p>S\u00f6ndagen den 22\/5 h\u00f6lls 2022 \u00e5rs Kretsm\u00e4sterskap i Efters\u00f6k p\u00e5 Bona Jaktlags marker norr om Motala. Efter en delvis regnig och mulen l\u00f6rdag bj\u00f6ds vi p\u00e5 ett stabilt och soligt v\u00e4der under s\u00f6ndagen. Totalt 4 hundar kom till start.<\/p>\n<p>\u00c5rets kretsm\u00e4sterskapet i efters\u00f6k bestod av 3 st moment.<\/p>\n<ol>\n<li>Sp\u00e5rning; ett 500-800 m l\u00e5ngt sp\u00e5r med tv\u00e5 st s\u00e5rlegor (10 p vardera) och avslutande kl\u00f6v (10 p). Dessutom bed\u00f6ms \u00e4ven sp\u00e5rnoggrannheten i hundens arbete (10 p)<\/li>\n<li>Skottplatsunders\u00f6kning;\u00a0 4 st skottplatser (5 p vardera)<\/li>\n<li>Teorifr\u00e5gor; 10 st (1 p vardera)<\/li>\n<\/ol>\n<p>Totalt gjorde det maximalsumman 70 p. Efter ett ovanligt j\u00e4mnt m\u00e4sterskap visade \u00e5terigen (f\u00f6r 4:e g\u00e5ngen!) Tomas Strandhag med Tyskterriern Ester upp ett fint sp\u00e5rarbete som r\u00e4ckte hela v\u00e4gen till seger med 67 p. Tv\u00e5a blev Bertil Pantzar med Buster p\u00e5 58 p, och trea Anders Berglund med Selma p\u00e5 56 p.<\/p>\n<p>Stort TACK till Bona jaktlag f\u00f6r uppl\u00e5tande av jaktmark! Tack ocks\u00e5 till funktion\u00e4rerna f\u00f6r fint arbete!<\/p>\n<p>Nedan n\u00e5gra bilder fr\u00e5n dagen.<\/p>\n\n\t\t<style type=\"text\/css\">\n\t\t\t#gallery-1 {\n\t\t\t\tmargin: auto;\n\t\t\t}\n\t\t\t#gallery-1 .gallery-item {\n\t\t\t\tfloat: left;\n\t\t\t\tmargin-top: 10px;\n\t\t\t\ttext-align: center;\n\t\t\t\twidth: 50%;\n\t\t\t}\n\t\t\t#gallery-1 img {\n\t\t\t\tborder: 2px solid #cfcfcf;\n\t\t\t}\n\t\t\t#gallery-1 .gallery-caption {\n\t\t\t\tmargin-left: 0;\n\t\t\t}\n\t\t\t\/* see gallery_shortcode() in wp-includes\/media.php *\/\n\t\t<\/style>\n\t\t<div id='gallery-1' class='gallery galleryid-1809 gallery-columns-2 gallery-size-large'><dl class='gallery-item'>\n\t\t\t<dt class='gallery-icon landscape'>\n\t\t\t\t<a href='https:\/\/krets.jagareforbundet.se\/motala\/eftersok_2022_1\/'><img loading=\"lazy\" decoding=\"async\" width=\"1024\" height=\"768\" src=\"https:\/\/krets.jagareforbundet.se\/motala\/files\/2022\/05\/Eftersok_2022_1-1024x768.jpg\" class=\"attachment-large size-large\" alt=\"\" srcset=\"https:\/\/krets.jagareforbundet.se\/motala\/files\/2022\/05\/Eftersok_2022_1-1024x768.jpg 1024w, https:\/\/krets.jagareforbundet.se\/motala\/files\/2022\/05\/Eftersok_2022_1-300x225.jpg 300w, https:\/\/krets.jagareforbundet.se\/motala\/files\/2022\/05\/Eftersok_2022_1-768x576.jpg 768w, https:\/\/krets.jagareforbundet.se\/motala\/files\/2022\/05\/Eftersok_2022_1-1536x1152.jpg 1536w, https:\/\/krets.jagareforbundet.se\/motala\/files\/2022\/05\/Eftersok_2022_1-2048x1536.jpg 2048w\" sizes=\"auto, (max-width: 1024px) 100vw, 1024px\" \/><\/a>\n\t\t\t<\/dt><\/dl><dl class='gallery-item'>\n\t\t\t<dt class='gallery-icon landscape'>\n\t\t\t\t<a href='https:\/\/krets.jagareforbundet.se\/motala\/eftersok_2022_2\/'><img loading=\"lazy\" decoding=\"async\" width=\"1024\" height=\"768\" src=\"https:\/\/krets.jagareforbundet.se\/motala\/files\/2022\/05\/Eftersok_2022_2-1024x768.jpg\" class=\"attachment-large size-large\" alt=\"\" srcset=\"https:\/\/krets.jagareforbundet.se\/motala\/files\/2022\/05\/Eftersok_2022_2-1024x768.jpg 1024w, https:\/\/krets.jagareforbundet.se\/motala\/files\/2022\/05\/Eftersok_2022_2-300x225.jpg 300w, https:\/\/krets.jagareforbundet.se\/motala\/files\/2022\/05\/Eftersok_2022_2-768x576.jpg 768w, https:\/\/krets.jagareforbundet.se\/motala\/files\/2022\/05\/Eftersok_2022_2-1536x1152.jpg 1536w, https:\/\/krets.jagareforbundet.se\/motala\/files\/2022\/05\/Eftersok_2022_2-2048x1536.jpg 2048w\" sizes=\"auto, (max-width: 1024px) 100vw, 1024px\" \/><\/a>\n\t\t\t<\/dt><\/dl><br style=\"clear: both\" \/><dl class='gallery-item'>\n\t\t\t<dt class='gallery-icon portrait'>\n\t\t\t\t<a href='https:\/\/krets.jagareforbundet.se\/motala\/eftersok_2022_4\/'><img loading=\"lazy\" decoding=\"async\" width=\"768\" height=\"1024\" src=\"https:\/\/krets.jagareforbundet.se\/motala\/files\/2022\/05\/Eftersok_2022_4-768x1024.jpg\" class=\"attachment-large size-large\" alt=\"\" srcset=\"https:\/\/krets.jagareforbundet.se\/motala\/files\/2022\/05\/Eftersok_2022_4-768x1024.jpg 768w, https:\/\/krets.jagareforbundet.se\/motala\/files\/2022\/05\/Eftersok_2022_4-225x300.jpg 225w, https:\/\/krets.jagareforbundet.se\/motala\/files\/2022\/05\/Eftersok_2022_4-1152x1536.jpg 1152w, https:\/\/krets.jagareforbundet.se\/motala\/files\/2022\/05\/Eftersok_2022_4-1536x2048.jpg 1536w, https:\/\/krets.jagareforbundet.se\/motala\/files\/2022\/05\/Eftersok_2022_4-scaled.jpg 1920w\" sizes=\"auto, (max-width: 768px) 100vw, 768px\" \/><\/a>\n\t\t\t<\/dt><\/dl><dl class='gallery-item'>\n\t\t\t<dt class='gallery-icon portrait'>\n\t\t\t\t<a href='https:\/\/krets.jagareforbundet.se\/motala\/eftersok_2022_5\/'><img loading=\"lazy\" decoding=\"async\" width=\"768\" height=\"1024\" src=\"https:\/\/krets.jagareforbundet.se\/motala\/files\/2022\/05\/Eftersok_2022_5-768x1024.jpg\" class=\"attachment-large size-large\" alt=\"\" srcset=\"https:\/\/krets.jagareforbundet.se\/motala\/files\/2022\/05\/Eftersok_2022_5-768x1024.jpg 768w, https:\/\/krets.jagareforbundet.se\/motala\/files\/2022\/05\/Eftersok_2022_5-225x300.jpg 225w, https:\/\/krets.jagareforbundet.se\/motala\/files\/2022\/05\/Eftersok_2022_5-1152x1536.jpg 1152w, https:\/\/krets.jagareforbundet.se\/motala\/files\/2022\/05\/Eftersok_2022_5-1536x2048.jpg 1536w, https:\/\/krets.jagareforbundet.se\/motala\/files\/2022\/05\/Eftersok_2022_5-scaled.jpg 1920w\" sizes=\"auto, (max-width: 768px) 100vw, 768px\" \/><\/a>\n\t\t\t<\/dt><\/dl><br style=\"clear: both\" \/><dl class='gallery-item'>\n\t\t\t<dt class='gallery-icon landscape'>\n\t\t\t\t<a href='https:\/\/krets.jagareforbundet.se\/motala\/eftersok_2022_6\/'><img loading=\"lazy\" decoding=\"async\" width=\"1024\" height=\"768\" src=\"https:\/\/krets.jagareforbundet.se\/motala\/files\/2022\/05\/Eftersok_2022_6-1024x768.jpg\" class=\"attachment-large size-large\" alt=\"\" srcset=\"https:\/\/krets.jagareforbundet.se\/motala\/files\/2022\/05\/Eftersok_2022_6-1024x768.jpg 1024w, https:\/\/krets.jagareforbundet.se\/motala\/files\/2022\/05\/Eftersok_2022_6-300x225.jpg 300w, https:\/\/krets.jagareforbundet.se\/motala\/files\/2022\/05\/Eftersok_2022_6-768x576.jpg 768w, https:\/\/krets.jagareforbundet.se\/motala\/files\/2022\/05\/Eftersok_2022_6-1536x1152.jpg 1536w, https:\/\/krets.jagareforbundet.se\/motala\/files\/2022\/05\/Eftersok_2022_6-2048x1536.jpg 2048w\" sizes=\"auto, (max-width: 1024px) 100vw, 1024px\" \/><\/a>\n\t\t\t<\/dt><\/dl><dl class='gallery-item'>\n\t\t\t<dt class='gallery-icon landscape'>\n\t\t\t\t<a href='https:\/\/krets.jagareforbundet.se\/motala\/eftersok_2022_8\/'><img loading=\"lazy\" decoding=\"async\" width=\"1024\" height=\"768\" src=\"https:\/\/krets.jagareforbundet.se\/motala\/files\/2022\/05\/Eftersok_2022_8-1024x768.jpg\" class=\"attachment-large size-large\" alt=\"\" srcset=\"https:\/\/krets.jagareforbundet.se\/motala\/files\/2022\/05\/Eftersok_2022_8-1024x768.jpg 1024w, https:\/\/krets.jagareforbundet.se\/motala\/files\/2022\/05\/Eftersok_2022_8-300x225.jpg 300w, https:\/\/krets.jagareforbundet.se\/motala\/files\/2022\/05\/Eftersok_2022_8-768x576.jpg 768w, https:\/\/krets.jagareforbundet.se\/motala\/files\/2022\/05\/Eftersok_2022_8-1536x1152.jpg 1536w, https:\/\/krets.jagareforbundet.se\/motala\/files\/2022\/05\/Eftersok_2022_8-2048x1536.jpg 2048w\" sizes=\"auto, (max-width: 1024px) 100vw, 1024px\" \/><\/a>\n\t\t\t<\/dt><\/dl><br style=\"clear: both\" \/><dl class='gallery-item'>\n\t\t\t<dt class='gallery-icon landscape'>\n\t\t\t\t<a href='https:\/\/krets.jagareforbundet.se\/motala\/eftersok_2022_9\/'><img loading=\"lazy\" decoding=\"async\" width=\"1024\" height=\"768\" src=\"https:\/\/krets.jagareforbundet.se\/motala\/files\/2022\/05\/Eftersok_2022_9-1024x768.jpg\" class=\"attachment-large size-large\" alt=\"\" srcset=\"https:\/\/krets.jagareforbundet.se\/motala\/files\/2022\/05\/Eftersok_2022_9-1024x768.jpg 1024w, https:\/\/krets.jagareforbundet.se\/motala\/files\/2022\/05\/Eftersok_2022_9-300x225.jpg 300w, https:\/\/krets.jagareforbundet.se\/motala\/files\/2022\/05\/Eftersok_2022_9-768x576.jpg 768w, https:\/\/krets.jagareforbundet.se\/motala\/files\/2022\/05\/Eftersok_2022_9-1536x1152.jpg 1536w, https:\/\/krets.jagareforbundet.se\/motala\/files\/2022\/05\/Eftersok_2022_9-2048x1536.jpg 2048w\" sizes=\"auto, (max-width: 1024px) 100vw, 1024px\" \/><\/a>\n\t\t\t<\/dt><\/dl><dl class='gallery-item'>\n\t\t\t<dt class='gallery-icon landscape'>\n\t\t\t\t<a href='https:\/\/krets.jagareforbundet.se\/motala\/eftersok_2022_10\/'><img loading=\"lazy\" decoding=\"async\" width=\"1024\" height=\"768\" src=\"https:\/\/krets.jagareforbundet.se\/motala\/files\/2022\/05\/Eftersok_2022_10-1024x768.jpg\" class=\"attachment-large size-large\" alt=\"\" srcset=\"https:\/\/krets.jagareforbundet.se\/motala\/files\/2022\/05\/Eftersok_2022_10-1024x768.jpg 1024w, https:\/\/krets.jagareforbundet.se\/motala\/files\/2022\/05\/Eftersok_2022_10-300x225.jpg 300w, https:\/\/krets.jagareforbundet.se\/motala\/files\/2022\/05\/Eftersok_2022_10-768x576.jpg 768w, https:\/\/krets.jagareforbundet.se\/motala\/files\/2022\/05\/Eftersok_2022_10-1536x1152.jpg 1536w, https:\/\/krets.jagareforbundet.se\/motala\/files\/2022\/05\/Eftersok_2022_10-2048x1536.jpg 2048w\" sizes=\"auto, (max-width: 1024px) 100vw, 1024px\" \/><\/a>\n\t\t\t<\/dt><\/dl><br style=\"clear: both\" \/><dl class='gallery-item'>\n\t\t\t<dt class='gallery-icon portrait'>\n\t\t\t\t<a href='https:\/\/krets.jagareforbundet.se\/motala\/eftersok_2022_7\/'><img loading=\"lazy\" decoding=\"async\" width=\"768\" height=\"1024\" src=\"https:\/\/krets.jagareforbundet.se\/motala\/files\/2022\/05\/Eftersok_2022_7-768x1024.jpg\" class=\"attachment-large size-large\" alt=\"\" srcset=\"https:\/\/krets.jagareforbundet.se\/motala\/files\/2022\/05\/Eftersok_2022_7-768x1024.jpg 768w, https:\/\/krets.jagareforbundet.se\/motala\/files\/2022\/05\/Eftersok_2022_7-225x300.jpg 225w, https:\/\/krets.jagareforbundet.se\/motala\/files\/2022\/05\/Eftersok_2022_7-1152x1536.jpg 1152w, https:\/\/krets.jagareforbundet.se\/motala\/files\/2022\/05\/Eftersok_2022_7-1536x2048.jpg 1536w, https:\/\/krets.jagareforbundet.se\/motala\/files\/2022\/05\/Eftersok_2022_7-scaled.jpg 1920w\" sizes=\"auto, (max-width: 768px) 100vw, 768px\" \/><\/a>\n\t\t\t<\/dt><\/dl><dl class='gallery-item'>\n\t\t\t<dt class='gallery-icon portrait'>\n\t\t\t\t<a href='https:\/\/krets.jagareforbundet.se\/motala\/eftersok_2022_12\/'><img loading=\"lazy\" decoding=\"async\" width=\"768\" height=\"1024\" src=\"https:\/\/krets.jagareforbundet.se\/motala\/files\/2022\/05\/Eftersok_2022_12-768x1024.jpg\" class=\"attachment-large size-large\" alt=\"\" srcset=\"https:\/\/krets.jagareforbundet.se\/motala\/files\/2022\/05\/Eftersok_2022_12-768x1024.jpg 768w, https:\/\/krets.jagareforbundet.se\/motala\/files\/2022\/05\/Eftersok_2022_12-225x300.jpg 225w, https:\/\/krets.jagareforbundet.se\/motala\/files\/2022\/05\/Eftersok_2022_12-1152x1536.jpg 1152w, https:\/\/krets.jagareforbundet.se\/motala\/files\/2022\/05\/Eftersok_2022_12-1536x2048.jpg 1536w, https:\/\/krets.jagareforbundet.se\/motala\/files\/2022\/05\/Eftersok_2022_12-scaled.jpg 1920w\" sizes=\"auto, (max-width: 768px) 100vw, 768px\" \/><\/a>\n\t\t\t<\/dt><\/dl><br style=\"clear: both\" \/>\n\t\t<\/div>\n\n","protected":false},"excerpt":{"rendered":"<p>S\u00f6ndagen den 22\/5 h\u00f6lls 2022 \u00e5rs Kretsm\u00e4sterskap i Efters\u00f6k p\u00e5 Bona Jaktlags marker norr om Motala. Efter en delvis regnig och mulen l\u00f6rdag bj\u00f6ds vi p\u00e5 ett stabilt och soligt v\u00e4der under s\u00f6ndagen. Totalt 4 hundar kom till start. \u00c5rets kretsm\u00e4sterskapet i efters\u00f6k bestod av 3 st moment. Sp\u00e5rning; ett 500-800 m l\u00e5ngt sp\u00e5r med [&hellip;]<\/p>\n","protected":false},"author":109,"featured_media":1807,"parent":355,"menu_order":52,"comment_status":"closed","ping_status":"closed","template":"","meta":{"footnotes":""},"class_list":["post-1809","page","type-page","status-publish","has-post-thumbnail","hentry"],"_links":{"self":[{"href":"https:\/\/krets.jagareforbundet.se\/motala\/wp-json\/wp\/v2\/pages\/1809","targetHints":{"allow":["GET"]}}],"collection":[{"href":"https:\/\/krets.jagareforbundet.se\/motala\/wp-json\/wp\/v2\/pages"}],"about":[{"href":"https:\/\/krets.jagareforbundet.se\/motala\/wp-json\/wp\/v2\/types\/page"}],"author":[{"embeddable":true,"href":"https:\/\/krets.jagareforbundet.se\/motala\/wp-json\/wp\/v2\/users\/109"}],"replies":[{"embeddable":true,"href":"https:\/\/krets.jagareforbundet.se\/motala\/wp-json\/wp\/v2\/comments?post=1809"}],"version-history":[{"count":3,"href":"https:\/\/krets.jagareforbundet.se\/motala\/wp-json\/wp\/v2\/pages\/1809\/revisions"}],"predecessor-version":[{"id":1815,"href":"https:\/\/krets.jagareforbundet.se\/motala\/wp-json\/wp\/v2\/pages\/1809\/revisions\/1815"}],"up":[{"embeddable":true,"href":"https:\/\/krets.jagareforbundet.se\/motala\/wp-json\/wp\/v2\/pages\/355"}],"wp:featuredmedia":[{"embeddable":true,"href":"https:\/\/krets.jagareforbundet.se\/motala\/wp-json\/wp\/v2\/media\/1807"}],"wp:attachment":[{"href":"https:\/\/krets.jagareforbundet.se\/motala\/wp-json\/wp\/v2\/media?parent=1809"}],"curies":[{"name":"wp","href":"https:\/\/api.w.org\/{rel}","templated":true}]}}